-- Table structure for table `wp_check_email_spam_analyzer`
--

 SET character_set_client = utf8mb4 ;
CREATE TABLE `wp_check_email_spam_analyzer` (
  `id` int(10) unsigned NOT NULL AUTO_INCREMENT,
  `html_content` longtext COLLATE utf8mb4_unicode_520_ci,
  `spam_assassin` longtext COLLATE utf8mb4_unicode_520_ci,
  `authenticated` longtext COLLATE utf8mb4_unicode_520_ci,
  `block_listed` text COLLATE utf8mb4_unicode_520_ci,
  `broken_links` text COLLATE utf8mb4_unicode_520_ci,
  `final_score` text COLLATE utf8mb4_unicode_520_ci,
  `test_date` timestamp NOT NULL DEFAULT CURRENT_TIMESTAMP,
  `created_at` timestamp NOT NULL DEFAULT CURRENT_TIMESTAMP,
  PRIMARY KEY (`id`)
) ENGINE=InnoDB DEFAULT CHARSET=utf8mb4 COLLATE=utf8mb4_unicode_520_ci;

--
-- Dumping data for table `wp_check_email_spam_analyzer`
--


--
-- Table structure for table `wp_commentmeta`
--

 SET character_set_client = utf8mb4 ;
CREATE TABLE `wp_commentmeta` (
  `meta_id` bigint(20) unsigned NOT NULL AUTO_INCREMENT,
  `comment_id` bigint(20) unsigned NOT NULL DEFAULT '0',
  `meta_key` varchar(255) COLLATE utf8mb4_unicode_520_ci DEFAULT NULL,
  `meta_value` longtext COLLATE utf8mb4_unicode_520_ci,
  PRIMARY KEY (`meta_id`),
  KEY `comment_id` (`comment_id`),
  KEY `meta_key` (`meta_key`(191))
) ENGINE=InnoDB DEFAULT CHARSET=utf8mb4 COLLATE=utf8mb4_unicode_520_ci;

--
-- Dumping data for table `wp_commentmeta`
--


--
-- Table structure for table `wp_comments`
--

 SET character_set_client = utf8mb4 ;
CREATE TABLE `wp_comments` (
  `comment_ID` bigint(20) unsigned NOT NULL AUTO_INCREMENT,
  `comment_post_ID` bigint(20) unsigned NOT NULL DEFAULT '0',
  `comment_author` tinytext COLLATE utf8mb4_unicode_520_ci NOT NULL,
  `comment_author_email` varchar(100) COLLATE utf8mb4_unicode_520_ci NOT NULL DEFAULT '',
  `comment_author_url` varchar(200) COLLATE utf8mb4_unicode_520_ci NOT NULL DEFAULT '',
  `comment_author_IP` varchar(100) COLLATE utf8mb4_unicode_520_ci NOT NULL DEFAULT '',
  `comment_date` datetime NOT NULL DEFAULT '0000-00-00 00:00:00',
  `comment_date_gmt` datetime NOT NULL DEFAULT '0000-00-00 00:00:00',
  `comment_content` text COLLATE utf8mb4_unicode_520_ci NOT NULL,
  `comment_karma` int(11) NOT NULL DEFAULT '0',
  `comment_approved` varchar(20) COLLATE utf8mb4_unicode_520_ci NOT NULL DEFAULT '1',
  `comment_agent` varchar(255) COLLATE utf8mb4_unicode_520_ci NOT NULL DEFAULT '',
  `comment_type` varchar(20) COLLATE utf8mb4_unicode_520_ci NOT NULL DEFAULT 'comment',
  `comment_parent` bigint(20) unsigned NOT NULL DEFAULT '0',
  `user_id` bigint(20) unsigned NOT NULL DEFAULT '0',
  PRIMARY KEY (`comment_ID`),
  KEY `comment_post_ID` (`comment_post_ID`),
  KEY `comment_approved_date_gmt` (`comment_approved`,`comment_date_gmt`),
  KEY `comment_date_gmt` (`comment_date_gmt`),
  KEY `comment_parent` (`comment_parent`),
  KEY `comment_author_email` (`comment_author_email`(10))
) ENGINE=InnoDB AUTO_INCREMENT=2 DEFAULT CHARSET=utf8mb4 COLLATE=utf8mb4_unicode_520_ci;

--
-- Dumping data for table `wp_comments`
--

INSERT INTO `wp_comments` VALUES (1,1,'A WordPress Commenter','wapuu@wordpress.example','https://wordpress.org/','','2024-06-12 11:46:10','2024-06-12 11:46:10','Hi, this is a comment.\nTo get started with moderating, editing, and deleting comments, please visit the Comments screen in the dashboard.\nCommenter avatars come from <a href=\"https://en.gravatar.com/\">Gravatar</a>.',0,'1','','comment',0,0);

--
-- Table structure for table `wp_e_events`
--

 SET character_set_client = utf8mb4 ;
CREATE TABLE `wp_e_events` (
  `id` bigint(20) unsigned NOT NULL AUTO_INCREMENT,
  `event_data` text COLLATE utf8mb4_unicode_520_ci,
  `created_at` datetime NOT NULL,
  PRIMARY KEY (`id`),
  KEY `created_at_index` (`created_at`)
) ENGINE=InnoDB AUTO_INCREMENT=9 DEFAULT CHARSET=utf8mb4 COLLATE=utf8mb4_unicode_520_ci;

--
-- Dumping data for table `wp_e_events`
--

INSERT INTO `wp_e_events` VALUES (1,'{\"event\":\"modal load\",\"version\":\"\",\"details\":\"{\\\"placement\\\":\\\"Onboarding wizard\\\",\\\"step\\\":\\\"account\\\",\\\"user_state\\\":\\\"anon\\\"}\",\"ts\":\"2025-05-27T15:37:59.403-06:30\"}','2025-05-27 15:37:59');
INSERT INTO `wp_e_events` VALUES (2,'{\"event\":\"skip\",\"version\":\"\",\"details\":\"{\\\"placement\\\":\\\"Onboarding wizard\\\",\\\"step\\\":\\\"account\\\"}\",\"ts\":\"2025-05-27T15:38:03.658-06:30\"}','2025-05-27 15:38:04');
INSERT INTO `wp_e_events` VALUES (3,'{\"event\":\"modal load\",\"version\":\"\",\"details\":\"{\\\"placement\\\":\\\"Onboarding wizard\\\",\\\"step\\\":\\\"hello\\\",\\\"user_state\\\":\\\"anon\\\"}\",\"ts\":\"2025-05-27T15:38:03.676-06:30\"}','2025-05-27 15:38:04');
INSERT INTO `wp_e_events` VALUES (4,'{\"event\":\"skip\",\"version\":\"\",\"details\":\"{\\\"placement\\\":\\\"Onboarding wizard\\\",\\\"step\\\":\\\"hello\\\"}\",\"ts\":\"2025-05-27T15:38:04.900-06:30\"}','2025-05-27 15:38:05');
INSERT INTO `wp_e_events` VALUES (5,'{\"event\":\"modal load\",\"version\":\"\",\"details\":\"{\\\"placement\\\":\\\"Onboarding wizard\\\",\\\"step\\\":\\\"chooseFeatures\\\",\\\"user_state\\\":\\\"anon\\\"}\",\"ts\":\"2025-05-27T15:38:04.915-06:30\"}','2025-05-27 15:38:05');
INSERT INTO `wp_e_events` VALUES (6,'{\"event\":\"skip\",\"version\":\"\",\"details\":\"{\\\"placement\\\":\\\"Onboarding wizard\\\",\\\"step\\\":\\\"chooseFeatures\\\"}\",\"ts\":\"2025-05-27T15:38:06.529-06:30\"}','2025-05-27 15:38:07');
INSERT INTO `wp_e_events` VALUES (7,'{\"event\":\"modal load\",\"version\":\"\",\"details\":\"{\\\"placement\\\":\\\"Onboarding wizard\\\",\\\"step\\\":\\\"goodToGo\\\",\\\"user_state\\\":\\\"anon\\\"}\",\"ts\":\"2025-05-27T15:38:06.548-06:30\"}','2025-05-27 15:38:07');
INSERT INTO `wp_e_events` VALUES (8,'{\"event\":\"skip\",\"version\":\"\",\"details\":\"{\\\"placement\\\":\\\"Onboarding wizard\\\",\\\"step\\\":\\\"goodToGo\\\"}\",\"ts\":\"2025-05-27T15:38:07.643-06:30\"}','2025-05-27 15:38:08');

--
-- Table structure for table `wp_e_notes`
--

 SET character_set_client = utf8mb4 ;
CREATE TABLE `wp_e_notes` (
  `id` bigint(20) unsigned NOT NULL AUTO_INCREMENT,
  `route_url` text COLLATE utf8mb4_unicode_520_ci COMMENT 'Clean url where the note was created.',
  `route_title` varchar(255) COLLATE utf8mb4_unicode_520_ci DEFAULT NULL,
  `route_post_id` bigint(20) unsigned DEFAULT NULL COMMENT 'The post id of the route that the note was created on.',
  `post_id` bigint(20) unsigned DEFAULT NULL,
  `element_id` varchar(60) COLLATE utf8mb4_unicode_520_ci DEFAULT NULL COMMENT 'The Elementor element ID the note is attached to.',
  `parent_id` bigint(20) unsigned NOT NULL DEFAULT '0',
  `author_id` bigint(20) unsigned DEFAULT NULL,
  `author_display_name` varchar(250) COLLATE utf8mb4_unicode_520_ci DEFAULT NULL COMMENT 'Save the author name when the author was deleted.',
  `status` varchar(20) COLLATE utf8mb4_unicode_520_ci NOT NULL DEFAULT 'publish',
  `position` text COLLATE utf8mb4_unicode_520_ci COMMENT 'A JSON string that represents the position of the note inside the element in percentages. e.g. {x:10, y:15}',
  `content` longtext COLLATE utf8mb4_unicode_520_ci,
  `is_resolved` tinyint(1) NOT NULL DEFAULT '0',
  `is_public` tinyint(1) NOT NULL DEFAULT '1',
  `last_activity_at` datetime DEFAULT NULL,
  `created_at` datetime NOT NULL,
  `updated_at` datetime NOT NULL,
  PRIMARY KEY (`id`),
  KEY `route_url_index` (`route_url`(191)),
  KEY `post_id_index` (`post_id`),
  KEY `element_id_index` (`element_id`),
  KEY `parent_id_index` (`parent_id`),
  KEY `author_id_index` (`author_id`),
  KEY `status_index` (`status`),
  KEY `is_resolved_index` (`is_resolved`),
  KEY `is_public_index` (`is_public`),
  KEY `created_at_index` (`created_at`),
  KEY `updated_at_index` (`updated_at`),
  KEY `last_activity_at_index` (`last_activity_at`)
) ENGINE=InnoDB DEFAULT CHARSET=utf8mb4 COLLATE=utf8mb4_unicode_520_ci;

--
-- Dumping data for table `wp_e_notes`
--


--
-- Table structure for table `wp_e_notes_users_relations`
--

 SET character_set_client = utf8mb4 ;
CREATE TABLE `wp_e_notes_users_relations` (
  `id` bigint(20) unsigned NOT NULL AUTO_INCREMENT,
  `type` varchar(60) COLLATE utf8mb4_unicode_520_ci NOT NULL COMMENT 'The relation type between user and note (e.g mention, watch, read).',
  `note_id` bigint(20) unsigned NOT NULL,
  `user_id` bigint(20) unsigned NOT NULL,
  `created_at` datetime NOT NULL,
  `updated_at` datetime NOT NULL,
  PRIMARY KEY (`id`),
  KEY `type_index` (`type`),
  KEY `note_id_index` (`note_id`),
  KEY `user_id_index` (`user_id`)
) ENGINE=InnoDB DEFAULT CHARSET=utf8mb4 COLLATE=utf8mb4_unicode_520_ci;

--
-- Dumping data for table `wp_e_notes_users_relations`
--


--
-- Table structure for table `wp_e_submissions`
--

 SET character_set_client = utf8mb4 ;
CREATE TABLE `wp_e_submissions` (
  `id` bigint(20) unsigned NOT NULL AUTO_INCREMENT,
  `type` varchar(60) COLLATE utf8mb4_unicode_520_ci DEFAULT NULL,
  `hash_id` varchar(60) COLLATE utf8mb4_unicode_520_ci NOT NULL,
  `main_meta_id` bigint(20) unsigned NOT NULL COMMENT 'Id of main field. to represent the main meta field',
  `post_id` bigint(20) unsigned NOT NULL,
  `referer` varchar(500) COLLATE utf8mb4_unicode_520_ci NOT NULL,
  `referer_title` varchar(300) COLLATE utf8mb4_unicode_520_ci DEFAULT NULL,
  `element_id` varchar(20) COLLATE utf8mb4_unicode_520_ci NOT NULL,
  `form_name` varchar(60) COLLATE utf8mb4_unicode_520_ci NOT NULL,
  `campaign_id` bigint(20) unsigned NOT NULL,
  `user_id` bigint(20) unsigned DEFAULT NULL,
  `user_ip` varchar(46) COLLATE utf8mb4_unicode_520_ci NOT NULL,
  `user_agent` text COLLATE utf8mb4_unicode_520_ci NOT NULL,
  `actions_count` int(11) DEFAULT '0',
  `actions_succeeded_count` int(11) DEFAULT '0',
  `status` varchar(20) COLLATE utf8mb4_unicode_520_ci NOT NULL,
  `is_read` tinyint(1) NOT NULL DEFAULT '0',
  `meta` text COLLATE utf8mb4_unicode_520_ci,
  `created_at_gmt` datetime NOT NULL,
  `updated_at_gmt` datetime NOT NULL,
  `created_at` datetime NOT NULL,
  `updated_at` datetime NOT NULL,
  PRIMARY KEY (`id`),
  UNIQUE KEY `hash_id_unique_index` (`hash_id`),
  KEY `main_meta_id_index` (`main_meta_id`),
  KEY `hash_id_index` (`hash_id`),
  KEY `type_index` (`type`),
  KEY `post_id_index` (`post_id`),
  KEY `element_id_index` (`element_id`),
  KEY `campaign_id_index` (`campaign_id`),
  KEY `user_id_index` (`user_id`),
  KEY `user_ip_index` (`user_ip`),
  KEY `status_index` (`status`),
  KEY `is_read_index` (`is_read`),
  KEY `created_at_gmt_index` (`created_at_gmt`),
  KEY `updated_at_gmt_index` (`updated_at_gmt`),
  KEY `created_at_index` (`created_at`),
  KEY `updated_at_index` (`updated_at`),
  KEY `referer_index` (`referer`(191)),
  KEY `referer_title_index` (`referer_title`(191))
) ENGINE=InnoDB DEFAULT CHARSET=utf8mb4 COLLATE=utf8mb4_unicode_520_ci;

--
-- Dumping data for table `wp_e_submissions`
--


--
-- Table structure for table `wp_e_submissions_actions_log`
--

 SET character_set_client = utf8mb4 ;
CREATE TABLE `wp_e_submissions_actions_log` (
  `id` bigint(20) unsigned NOT NULL AUTO_INCREMENT,
  `submission_id` bigint(20) unsigned NOT NULL,
  `action_name` varchar(60) COLLATE utf8mb4_unicode_520_ci NOT NULL,
  `action_label` varchar(60) COLLATE utf8mb4_unicode_520_ci DEFAULT NULL,
  `status` varchar(20) COLLATE utf8mb4_unicode_520_ci NOT NULL,
  `log` text COLLATE utf8mb4_unicode_520_ci,
  `created_at_gmt` datetime NOT NULL,
  `updated_at_gmt` datetime NOT NULL,
  `created_at` datetime NOT NULL,
  `updated_at` datetime NOT NULL,
  PRIMARY KEY (`id`),
  KEY `submission_id_index` (`submission_id`),
  KEY `action_name_index` (`action_name`),
  KEY `status_index` (`status`),
  KEY `created_at_gmt_index` (`created_at_gmt`),
  KEY `updated_at_gmt_index` (`updated_at_gmt`),
  KEY `created_at_index` (`created_at`),
  KEY `updated_at_index` (`updated_at`)
) ENGINE=InnoDB DEFAULT CHARSET=utf8mb4 COLLATE=utf8mb4_unicode_520_ci;

--
-- Dumping data for table `wp_e_submissions_actions_log`
--


--
-- Table structure for table `wp_e_submissions_values`
--

 SET character_set_client = utf8mb4 ;
CREATE TABLE `wp_e_submissions_values` (
  `id` bigint(20) unsigned NOT NULL AUTO_INCREMENT,
  `submission_id` bigint(20) unsigned NOT NULL DEFAULT '0',
  `key` varchar(60) COLLATE utf8mb4_unicode_520_ci DEFAULT NULL,
  `value` longtext COLLATE utf8mb4_unicode_520_ci,
  PRIMARY KEY (`id`),
  KEY `submission_id_index` (`submission_id`),
  KEY `key_index` (`key`)
) ENGINE=InnoDB DEFAULT CHARSET=utf8mb4 COLLATE=utf8mb4_unicode_520_ci;

--
-- Dumping data for table `wp_e_submissions_values`
--


--
-- Table structure for table `wp_edd_adjustmentmeta`
--

 SET character_set_client = utf8mb4 ;
CREATE TABLE `wp_edd_adjustmentmeta` (
  `meta_id` bigint(20) unsigned NOT NULL AUTO_INCREMENT,
  `edd_adjustment_id` bigint(20) unsigned NOT NULL DEFAULT '0',
  `meta_key` varchar(255) COLLATE utf8mb4_unicode_520_ci DEFAULT NULL,
  `meta_value` longtext COLLATE utf8mb4_unicode_520_ci,
  PRIMARY KEY (`meta_id`),
  KEY `edd_adjustment_id` (`edd_adjustment_id`),
  KEY `meta_key` (`meta_key`(191))
) ENGINE=InnoDB AUTO_INCREMENT=109 DEFAULT CHARSET=utf8mb4 COLLATE=utf8mb4_unicode_520_ci;

--
-- Dumping data for table `wp_edd_adjustmentmeta`
--

INSERT INTO `wp_edd_adjustmentmeta` VALUES (5,2,'recurring_one_time','');
INSERT INTO `wp_edd_adjustmentmeta` VALUES (18,2,'categories','a:1:{i:0;i:2;}');
INSERT INTO `wp_edd_adjustmentmeta` VALUES (20,3,'recurring_one_time','');
INSERT INTO `wp_edd_adjustmentmeta` VALUES (22,2,'term_condition','exclude');
INSERT INTO `wp_edd_adjustmentmeta` VALUES (23,2,'product_requirement','68');
INSERT INTO `wp_edd_adjustmentmeta` VALUES (24,2,'product_condition','all');
INSERT INTO `wp_edd_adjustmentmeta` VALUES (26,4,'product_condition','all');
INSERT INTO `wp_edd_adjustmentmeta` VALUES (28,4,'recurring_one_time','');
INSERT INTO `wp_edd_adjustmentmeta` VALUES (55,3,'categories','a:1:{i:0;i:2;}');
INSERT INTO `wp_edd_adjustmentmeta` VALUES (72,3,'term_condition','exclude');
INSERT INTO `wp_edd_adjustmentmeta` VALUES (74,3,'product_condition','all');
INSERT INTO `wp_edd_adjustmentmeta` VALUES (77,3,'product_requirement','514');
INSERT INTO `wp_edd_adjustmentmeta` VALUES (78,5,'product_requirement','11');
INSERT INTO `wp_edd_adjustmentmeta` VALUES (79,5,'product_condition','all');
INSERT INTO `wp_edd_adjustmentmeta` VALUES (80,5,'categories','a:1:{i:0;i:5;}');
INSERT INTO `wp_edd_adjustmentmeta` VALUES (81,5,'term_condition','exclude');
INSERT INTO `wp_edd_adjustmentmeta` VALUES (82,5,'recurring_one_time','');
INSERT INTO `wp_edd_adjustmentmeta` VALUES (85,6,'recurring_one_time','');
INSERT INTO `wp_edd_adjustmentmeta` VALUES (89,7,'product_condition','all');
INSERT INTO `wp_edd_adjustmentmeta` VALUES (90,7,'recurring_one_time','');
INSERT INTO `wp_edd_adjustmentmeta` VALUES (94,6,'product_condition','all');
INSERT INTO `wp_edd_adjustmentmeta` VALUES (99,7,'product_requirement','514_0');
INSERT INTO `wp_edd_adjustmentmeta` VALUES (100,6,'product_requirement','514_1');
INSERT INTO `wp_edd_adjustmentmeta` VALUES (102,9,'recurring_one_time','');
INSERT INTO `wp_edd_adjustmentmeta` VALUES (107,4,'product_requirement','514_0');
INSERT INTO `wp_edd_adjustmentmeta` VALUES (108,4,'product_requirement','514_1');

--
-- Table structure for table `wp_edd_adjustments`
--

 SET character_set_client = utf8mb4 ;
CREATE TABLE `wp_edd_adjustments` (
  `id` bigint(20) unsigned NOT NULL AUTO_INCREMENT,
  `parent` bigint(20) unsigned NOT NULL DEFAULT '0',
  `name` varchar(200) COLLATE utf8mb4_unicode_520_ci NOT NULL DEFAULT '',
  `code` varchar(50) COLLATE utf8mb4_unicode_520_ci NOT NULL DEFAULT '',
  `status` varchar(20) COLLATE utf8mb4_unicode_520_ci NOT NULL DEFAULT '',
  `type` varchar(20) COLLATE utf8mb4_unicode_520_ci NOT NULL DEFAULT '',
  `scope` varchar(20) COLLATE utf8mb4_unicode_520_ci NOT NULL DEFAULT 'all',
  `amount_type` varchar(20) COLLATE utf8mb4_unicode_520_ci NOT NULL DEFAULT '',
  `amount` decimal(18,9) NOT NULL DEFAULT '0.000000000',
  `description` longtext COLLATE utf8mb4_unicode_520_ci NOT NULL,
  `max_uses` bigint(20) unsigned NOT NULL DEFAULT '0',
  `use_count` bigint(20) unsigned NOT NULL DEFAULT '0',
  `once_per_customer` int(1) NOT NULL DEFAULT '0',
  `min_charge_amount` decimal(18,9) NOT NULL DEFAULT '0.000000000',
  `start_date` datetime DEFAULT NULL,
  `end_date` datetime DEFAULT NULL,
  `date_created` datetime NOT NULL DEFAULT CURRENT_TIMESTAMP,
  `date_modified` datetime NOT NULL DEFAULT CURRENT_TIMESTAMP,
  `uuid` varchar(100) COLLATE utf8mb4_unicode_520_ci NOT NULL DEFAULT '',
  PRIMARY KEY (`id`),
  KEY `type_status` (`type`,`status`),
  KEY `type_status_dates` (`type`,`status`,`start_date`,`end_date`),
  KEY `code` (`code`),
  KEY `date_created` (`date_created`),
  KEY `date_start_end` (`start_date`,`end_date`)
) ENGINE=InnoDB AUTO_INCREMENT=10 DEFAULT CHARSET=utf8mb4 COLLATE=utf8mb4_unicode_520_ci;

--
-- Dumping data for table `wp_edd_adjustments`
--

INSERT INTO `wp_edd_adjustments` VALUES (2,0,'SOME50','SOME50','active','discount','global','percent',50.000000000,'',0,0,0,0.000000000,NULL,NULL,'2024-12-05 13:07:06','2024-12-05 18:05:37','urn:uuid:3ecccc45-4111-4791-b1b7-f4c47e6c08af');
INSERT INTO `wp_edd_adjustments` VALUES (3,0,'SAMPLE','SAMPLE','active','discount','global','percent',10.000000000,'',0,0,0,0.000000000,NULL,NULL,'2024-12-05 18:03:29','2024-12-19 02:54:39','urn:uuid:82ddf50c-59fd-4109-aaee-dcd48797e20b');
INSERT INTO `wp_edd_adjustments` VALUES (4,0,'Specific Product','specific','active','discount','global','flat',10.000000000,'',0,0,0,0.000000000,NULL,NULL,'2024-12-06 15:09:57','2025-07-14 15:45:03','urn:uuid:e0963704-cf5a-48b9-9c21-b4c28f81546e');
INSERT INTO `wp_edd_adjustments` VALUES (5,0,'OneonOne','ONEONONE','active','discount','global','percent',10.000000000,'',0,0,0,0.000000000,NULL,NULL,'2024-12-19 08:51:24','2024-12-19 08:51:24','urn:uuid:e954d4a9-e6cf-4805-8ff2-3e34195e6855');
INSERT INTO `wp_edd_adjustments` VALUES (6,0,'Category','category','active','discount','global','percent',10.000000000,'',0,0,0,0.000000000,NULL,NULL,'2024-12-20 09:42:17','2024-12-23 11:09:28','urn:uuid:5cd64261-4a4f-40a5-b6f2-6ae197a2e927');
INSERT INTO `wp_edd_adjustments` VALUES (7,0,'Variation','variation','active','discount','not_global','percent',10.000000000,'',0,0,0,0.000000000,NULL,NULL,'2024-12-23 05:39:07','2024-12-23 10:40:45','urn:uuid:90c0f558-b029-49f9-8951-51abd651f7d9');
INSERT INTO `wp_edd_adjustments` VALUES (9,0,'FLAT','FLAT','active','discount','global','flat',5.000000000,'',0,1,0,0.000000000,NULL,NULL,'2025-06-10 16:30:17','2025-06-10 16:32:51','urn:uuid:80ed738c-a777-48dc-b310-c074c69a74e4');

--
-- Table structure for table `wp_edd_customer_addresses`
--

 SET character_set_client = utf8mb4 ;
CREATE TABLE `wp_edd_customer_addresses` (
  `id` bigint(20) unsigned NOT NULL AUTO_INCREMENT,
  `customer_id` bigint(20) unsigned NOT NULL DEFAULT '0',
  `is_primary` tinyint(1) NOT NULL DEFAULT '0',
  `type` varchar(20) COLLATE utf8mb4_unicode_520_ci NOT NULL DEFAULT 'billing',
  `status` varchar(20) COLLATE utf8mb4_unicode_520_ci NOT NULL DEFAULT 'active',
  `name` mediumtext COLLATE utf8mb4_unicode_520_ci NOT NULL,
  `address` mediumtext COLLATE utf8mb4_unicode_520_ci NOT NULL,
  `address2` mediumtext COLLATE utf8mb4_unicode_520_ci NOT NULL,
  `city` mediumtext COLLATE utf8mb4_unicode_520_ci NOT NULL,
  `region` mediumtext COLLATE utf8mb4_unicode_520_ci NOT NULL,
  `postal_code` varchar(32) COLLATE utf8mb4_unicode_520_ci NOT NULL DEFAULT '',
  `country` mediumtext COLLATE utf8mb4_unicode_520_ci NOT NULL,
  `date_created` datetime NOT NULL DEFAULT CURRENT_TIMESTAMP,
  `date_modified` datetime NOT NULL DEFAULT CURRENT_TIMESTAMP,
  `uuid` varchar(100) COLLATE utf8mb4_unicode_520_ci NOT NULL DEFAULT '',
  PRIMARY KEY (`id`),
  KEY `customer_is_primary` (`customer_id`,`is_primary`),
  KEY `type` (`type`),
  KEY `status` (`status`),
  KEY `date_created` (`date_created`)
) ENGINE=InnoDB AUTO_INCREMENT=33 DEFAULT CHARSET=utf8mb4 COLLATE=utf8mb4_unicode_520_ci;

--
-- Dumping data for table `wp_edd_customer_addresses`
--

INSERT INTO `wp_edd_customer_addresses` VALUES (1,5,1,'billing','active','Abc Example','','','Colombo','Western Province','00900','LK','2024-08-12 09:17:27','2024-08-12 09:17:27','urn:uuid:d6a84dc0-4d87-4f4b-a2ba-d5f6884e3721');
INSERT INTO `wp_edd_customer_addresses` VALUES (2,6,1,'billing','active','Xyz Example','','','Colombo','Western Province','00900','LK','2024-08-12 09:20:51','2024-08-12 09:20:51','urn:uuid:df3093e4-b590-4cd3-9288-a67e3c77650b');
INSERT INTO `wp_edd_customer_addresses` VALUES (3,7,1,'billing','active','User Test','sdas','adasd','Colombo','Western Province','00900','LK','2024-08-12 09:36:34','2024-08-12 09:36:34','urn:uuid:3a217ab4-d0b9-4003-b2b4-0ef28fa7a711');
INSERT INTO `wp_edd_customer_addresses` VALUES (4,4,1,'billing','active','Hello World','','','Colombo','Western Province','00900','LK','2024-08-21 11:12:25','2024-08-21 11:12:25','urn:uuid:d4687804-cd8c-4f95-949b-e79346b33328');
INSERT INTO `wp_edd_customer_addresses` VALUES (5,2,0,'billing','active','','asd','asd','Colombo','Western Province','00900','LK','2024-09-12 11:21:47','2024-09-12 11:22:59','urn:uuid:289b67fd-819a-4cc3-b210-aff10c0d62fa');
INSERT INTO `wp_edd_customer_addresses` VALUES (6,2,0,'billing','active','','asd','asdasd','Colombo','Western Province','0900','LK','2024-09-12 11:22:59','2024-09-12 11:23:06','urn:uuid:cf289dd8-c5c5-4c63-8ee7-76424420a3db');
INSERT INTO `wp_edd_customer_addresses` VALUES (7,2,1,'billing','active','','asd','asdasd','Colombo','Western Province','00900','LK','2024-09-12 11:23:06','2024-09-12 11:23:09','urn:uuid:61440cd4-e3ad-4387-ae1d-0872e1946c87');
INSERT INTO `wp_edd_customer_addresses` VALUES (8,9,0,'billing','active','AAA BBB','','','Colombo','Western','00900','LK','2025-04-12 21:43:53','2025-06-05 14:38:37','urn:uuid:176f4e25-2501-440d-a8bb-76270458e5f0');
INSERT INTO `wp_edd_customer_addresses` VALUES (9,9,0,'billing','active','','423','Sri Vajirangana Road','Colombo','Western','00900','LK','2025-06-05 14:38:37','2025-07-10 05:23:12','urn:uuid:be3843d8-3b8d-43b0-961f-776f21e4edf9');
INSERT INTO `wp_edd_customer_addresses` VALUES (10,10,0,'billing','active','John Doe','','','Colombo','Western Province','00900','LK','2025-06-09 15:38:58','2025-06-12 14:03:21','urn:uuid:d7fdea8e-eefb-458f-8f6d-d8c6e938137a');
INSERT INTO `wp_edd_customer_addresses` VALUES (11,11,1,'billing','active','','47 W 13th St','','New York','NY','10011','US','2025-06-12 12:39:51','2025-06-12 12:47:35','urn:uuid:967d84e4-c62f-482e-bfe2-1b5b7d0c2268');
INSERT INTO `wp_edd_customer_addresses` VALUES (12,12,1,'billing','active','Sharukh Khan','47 W 13th St','','New York','NY','10011','US','2025-06-12 12:51:46','2025-06-12 12:51:46','urn:uuid:c2d282c2-c672-4f5d-8497-1580063d8c34');
INSERT INTO `wp_edd_customer_addresses` VALUES (13,13,1,'billing','active','Kane Williamson','423','','Colombo','Western Province','00900','LK','2025-06-12 13:15:45','2025-06-12 13:15:45','urn:uuid:d0037cff-1dd5-4e77-8512-e7d0359aeb4e');
INSERT INTO `wp_edd_customer_addresses` VALUES (14,10,1,'billing','active','','423','','Colombo','Western Province','00900','LK','2025-06-12 14:03:21','2025-08-11 15:43:46','urn:uuid:b7c9a2b3-b458-441e-a256-6217a1b26b00');
INSERT INTO `wp_edd_customer_addresses` VALUES (15,14,1,'billing','active','','423','','Colombo','Western Province','00900','LK','2025-06-12 14:04:20','2025-06-12 14:04:20','urn:uuid:1565e50c-acfe-44fa-8463-63e804d1293e');
INSERT INTO `wp_edd_customer_addresses` VALUES (16,15,1,'billing','active','','423','','Colombo','Western Province','00900','LK','2025-06-12 14:10:24','2025-06-12 14:14:38','urn:uuid:72f81f82-7e4b-484b-a663-06e408fbf481');
INSERT INTO `wp_edd_customer_addresses` VALUES (17,17,1,'billing','active','','423','','Colombo','Western Province','00900','LK','2025-06-12 16:57:49','2025-06-12 16:57:49','urn:uuid:7961c4f8-ee45-4f6f-b307-27ef0b0df797');
INSERT INTO `wp_edd_customer_addresses` VALUES (18,18,1,'billing','active','Johnny Sins','14','','New York','NY','10040','US','2025-06-13 14:20:36','2025-06-13 14:47:35','urn:uuid:bcc7a1af-c49d-4097-b7c6-725fff2ffc51');
INSERT INTO `wp_edd_customer_addresses` VALUES (19,19,1,'billing','active','Hello World','423','','Colombo','Western Province','00900','LK','2025-06-13 18:13:17','2025-06-13 19:47:09','urn:uuid:fb23cde9-f4d8-4035-8c6d-999ad760596e');
INSERT INTO `wp_edd_customer_addresses` VALUES (20,20,1,'billing','active','','123','','New York','NY','10002','US','2025-06-13 19:54:23','2025-06-13 19:56:18','urn:uuid:39d06fb3-c864-4218-a3ef-8fe0d409df39');
INSERT INTO `wp_edd_customer_addresses` VALUES (21,1,1,'billing','active','','423','11','Colombo','Western Province','01000','LK','2025-07-03 12:06:32','2025-07-03 12:06:36','urn:uuid:dc9d0804-1aaf-4e9d-9575-649a8d12812e');
INSERT INTO `wp_edd_customer_addresses` VALUES (22,21,1,'billing','active','Ahamed Apple','423','','Colombo','Western Province','00900','LK','2025-07-03 12:16:43','2025-07-03 12:16:43','urn:uuid:5867e82a-9bca-453d-b7cc-ce0790d023b1');
INSERT INTO `wp_edd_customer_addresses` VALUES (23,22,1,'billing','active','Fathima Hafsa','423','','Colombo','Western Province','00900','LK','2025-07-03 12:21:51','2025-07-03 12:21:51','urn:uuid:d18d82d4-16c5-4c02-9ab3-aea1f858f592');
INSERT INTO `wp_edd_customer_addresses` VALUES (24,23,1,'billing','active','Hafsa Farook','423','','Colombo','Western Province','00900','LK','2025-07-03 12:34:22','2025-07-03 12:34:22','urn:uuid:30f269a8-afab-48f7-882a-c9734120efa5');
INSERT INTO `wp_edd_customer_addresses` VALUES (25,24,0,'billing','active','Haf Haf','423','','Colombo','Western Province','00900','LK','2025-07-03 12:39:46','2025-07-25 13:56:12','urn:uuid:f5e1dab3-45a5-43c9-bedd-fd420d1bf966');
INSERT INTO `wp_edd_customer_addresses` VALUES (26,9,0,'billing','active','','','','Colombo','','00900','LK','2025-07-10 05:23:12','2025-07-14 08:42:42','urn:uuid:ec9762b1-6c85-43f9-9a8f-67875bd57a84');
INSERT INTO `wp_edd_customer_addresses` VALUES (27,9,0,'billing','active','','423','','Colombo','Western Province','00900','LK','2025-07-14 08:42:42','2025-08-05 11:36:16','urn:uuid:cb6f9c12-8d66-44ad-b0c0-b4be84e0338a');
INSERT INTO `wp_edd_customer_addresses` VALUES (28,25,0,'billing','active','Apple Orange','','','Colombo','Western Province','01000','LK','2025-07-22 18:51:19','2025-07-22 18:53:44','urn:uuid:274975ca-5d63-4da0-aabd-defc3cae0728');
INSERT INTO `wp_edd_customer_addresses` VALUES (29,25,1,'billing','active','','sdfsd','fdsfsdf','Colombo','Western Province','01000','LK','2025-07-22 18:53:44','2025-07-22 18:53:47','urn:uuid:90b1e6d8-a0c6-4641-98b7-8808e4ab9f89');
INSERT INTO `wp_edd_customer_addresses` VALUES (30,24,1,'billing','active','','123','123','Colombo','Western Province','00900','LK','2025-07-25 13:56:12','2025-07-25 13:56:17','urn:uuid:c975d010-1458-4a63-97da-52fe9d5b89cf');
INSERT INTO `wp_edd_customer_addresses` VALUES (31,9,0,'billing','active','','423','','','','','RO','2025-08-05 11:36:16','2025-08-11 17:04:45','urn:uuid:bb414e43-2e98-448a-86f7-0a4c4e0dfcaf');
INSERT INTO `wp_edd_customer_addresses` VALUES (32,9,1,'billing','active','','423','','','CA','','RO','2025-08-11 17:04:45','2025-09-07 07:38:38','urn:uuid:579dae9d-8618-43af-a3ff-3a798ea995e1');

--
-- Table structure for table `wp_edd_customer_email_addresses`
--

 SET character_set_client = utf8mb4 ;
CREATE TABLE `wp_edd_customer_email_addresses` (
  `id` bigint(20) unsigned NOT NULL AUTO_INCREMENT,
  `customer_id` bigint(20) unsigned NOT NULL DEFAULT '0',
  `type` varchar(20) COLLATE utf8mb4_unicode_520_ci NOT NULL DEFAULT 'secondary',
  `status` varchar(20) COLLATE utf8mb4_unicode_520_ci NOT NULL DEFAULT 'active',
  `email` varchar(100) COLLATE utf8mb4_unicode_520_ci NOT NULL DEFAULT '',
  `date_created` datetime NOT NULL DEFAULT CURRENT_TIMESTAMP,
  `date_modified` datetime NOT NULL DEFAULT CURRENT_TIMESTAMP,
  `uuid` varchar(100) COLLATE utf8mb4_unicode_520_ci NOT NULL DEFAULT '',
  PRIMARY KEY (`id`),
  KEY `customer` (`customer_id`),
  KEY `email` (`email`),
  KEY `type` (`type`),
  KEY `status` (`status`),
  KEY `date_created` (`date_created`)
) ENGINE=InnoDB AUTO_INCREMENT=28 DEFAULT CHARSET=utf8mb4 COLLATE=utf8mb4_unicode_520_ci;

--
-- Dumping data for table `wp_edd_customer_email_addresses`
--

INSERT INTO `wp_edd_customer_email_addresses` VALUES (1,1,'primary','active','achchu.zats@gmail.com','2024-06-25 14:05:40','2024-06-25 14:05:40','urn:uuid:ddaaa86b-4440-4a4f-9b60-8c845601e945');
INSERT INTO `wp_edd_customer_email_addresses` VALUES (2,2,'primary','active','achchu93@gmail.com','2024-07-01 18:48:58','2024-07-01 18:48:58','urn:uuid:bfe836a7-fd48-4261-a708-0ac2acb5c363');
INSERT INTO `wp_edd_customer_email_addresses` VALUES (3,3,'primary','active','hatheem93@gmail.com','2024-07-01 18:52:17','2024-07-01 18:52:17','urn:uuid:9a1c0164-8dab-4a6e-b4a1-723bb441e7d5');
INSERT INTO `wp_edd_customer_email_addresses` VALUES (4,4,'primary','active','hello@world.com','2024-07-10 11:45:40','2024-07-10 11:45:40','urn:uuid:a8f76b31-b024-4301-b03e-1ded707a4f73');
INSERT INTO `wp_edd_customer_email_addresses` VALUES (5,5,'primary','active','abc@example.com','2024-08-12 09:17:26','2024-08-12 09:17:26','urn:uuid:b7016cf9-ea15-4276-bf8a-652b1bc4e17a');
INSERT INTO `wp_edd_customer_email_addresses` VALUES (6,6,'primary','active','xyz@example.com','2024-08-12 09:20:51','2024-08-12 09:20:51','urn:uuid:5861884e-8770-4869-ae39-21ec020ebe8a');
INSERT INTO `wp_edd_customer_email_addresses` VALUES (7,7,'primary','active','user@test.com','2024-08-12 09:36:34','2024-08-12 09:36:34','urn:uuid:43794cfa-5e3e-4546-8bb6-d27f040b690c');
INSERT INTO `wp_edd_customer_email_addresses` VALUES (8,8,'primary','active','a+arshad@gmail.com','2025-02-26 07:38:33','2025-02-26 07:38:33','urn:uuid:661150a9-1b6c-425f-848e-28f2be821e5c');
INSERT INTO `wp_edd_customer_email_addresses` VALUES (9,8,'secondary','active','jilbull@gmail.com','2025-04-10 11:53:55','2025-04-10 11:53:55','urn:uuid:982c73a9-8540-4b74-86f7-24659b778857');
INSERT INTO `wp_edd_customer_email_addresses` VALUES (10,9,'primary','active','aarshad@awesomemotive.com','2025-04-12 21:43:52','2025-04-12 21:43:52','urn:uuid:91087f3f-1aee-4ffc-99b1-71931069a248');
INSERT INTO `wp_edd_customer_email_addresses` VALUES (11,10,'primary','active','johndoe@brixyt.com','2025-06-09 15:38:58','2025-06-09 15:38:58','urn:uuid:9f618fcb-49a4-430a-9ad0-7addeee7d6a8');
INSERT INTO `wp_edd_customer_email_addresses` VALUES (12,11,'primary','active','emmawatson@gmail.com','2025-06-12 09:09:05','2025-06-12 09:09:05','urn:uuid:dd9dc5fb-f07d-4c81-83a5-2b0adf280b8b');
INSERT INTO `wp_edd_customer_email_addresses` VALUES (13,12,'primary','active','sharukkhan@gmail.com','2025-06-12 12:51:42','2025-06-12 12:51:42','urn:uuid:3360f88f-8017-45b0-b80b-9590f58bbf09');
INSERT INTO `wp_edd_customer_email_addresses` VALUES (14,13,'primary','active','kanewilliamson@gmail.com','2025-06-12 13:15:45','2025-06-12 13:15:45','urn:uuid:df893bde-d619-442a-97cf-97a27ed1023f');
INSERT INTO `wp_edd_customer_email_addresses` VALUES (15,14,'primary','active','johndoe@gmail.com','2025-06-12 14:04:03','2025-06-12 14:04:03','urn:uuid:ac7ff03f-51ec-4786-817a-6fef4f02b71b');
INSERT INTO `wp_edd_customer_email_addresses` VALUES (16,15,'primary','active','kamalhasan@gmail.com','2025-06-12 14:07:25','2025-06-12 14:07:25','urn:uuid:b5075ef2-9f00-4212-915f-908c9acf692f');
INSERT INTO `wp_edd_customer_email_addresses` VALUES (17,16,'primary','active','helloworld@gmail.com','2025-06-12 14:17:17','2025-06-12 14:17:17','urn:uuid:f18e169b-326a-4b7a-b941-c1348ba7ede6');
INSERT INTO `wp_edd_customer_email_addresses` VALUES (18,17,'primary','active','miketyson@gmail.com','2025-06-12 16:56:34','2025-06-12 16:56:34','urn:uuid:085aaf6b-6c0d-4253-899e-fafbfe3eb78d');
INSERT INTO `wp_edd_customer_email_addresses` VALUES (19,18,'primary','active','johnnysins@gmail.com','2025-06-13 14:20:36','2025-06-13 14:20:36','urn:uuid:c2eb96a7-324c-4e04-b4e6-a5967c9efabe');
INSERT INTO `wp_edd_customer_email_addresses` VALUES (20,19,'primary','active','helloworld1@gmail.com','2025-06-13 18:13:16','2025-06-13 18:13:16','urn:uuid:2e23df3c-ba6e-4c68-b6b6-1e51723eb47f');
INSERT INTO `wp_edd_customer_email_addresses` VALUES (21,20,'primary','active','davidbilla@gmail.com','2025-06-13 19:51:48','2025-06-13 19:51:48','urn:uuid:7cd217cf-9b39-47f6-ac61-7d9fc87c9ee3');
INSERT INTO `wp_edd_customer_email_addresses` VALUES (22,21,'primary','active','ahamed@apple.com','2025-07-03 12:16:43','2025-07-03 12:16:43','urn:uuid:f42edfd0-79a4-4dad-b321-b4ac9f403800');
INSERT INTO `wp_edd_customer_email_addresses` VALUES (23,22,'primary','active','fathimahafsa@apple.com','2025-07-03 12:21:51','2025-07-03 12:21:51','urn:uuid:860b4ba9-9657-4ca8-8bf7-d36ddc0a681d');
INSERT INTO `wp_edd_customer_email_addresses` VALUES (24,23,'primary','active','hafsafarook@gmail.com','2025-07-03 12:34:22','2025-07-03 12:34:22','urn:uuid:be96712b-a640-481e-9883-3eeeacea0f8c');
INSERT INTO `wp_edd_customer_email_addresses` VALUES (25,24,'primary','active','hafhaf@gmail.com','2025-07-03 12:39:46','2025-07-03 12:39:46','urn:uuid:efe38efd-0190-4b25-859e-7270f41ec58d');
INSERT INTO `wp_edd_customer_email_addresses` VALUES (26,25,'primary','active','appleorange@gmail.com','2025-07-22 18:51:19','2025-07-22 18:51:19','urn:uuid:45e7477c-4dc6-45f5-97bb-e6c47c062668');
INSERT INTO `wp_edd_customer_email_addresses` VALUES (27,26,'primary','active','jabbarbhai@gmail.com','2025-07-29 17:30:34','2025-07-29 17:30:34','urn:uuid:7907c739-d9e4-471e-bc0b-7d5ee414f1c5');

--
-- Table structure for table `wp_edd_customermeta`
--

 SET character_set_client = utf8mb4 ;
CREATE TABLE `wp_edd_customermeta` (
  `meta_id` bigint(20) NOT NULL AUTO_INCREMENT,
  `edd_customer_id` bigint(20) unsigned NOT NULL DEFAULT '0',
  `meta_key` varchar(255) COLLATE utf8mb4_unicode_520_ci DEFAULT NULL,
  `meta_value` longtext COLLATE utf8mb4_unicode_520_ci,
  PRIMARY KEY (`meta_id`),
  KEY `meta_key` (`meta_key`(191)),
  KEY `edd_customer_id` (`edd_customer_id`)
) ENGINE=InnoDB AUTO_INCREMENT=42 DEFAULT CHARSET=utf8mb4 COLLATE=utf8mb4_unicode_520_ci;

--
-- Dumping data for table `wp_edd_customermeta`
--

INSERT INTO `wp_edd_customermeta` VALUES (1,7,'_edd_stripe_customer_id_test','cus_QeD6g618GeryU5');
INSERT INTO `wp_edd_customermeta` VALUES (2,4,'_edd_stripe_customer_id_test','cus_QhbgvCd1meYgle');
INSERT INTO `wp_edd_customermeta` VALUES (3,2,'_edd_stripe_customer_id_test','cus_QpqnCXKmFBUKp5');
INSERT INTO `wp_edd_customermeta` VALUES (4,9,'_edd_stripe_customer_id_test','cus_SawjzJSJrWDDv4');
INSERT INTO `wp_edd_customermeta` VALUES (5,9,'_edd_square_sandbox_customer_id','AVAHPKX5D3RX9AEXKY2TJ198R8');
INSERT INTO `wp_edd_customermeta` VALUES (6,10,'phone','7123456789');
INSERT INTO `wp_edd_customermeta` VALUES (7,10,'_edd_stripe_customer_id_test','cus_STS0Olc7iwMSJj');
INSERT INTO `wp_edd_customermeta` VALUES (8,11,'_edd_square_sandbox_customer_id','S21CR5261R6A2HRT9E4HF7Z004');
INSERT INTO `wp_edd_customermeta` VALUES (9,11,'phone','201-555123');
INSERT INTO `wp_edd_customermeta` VALUES (10,12,'_edd_square_sandbox_customer_id','CPN38SE4BQ823Z7RWYS30C9FE8');
INSERT INTO `wp_edd_customermeta` VALUES (11,12,'phone','(215) 456-7890');
INSERT INTO `wp_edd_customermeta` VALUES (12,13,'phone','766883814');
INSERT INTO `wp_edd_customermeta` VALUES (13,10,'_edd_square_sandbox_customer_id','3AKBDV6SZWH0H1ASKXPTHB7C3C');
INSERT INTO `wp_edd_customermeta` VALUES (14,15,'_edd_square_sandbox_customer_id','FW288PYFNXB6NK48GAX1SPM21R');
INSERT INTO `wp_edd_customermeta` VALUES (15,15,'phone','(201) 666-7777');
INSERT INTO `wp_edd_customermeta` VALUES (16,18,'phone','(201) 055-1234');
INSERT INTO `wp_edd_customermeta` VALUES (17,18,'_edd_stripe_customer_id_test','');
INSERT INTO `wp_edd_customermeta` VALUES (18,19,'_edd_stripe_customer_id_test','');
INSERT INTO `wp_edd_customermeta` VALUES (19,19,'_edd_square_sandbox_customer_id','G0KQ344501K3EDW2FSH1XCCT78');
INSERT INTO `wp_edd_customermeta` VALUES (20,19,'phone','(201) 555-2133');
INSERT INTO `wp_edd_customermeta` VALUES (21,20,'_edd_square_sandbox_customer_id','EA0RKHFHDYWJJV52MG4BRZ49MC');
INSERT INTO `wp_edd_customermeta` VALUES (22,20,'phone','(201) 234-5678');
INSERT INTO `wp_edd_customermeta` VALUES (23,20,'_edd_stripe_customer_id_test','');
INSERT INTO `wp_edd_customermeta` VALUES (24,9,'phone','076 688 3814');
INSERT INTO `wp_edd_customermeta` VALUES (25,1,'phone','766883814');
INSERT INTO `wp_edd_customermeta` VALUES (26,1,'_edd_stripe_customer_id_test','cus_SbzuLbMyjSz2uh');
INSERT INTO `wp_edd_customermeta` VALUES (27,21,'phone','766883814');
INSERT INTO `wp_edd_customermeta` VALUES (28,21,'_edd_stripe_customer_id_test','cus_Sc04GrxJamN50Z');
INSERT INTO `wp_edd_customermeta` VALUES (29,22,'phone','766883814');
INSERT INTO `wp_edd_customermeta` VALUES (30,22,'_edd_stripe_customer_id_test','cus_Sc09kE51dnMCbc');
INSERT INTO `wp_edd_customermeta` VALUES (31,23,'phone','766883814');
INSERT INTO `wp_edd_customermeta` VALUES (32,23,'_edd_stripe_customer_id_test','cus_Sc0Lj8dzQ629DI');
INSERT INTO `wp_edd_customermeta` VALUES (33,24,'phone','766604311');
INSERT INTO `wp_edd_customermeta` VALUES (34,9,'tax_exempt','1');
INSERT INTO `wp_edd_customermeta` VALUES (35,9,'terms','a:1:{s:10:\"tax_exempt\";b:1;}');
INSERT INTO `wp_edd_customermeta` VALUES (36,25,'phone','(201) 555-0123');
INSERT INTO `wp_edd_customermeta` VALUES (37,25,'_edd_stripe_customer_id_test','cus_SjDiDfK3iyVjMF');
INSERT INTO `wp_edd_customermeta` VALUES (38,24,'_edd_stripe_customer_id_test','cus_SkGdeN9PiG99Aw');
INSERT INTO `wp_edd_customermeta` VALUES (39,24,'agree_to_privacy_time','1753471577');
INSERT INTO `wp_edd_customermeta` VALUES (40,9,'agree_to_privacy_time','1753825255');
INSERT INTO `wp_edd_customermeta` VALUES (41,9,'agree_to_privacy_time','1753829570');

--
-- Table structure for table `wp_edd_customers`
--

 SET character_set_client = utf8mb4 ;
CREATE TABLE `wp_edd_customers` (
  `id` bigint(20) NOT NULL AUTO_INCREMENT,
  `user_id` bigint(20) NOT NULL,
  `email` varchar(50) COLLATE utf8mb4_unicode_520_ci NOT NULL,
  `name` mediumtext COLLATE utf8mb4_unicode_520_ci NOT NULL,
  `status` varchar(20) COLLATE utf8mb4_unicode_520_ci NOT NULL DEFAULT '',
  `purchase_value` mediumtext COLLATE utf8mb4_unicode_520_ci NOT NULL,
  `purchase_count` bigint(20) NOT NULL,
  `date_created` datetime NOT NULL DEFAULT CURRENT_TIMESTAMP,
  `date_modified` datetime NOT NULL DEFAULT CURRENT_TIMESTAMP,
  `uuid` varchar(100) COLLATE utf8mb4_unicode_520_ci NOT NULL DEFAULT '',
  `payment_ids` longtext COLLATE utf8mb4_unicode_520_ci NOT NULL,
  `notes` longtext COLLATE utf8mb4_unicode_520_ci NOT NULL,
  PRIMARY KEY (`id`),
  UNIQUE KEY `email` (`email`),
  KEY `user` (`user_id`),
  KEY `status` (`status`),
  KEY `date_created` (`date_created`)
) ENGINE=InnoDB AUTO_INCREMENT=27 DEFAULT CHARSET=utf8mb4 COLLATE=utf8mb4_unicode_520_ci;

--
-- Dumping data for table `wp_edd_customers`
--

INSERT INTO `wp_edd_customers` VALUES (1,0,'achchu.zats@gmail.com','Ahamed Arshad','active','1129',17,'2024-06-25 14:05:40','2025-08-11 15:50:19','urn:uuid:306bf0ce-5417-4aee-a4f4-a6df3b8f1775','','');
INSERT INTO `wp_edd_customers` VALUES (2,6,'achchu93@gmail.com','Achchu Ma','active','317',27,'2024-07-01 18:48:58','2025-07-29 17:23:56','urn:uuid:95a83350-7f92-41ba-80f5-53d734905f44','','');
INSERT INTO `wp_edd_customers` VALUES (3,0,'hatheem93@gmail.com','Hatheem Ahamed','active','345',9,'2024-07-01 18:52:17','2025-08-11 15:39:44','urn:uuid:6c222b6c-da63-41cf-8250-f4f678aae777','','');
INSERT INTO `wp_edd_customers` VALUES (4,5,'hello@world.com','Hello World','active','103.000000000',7,'2024-07-10 11:45:40','2024-08-21 11:18:38','urn:uuid:eb986901-1ef0-4d5f-b456-7f6323282f0b','','');
INSERT INTO `wp_edd_customers` VALUES (5,2,'abc@example.com','Abc Example','active','0.000000000',0,'2024-08-12 09:17:26','2024-08-12 09:22:37','urn:uuid:dbf48889-43ce-4859-bd6e-0a9f6e14c458','','');
INSERT INTO `wp_edd_customers` VALUES (6,3,'xyz@example.com','Xyz Example','active','0',0,'2024-08-12 09:20:51','2025-08-08 19:25:56','urn:uuid:181db4ca-29d8-4250-80d5-926b529f204c','','');
INSERT INTO `wp_edd_customers` VALUES (7,4,'user@test.com','User Test','active','0.000000000',0,'2024-08-12 09:36:34','2024-08-12 09:42:54','urn:uuid:f30c37ea-4c0c-4982-b4ba-f46d9d1ddfff','','');
INSERT INTO `wp_edd_customers` VALUES (8,7,'a+arshad@gmail.com','Arshad Azmi','active','1',1,'2025-02-26 07:38:33','2025-02-26 07:44:46','urn:uuid:82584f5a-c904-4fcf-a030-01a4bc942616','','');
INSERT INTO `wp_edd_customers` VALUES (9,1,'aarshad@awesomemotive.com','Ahamed Arshad','active','820.599731327',28,'2025-04-12 21:43:52','2025-09-07 07:43:56','urn:uuid:33d11e84-d980-4e70-9523-3576727dc261','','');
INSERT INTO `wp_edd_customers` VALUES (10,8,'johndoe@brixyt.com','John Doe','active','224.27',6,'2025-06-09 15:38:58','2025-09-07 07:43:56','urn:uuid:3a871a65-8c79-42f9-96fc-3b90d56c1b80','','');
INSERT INTO `wp_edd_customers` VALUES (11,0,'emmawatson@gmail.com','Emma Watson','active','20.2',1,'2025-06-12 09:09:05','2025-06-12 12:52:35','urn:uuid:d2f374a9-dec8-4b10-a1b0-1fb85868c3b4','','');
INSERT INTO `wp_edd_customers` VALUES (12,0,'sharukkhan@gmail.com','Sharukh Khan','active','30.3',1,'2025-06-12 12:51:42','2025-06-12 12:57:35','urn:uuid:1df07b11-78ea-4a93-89f9-84909d9786c7','','');
INSERT INTO `wp_edd_customers` VALUES (13,0,'kanewilliamson@gmail.com','Kane Williamson','active','23',2,'2025-06-12 13:15:45','2025-07-29 17:02:56','urn:uuid:2ceac72b-2a1e-46c2-b577-ec92d18367ef','','');
INSERT INTO `wp_edd_customers` VALUES (14,0,'johndoe@gmail.com','John Doe','active','69',1,'2025-06-12 14:04:03','2025-07-02 10:51:01','urn:uuid:5fb2832f-bf9d-4f01-9b33-718c1334fd16','','');
INSERT INTO `wp_edd_customers` VALUES (15,9,'kamalhasan@gmail.com','Kamal Hasan','active','11',1,'2025-06-12 14:07:25','2025-06-12 14:19:44','urn:uuid:31789ad6-ad9f-4029-a0cb-d78a8739dd52','','');
INSERT INTO `wp_edd_customers` VALUES (16,0,'helloworld@gmail.com','Hello World','active','0',0,'2025-06-12 14:17:17','2025-06-12 14:17:17','urn:uuid:8a95033e-4b35-4f56-a266-c3c5b4240084','','');
INSERT INTO `wp_edd_customers` VALUES (17,0,'miketyson@gmail.com','Mike Tyson','active','1',1,'2025-06-12 16:56:34','2025-07-02 10:50:27','urn:uuid:038ff4cf-edbc-4f8f-ba1e-6245a6792dbe','','');
INSERT INTO `wp_edd_customers` VALUES (18,10,'johnnysins@gmail.com','Johnny Sins','active','574',3,'2025-06-13 14:20:36','2025-07-02 10:36:24','urn:uuid:b0febacb-0a9f-490c-9e91-d2e1bfbbb22b','','');
INSERT INTO `wp_edd_customers` VALUES (19,11,'helloworld1@gmail.com','Hello World','active','446.6',5,'2025-06-13 18:13:16','2025-06-13 19:53:22','urn:uuid:ca4ddadb-27e2-434c-9ff9-64d8d19594eb','','');
INSERT INTO `wp_edd_customers` VALUES (20,12,'davidbilla@gmail.com','David Billa','active','607',3,'2025-06-13 19:51:48','2025-07-02 10:35:24','urn:uuid:16da07fb-852b-43e4-ad32-64d378918384','','');
INSERT INTO `wp_edd_customers` VALUES (21,0,'ahamed@apple.com','Ahamed Apple','active','22',1,'2025-07-03 12:16:43','2025-07-03 12:21:47','urn:uuid:97a1437c-3bec-46a2-b604-c4774a7e38d6','','');
INSERT INTO `wp_edd_customers` VALUES (22,0,'fathimahafsa@apple.com','Fathima Hafsa','active','23',2,'2025-07-03 12:21:51','2025-07-29 17:15:00','urn:uuid:c7b59b89-a70c-4401-b1a8-ba9fd6d3291c','','');
INSERT INTO `wp_edd_customers` VALUES (23,0,'hafsafarook@gmail.com','Hafsa Farook','active','23',6,'2025-07-03 12:34:22','2025-07-29 18:50:46','urn:uuid:cbe0c53b-7e4e-422b-b439-ee1cf0a4f738','','');
INSERT INTO `wp_edd_customers` VALUES (24,15,'hafhaf@gmail.com','Hafsa','active','330',6,'2025-07-03 12:39:46','2025-07-25 14:02:48','urn:uuid:3d706723-357e-4b26-85af-67f2faed4f7d','','');
INSERT INTO `wp_edd_customers` VALUES (25,14,'appleorange@gmail.com','Apple Orange','active','220',1,'2025-07-22 18:51:19','2025-07-23 07:13:44','urn:uuid:dfa4dd54-84d8-4fd4-a648-b22c3c182fd9','','');
INSERT INTO `wp_edd_customers` VALUES (26,0,'jabbarbhai@gmail.com','','active','1',1,'2025-07-29 17:30:33','2025-07-29 17:36:09','urn:uuid:7cbacc3e-b5ef-40dc-87cc-b8aafad6f6cb','','');

--
-- Table structure for table `wp_edd_emailmeta`
--

 SET character_set_client = utf8mb4 ;
CREATE TABLE `wp_edd_emailmeta` (
  `meta_id` bigint(20) unsigned NOT NULL AUTO_INCREMENT,
  `edd_email_id` bigint(20) unsigned NOT NULL DEFAULT '0',
  `meta_key` varchar(255) COLLATE utf8mb4_unicode_520_ci DEFAULT NULL,
  `meta_value` longtext COLLATE utf8mb4_unicode_520_ci,
  PRIMARY KEY (`meta_id`),
  KEY `email_id` (`edd_email_id`),
  KEY `meta_key` (`meta_key`(191))
) ENGINE=InnoDB AUTO_INCREMENT=24 DEFAULT CHARSET=utf8mb4 COLLATE=utf8mb4_unicode_520_ci;

--
-- Dumping data for table `wp_edd_emailmeta`
--

INSERT INTO `wp_edd_emailmeta` VALUES (1,1,'legacy','purchase_receipt');
INSERT INTO `wp_edd_emailmeta` VALUES (2,1,'legacy','purchase_subject');
INSERT INTO `wp_edd_emailmeta` VALUES (3,1,'legacy','purchase_heading');
INSERT INTO `wp_edd_emailmeta` VALUES (4,2,'legacy','sale_notification');
INSERT INTO `wp_edd_emailmeta` VALUES (5,2,'legacy','sale_notification_subject');
INSERT INTO `wp_edd_emailmeta` VALUES (6,2,'legacy','sale_notification_heading');
INSERT INTO `wp_edd_emailmeta` VALUES (7,2,'legacy','disable_admin_notices');
INSERT INTO `wp_edd_emailmeta` VALUES (8,2,'recipients','admin');
INSERT INTO `wp_edd_emailmeta` VALUES (9,11,'legacy','custom_deliverables_email_subject');
INSERT INTO `wp_edd_emailmeta` VALUES (10,11,'legacy','custom_deliverables_email_body');
INSERT INTO `wp_edd_emailmeta` VALUES (11,12,'legacy','payment_received_message');
INSERT INTO `wp_edd_emailmeta` VALUES (12,12,'legacy','payment_received_subject');
INSERT INTO `wp_edd_emailmeta` VALUES (13,12,'legacy','enable_payment_received_email');
INSERT INTO `wp_edd_emailmeta` VALUES (14,14,'legacy','payment_failed_message');
INSERT INTO `wp_edd_emailmeta` VALUES (15,14,'legacy','payment_failed_subject');
INSERT INTO `wp_edd_emailmeta` VALUES (16,14,'legacy','enable_payment_failed_email');
INSERT INTO `wp_edd_emailmeta` VALUES (17,15,'legacy','subscription_cancelled_message');
INSERT INTO `wp_edd_emailmeta` VALUES (18,15,'legacy','subscription_cancelled_subject');
INSERT INTO `wp_edd_emailmeta` VALUES (19,15,'legacy','enable_subscription_cancelled_email');
INSERT INTO `wp_edd_emailmeta` VALUES (20,16,'legacy','subscription_cancelled_admin_message');
INSERT INTO `wp_edd_emailmeta` VALUES (21,16,'legacy','subscription_cancelled_admin_subject');
INSERT INTO `wp_edd_emailmeta` VALUES (22,16,'legacy','enable_subscription_cancelled_admin_email');
INSERT INTO `wp_edd_emailmeta` VALUES (23,16,'recipients','admin');

--
-- Table structure for table `wp_edd_emails`
--

 SET character_set_client = utf8mb4 ;
CREATE TABLE `wp_edd_emails` (
  `id` bigint(20) unsigned NOT NULL AUTO_INCREMENT,
  `email_id` varchar(32) COLLATE utf8mb4_unicode_520_ci NOT NULL,
  `context` varchar(32) COLLATE utf8mb4_unicode_520_ci NOT NULL DEFAULT 'order',
  `sender` varchar(32) COLLATE utf8mb4_unicode_520_ci NOT NULL DEFAULT 'edd',
  `recipient` varchar(32) COLLATE utf8mb4_unicode_520_ci NOT NULL DEFAULT 'customer',
  `subject` text COLLATE utf8mb4_unicode_520_ci NOT NULL,
  `heading` text COLLATE utf8mb4_unicode_520_ci,
  `content` longtext COLLATE utf8mb4_unicode_520_ci NOT NULL,
  `status` tinyint(1) unsigned NOT NULL DEFAULT '0',
  `date_created` datetime NOT NULL DEFAULT CURRENT_TIMESTAMP,
  `date_modified` datetime NOT NULL DEFAULT CURRENT_TIMESTAMP,
  PRIMARY KEY (`id`),
  UNIQUE KEY `email_id` (`email_id`)
) ENGINE=InnoDB AUTO_INCREMENT=17 DEFAULT CHARSET=utf8mb4 COLLATE=utf8mb4_unicode_520_ci;

--
-- Dumping data for table `wp_edd_emails`
--

INSERT INTO `wp_edd_emails` VALUES (1,'order_receipt','order','edd','customer','Purchase Receipt','Purchase Receipt','Dear {name},\r\n\r\nThank you for your purchase. Please click on the link(s) below to download your files.\r\n\r\n{download_list}\r\n\r\n{sitename}',1,'2024-06-20 17:35:35','2025-07-22 18:47:50');
INSERT INTO `wp_edd_emails` VALUES (2,'admin_order_notice','order','edd','admin','New download purchase - Order #{payment_id}','New Sale!','Hello\n\nA Downloads purchase has been made.\n\nDownloads sold:\n\n{download_list}\n\nPurchased by: {fullname}\nAmount: {price}\nPayment Method: {payment_method}\n\nThank you',1,'2024-06-20 17:35:35','2025-07-03 12:51:49');
INSERT INTO `wp_edd_emails` VALUES (3,'order_refund','refund','edd','customer','Your order has been refunded','','Dear {name},\n\nYour order has been refunded.',0,'2024-06-20 17:35:35','2024-06-20 17:35:35');
INSERT INTO `wp_edd_emails` VALUES (4,'admin_order_refund','refund','edd','admin','An order has been refunded','','Order {payment_id} has been refunded.',0,'2024-06-20 17:35:35','2024-06-20 17:35:35');
INSERT INTO `wp_edd_emails` VALUES (5,'new_user','user','edd','customer','[{sitename}] Your username and password','Your account info','Username: {username}\r\nPassword: [entered on site]\r\n<a href=\"https://edd.local/wp-login.php\"> Click here to log in &rarr;</a>\r\n',0,'2024-06-20 17:35:35','2025-07-03 12:23:11');
INSERT INTO `wp_edd_emails` VALUES (6,'new_user_admin','user','edd','admin','[{sitename}] New User Registration','New user registration','Username: {username}\r\n\r\nE-mail: {user_email}\r\n',0,'2024-06-20 17:35:35','2025-07-03 12:23:12');
INSERT INTO `wp_edd_emails` VALUES (7,'user_verification','user','edd','user','Verify your account','Verify your account','Hello {fullname},\n\nYour account with {sitename} needs to be verified before you can access your order history.\n\nVisit this link to verify your account: {verification_url}\n\n',1,'2024-06-20 17:35:35','2024-06-20 17:35:35');
INSERT INTO `wp_edd_emails` VALUES (8,'password_reset','user','wp','user','[Easy Digital Downloads] Password Reset','','Someone has requested a password reset for the following account:\r\n\r\nSite Name: {sitename}\r\n\r\nUsername: {username}\r\n\r\nIf this was a mistake, ignore this email and nothing will happen.\r\n\r\nTo reset your password, visit the following address:\r\n\r\n{password_reset_link}\r\n\r\nThis password reset request originated from the IP address {ip_address}.\r\n',0,'2024-06-20 17:35:35','2024-06-20 17:35:35');
INSERT INTO `wp_edd_emails` VALUES (9,'stripe_early_fraud_warning','order','edd','admin','Stripe Early Fraud Warning - Order #{payment_id}','Possible Fraudulent Order','Hello\n\nStripe has detected a potential fraudulent order.\n\nDownloads sold:\n\n{download_list}\n\nPurchased by: {fullname}\nAmount: {price}\n<a href=\"{order_details_link}\">Order Details</a>\n\nNote: Once you have reviewed the order, ensure you take the appropriate action within your Stripe dashboard to help improve future fraud detection.',0,'2024-06-20 17:35:35','2024-06-20 17:35:35');
INSERT INTO `wp_edd_emails` VALUES (10,'sl_low_keys','download','software_licensing','admin','License Key Stock Warning','','The number of remaining preset license keys for {product_name} is low.',1,'2025-01-29 09:59:53','2025-07-22 18:47:41');
INSERT INTO `wp_edd_emails` VALUES (11,'custom_deliverable','order','custom_deliverables','customer','Your files are ready!','','Dear {name},\n\nYour files are ready to download for your order {payment_id}.\nYou can download them here: {download_list}',1,'2025-04-12 18:30:20','2025-04-12 18:30:20');
INSERT INTO `wp_edd_emails` VALUES (12,'renewal_payment_received','order','recurring','customer','Renewal Payment Received','','Hello {name}\n\nYour renewal payment in the amount of {amount} for {subscription_name} has been successfully processed.',1,'2025-06-05 17:49:34','2025-07-22 18:47:34');
INSERT INTO `wp_edd_emails` VALUES (13,'renewal_payment_received_admin','order','recurring','admin','Renewal Payment Received','','A renewal order in the amount of {amount} for {subscription_name} has been successfully processed.\n\nSubscription Details:\n<a href=\"{order_details_link}\">Order ID</a>: {payment_id}\nCustomer: {fullname}',1,'2025-06-05 17:49:34','2025-07-22 18:47:34');
INSERT INTO `wp_edd_emails` VALUES (14,'renewal_payment_failed','subscription','recurring','customer','Renewal Payment Failed','','Hello {name}\n\nYour renewal payment in the amount of {amount} for {subscription_name} has been failed to be processed.',1,'2025-06-05 17:49:34','2025-07-22 18:47:32');
INSERT INTO `wp_edd_emails` VALUES (15,'subscription_cancelled','subscription','recurring','customer','Subscription Cancelled','','Hello {name}\n\nYour subscription for {subscription_name} has been successfully cancelled.',1,'2025-06-05 17:49:34','2025-07-22 18:47:32');
INSERT INTO `wp_edd_emails` VALUES (16,'subscription_cancelled_admin','subscription','recurring','admin','Subscription {subscription_id} Cancelled','','Subscription ID: {subscription_id}\n\nCustomer: {name}\n\nSubscription: {subscription_name}\n\nView Subscription: {subscription_link}',1,'2025-06-05 17:49:34','2025-07-22 18:47:31');

--
-- Table structure for table `wp_edd_license_activationmeta`
--

 SET character_set_client = utf8mb4 ;
CREATE TABLE `wp_edd_license_activationmeta` (
  `meta_id` bigint(20) unsigned NOT NULL AUTO_INCREMENT,
  `edd_license_activation_id` bigint(20) unsigned NOT NULL DEFAULT '0',
  `meta_key` varchar(255) COLLATE utf8mb4_unicode_520_ci DEFAULT NULL,
  `meta_value` longtext COLLATE utf8mb4_unicode_520_ci,
  PRIMARY KEY (`meta_id`),
  KEY `edd_license_activation_id` (`edd_license_activation_id`),
  KEY `meta_key` (`meta_key`(191))
) ENGINE=InnoDB DEFAULT CHARSET=utf8mb4 COLLATE=utf8mb4_unicode_520_ci;

--
-- Dumping data for table `wp_edd_license_activationmeta`
--


--
-- Table structure for table `wp_edd_license_activations`
--

 SET character_set_client = utf8mb4 ;
CREATE TABLE `wp_edd_license_activations` (
  `id` bigint(20) NOT NULL AUTO_INCREMENT,
  `site_name` varchar(255) COLLATE utf8mb4_unicode_520_ci NOT NULL,
  `license_id` bigint(20) NOT NULL,
  `activated` tinyint(1) NOT NULL,
  `is_local` tinyint(1) NOT NULL,
  `date_created` datetime DEFAULT NULL,
  `last_request` datetime DEFAULT NULL,
  PRIMARY KEY (`id`),
  UNIQUE KEY `site_name` (`site_name`,`license_id`),
  KEY `license_id_activated` (`license_id`,`activated`)
) ENGINE=InnoDB AUTO_INCREMENT=2 DEFAULT CHARSET=utf8mb4 COLLATE=utf8mb4_unicode_520_ci;

--
-- Dumping data for table `wp_edd_license_activations`
--


--
-- Table structure for table `wp_edd_license_activations_data`
--

 SET character_set_client = utf8mb4 ;
CREATE TABLE `wp_edd_license_activations_data` (
  `id` bigint(20) NOT NULL AUTO_INCREMENT,
  `activation_id` bigint(20) NOT NULL,
  `product_id` bigint(20) NOT NULL,
  `product_version` varchar(50) COLLATE utf8mb4_unicode_520_ci DEFAULT NULL,
  `date_created` datetime NOT NULL,
  `date_modified` datetime NOT NULL,
  PRIMARY KEY (`id`),
  KEY `activation_id` (`activation_id`),
  KEY `activation_id_product_id` (`activation_id`,`product_id`)
) ENGINE=InnoDB DEFAULT CHARSET=utf8mb4 COLLATE=utf8mb4_unicode_520_ci;

--
-- Dumping data for table `wp_edd_license_activations_data`
--


--
-- Table structure for table `wp_edd_licensemeta`
--

 SET character_set_client = utf8mb4 ;
CREATE TABLE `wp_edd_licensemeta` (
  `meta_id` bigint(20) NOT NULL AUTO_INCREMENT,
  `edd_license_id` bigint(20) unsigned NOT NULL DEFAULT '0',
  `meta_key` varchar(255) COLLATE utf8mb4_unicode_520_ci DEFAULT NULL,
  `meta_value` longtext COLLATE utf8mb4_unicode_520_ci,
  `license_id` bigint(20) NOT NULL,
  PRIMARY KEY (`meta_id`),
  KEY `edd_license_id` (`edd_license_id`),
  KEY `meta_key` (`meta_key`(191)),
  KEY `license_id` (`license_id`),
  KEY `license_id_and_meta_key` (`license_id`,`meta_key`)
) ENGINE=InnoDB AUTO_INCREMENT=9 DEFAULT CHARSET=utf8mb4 COLLATE=utf8mb4_unicode_520_ci;

--
-- Dumping data for table `wp_edd_licensemeta`
--

INSERT INTO `wp_edd_licensemeta` VALUES (1,46,'_edd_sl_payment_id','134',0);
INSERT INTO `wp_edd_licensemeta` VALUES (2,46,'_edd_sl_upgrade_date','2025-08-05 11:39:48',0);
INSERT INTO `wp_edd_licensemeta` VALUES (3,49,'_edd_sl_payment_id','138',0);
INSERT INTO `wp_edd_licensemeta` VALUES (4,49,'_edd_sl_upgrade_date','2025-08-06 20:58:07',0);
INSERT INTO `wp_edd_licensemeta` VALUES (5,50,'_edd_sl_payment_id','140',0);
INSERT INTO `wp_edd_licensemeta` VALUES (6,50,'_edd_sl_upgrade_date','2025-08-06 21:08:14',0);
INSERT INTO `wp_edd_licensemeta` VALUES (8,50,'_edd_sl_limit','2',0);

--
-- Table structure for table `wp_edd_licenses`
--

 SET character_set_client = utf8mb4 ;
CREATE TABLE `wp_edd_licenses` (
  `id` bigint(20) unsigned NOT NULL AUTO_INCREMENT,
  `license_key` varchar(255) COLLATE utf8mb4_unicode_520_ci NOT NULL,
  `status` varchar(20) COLLATE utf8mb4_unicode_520_ci NOT NULL DEFAULT 'inactive',
  `download_id` bigint(20) unsigned NOT NULL DEFAULT '0',
  `price_id` bigint(20) DEFAULT NULL,
  `payment_id` bigint(20) DEFAULT NULL,
  `cart_index` bigint(20) NOT NULL DEFAULT '0',
  `date_created` datetime NOT NULL DEFAULT CURRENT_TIMESTAMP,
  `expiration` bigint(32) DEFAULT NULL,
  `parent` bigint(20) NOT NULL DEFAULT '0',
  `customer_id` bigint(20) DEFAULT NULL,
  `user_id` bigint(20) DEFAULT NULL,
  PRIMARY KEY (`id`),
  KEY `status_customer_id` (`status`,`customer_id`),
  KEY `id_parent` (`id`,`parent`),
  KEY `license_key` (`license_key`),
  KEY `payment_id_and_parent` (`payment_id`,`parent`)
) ENGINE=InnoDB AUTO_INCREMENT=52 DEFAULT CHARSET=utf8mb4 COLLATE=utf8mb4_unicode_520_ci;

--
-- Dumping data for table `wp_edd_licenses`
--

INSERT INTO `wp_edd_licenses` VALUES (32,'0d3c88b729ce10bc5cfc7ad6863cf7b9','inactive',36913,NULL,109,0,'2025-07-17 13:27:43',1815782399,0,9,1);
INSERT INTO `wp_edd_licenses` VALUES (33,'5b84b88eb736527c8da52f0ba7598260','expired',36943,3,96,0,'2025-07-17 13:27:43',1741430820,0,3,0);
INSERT INTO `wp_edd_licenses` VALUES (34,'6e131b9741b42808c8499882a130b398','expired',36941,4,95,0,'2025-07-17 13:27:43',1741603560,0,1,0);
INSERT INTO `wp_edd_licenses` VALUES (35,'da3aa420d8c7c985b072b6c711a9cb80','expired',36941,1,94,0,'2025-07-17 13:27:43',1739616300,0,14,0);
INSERT INTO `wp_edd_licenses` VALUES (36,'f5d1c4cd69ce419c6cc1344fcabd1670','expired',36941,1,92,0,'2025-07-17 13:27:43',1736332260,0,18,10);
INSERT INTO `wp_edd_licenses` VALUES (37,'9e63f44ecce76b081352fb20551c95d4','inactive',36913,NULL,87,0,'2025-07-17 13:27:43',1812931199,0,20,12);
INSERT INTO `wp_edd_licenses` VALUES (38,'86d1097d9fe368a0472f43aeddf6c27f','expired',36971,NULL,81,0,'2025-07-17 13:27:43',1752418055,0,18,10);
INSERT INTO `wp_edd_licenses` VALUES (39,'e2f5d16c1b3c6d49cb3f2d70f312da9c','inactive',36954,NULL,76,0,'2025-07-17 13:27:43',1812844799,0,12,0);
INSERT INTO `wp_edd_licenses` VALUES (40,'eaac48844d8d72c98dbe8545d04d4bd8','inactive',36941,1,74,0,'2025-07-17 13:27:43',1812758399,0,10,8);
INSERT INTO `wp_edd_licenses` VALUES (41,'07fb7c9595041b2ec7d82e1b144e5fab','inactive',36954,NULL,67,0,'2025-07-17 13:27:43',0,0,1,0);
INSERT INTO `wp_edd_licenses` VALUES (42,'6bfc91211da6558f1fcd6a8c9bc8eca5','inactive',36954,NULL,64,0,'2025-07-17 13:27:43',1800230399,0,2,6);
INSERT INTO `wp_edd_licenses` VALUES (43,'7590c2a11b771c45bf0cddf716e21d83','expired',36943,NULL,63,0,'2025-07-17 13:27:43',1733819460,0,3,0);
INSERT INTO `wp_edd_licenses` VALUES (44,'4d79941d409ad90df10c7a97ed507749','expired',36971,NULL,112,0,'2025-07-23 00:21:20',1755820799,0,25,14);
INSERT INTO `wp_edd_licenses` VALUES (45,'f74858a7c75f2703635dd55834de837a','expired',36971,NULL,114,0,'2025-07-25 19:26:18',1756079999,0,24,15);
INSERT INTO `wp_edd_licenses` VALUES (46,'40d32e7872280a877e2de44c875ed27b','inactive',38800,NULL,133,0,'2025-08-05 17:06:16',0,0,9,1);
INSERT INTO `wp_edd_licenses` VALUES (47,'59d462b66eb6f08d1f84d21cc98e24ae','inactive',38798,NULL,135,0,'2025-08-05 17:11:42',0,0,9,1);
INSERT INTO `wp_edd_licenses` VALUES (48,'754ea97e45cbd903d21271347fc75b72','inactive',38798,NULL,136,0,'2025-08-05 17:12:09',0,0,9,1);
INSERT INTO `wp_edd_licenses` VALUES (49,'123d686301378f54b3fe664669bb0b63','inactive',38800,NULL,137,0,'2025-08-07 02:27:10',0,0,9,1);
INSERT INTO `wp_edd_licenses` VALUES (50,'29862d41d6845336f02519850172ff9c','inactive',38800,NULL,139,0,'2025-08-07 02:36:35',0,0,9,1);
INSERT INTO `wp_edd_licenses` VALUES (51,'b2e9ce837cb6aa9611bcee42b0101d3c','inactive',38798,NULL,142,0,'2025-08-11 21:04:33',0,0,3,0);

--
-- Table structure for table `wp_edd_logmeta`
--

 SET character_set_client = utf8mb4 ;
CREATE TABLE `wp_edd_logmeta` (
  `meta_id` bigint(20) unsigned NOT NULL AUTO_INCREMENT,
  `edd_log_id` bigint(20) unsigned NOT NULL DEFAULT '0',
  `meta_key` varchar(255) COLLATE utf8mb4_unicode_520_ci DEFAULT NULL,
  `meta_value` longtext COLLATE utf8mb4_unicode_520_ci,
  PRIMARY KEY (`meta_id`),
  KEY `edd_log_id` (`edd_log_id`),
  KEY `meta_key` (`meta_key`(191))
) ENGINE=InnoDB AUTO_INCREMENT=153 DEFAULT CHARSET=utf8mb4 COLLATE=utf8mb4_unicode_520_ci;

--
-- Dumping data for table `wp_edd_logmeta`
--

INSERT INTO `wp_edd_logmeta` VALUES (1,1,'to','a:1:{i:0;s:21:\"achchu.zats@gmail.com\";}');
INSERT INTO `wp_edd_logmeta` VALUES (2,1,'message_type','admin');
INSERT INTO `wp_edd_logmeta` VALUES (3,1,'customer_id','1');
INSERT INTO `wp_edd_logmeta` VALUES (4,2,'to','a:1:{i:0;s:21:\"achchu.zats@gmail.com\";}');
INSERT INTO `wp_edd_logmeta` VALUES (5,2,'message_type','purchase_receipt');
INSERT INTO `wp_edd_logmeta` VALUES (6,2,'customer_id','1');
INSERT INTO `wp_edd_logmeta` VALUES (7,3,'to','a:1:{i:0;s:18:\"achchu93@gmail.com\";}');
INSERT INTO `wp_edd_logmeta` VALUES (8,3,'message_type','purchase_receipt');
INSERT INTO `wp_edd_logmeta` VALUES (9,3,'customer_id','2');
INSERT INTO `wp_edd_logmeta` VALUES (10,4,'to','a:1:{i:0;s:19:\"hatheem93@gmail.com\";}');
INSERT INTO `wp_edd_logmeta` VALUES (11,4,'message_type','purchase_receipt');
INSERT INTO `wp_edd_logmeta` VALUES (12,4,'customer_id','3');
INSERT INTO `wp_edd_logmeta` VALUES (13,5,'to','a:1:{i:0;s:18:\"achchu93@gmail.com\";}');
INSERT INTO `wp_edd_logmeta` VALUES (14,5,'message_type','order_receipt');
INSERT INTO `wp_edd_logmeta` VALUES (15,5,'customer_id','2');
INSERT INTO `wp_edd_logmeta` VALUES (16,6,'to','a:1:{i:0;s:18:\"achchu93@gmail.com\";}');
INSERT INTO `wp_edd_logmeta` VALUES (17,6,'message_type','purchase_receipt');
INSERT INTO `wp_edd_logmeta` VALUES (18,6,'customer_id','2');
INSERT INTO `wp_edd_logmeta` VALUES (19,7,'to','a:1:{i:0;s:18:\"achchu93@gmail.com\";}');
INSERT INTO `wp_edd_logmeta` VALUES (20,7,'message_type','purchase_receipt');
INSERT INTO `wp_edd_logmeta` VALUES (21,7,'customer_id','2');
INSERT INTO `wp_edd_logmeta` VALUES (22,8,'to','a:1:{i:0;s:18:\"achchu93@gmail.com\";}');
INSERT INTO `wp_edd_logmeta` VALUES (23,8,'message_type','order_receipt');
INSERT INTO `wp_edd_logmeta` VALUES (24,8,'customer_id','2');
INSERT INTO `wp_edd_logmeta` VALUES (25,9,'to','a:1:{i:0;s:18:\"achchu93@gmail.com\";}');
INSERT INTO `wp_edd_logmeta` VALUES (26,9,'message_type','purchase_receipt');
INSERT INTO `wp_edd_logmeta` VALUES (27,9,'customer_id','2');
INSERT INTO `wp_edd_logmeta` VALUES (28,10,'to','a:1:{i:0;s:18:\"achchu93@gmail.com\";}');
INSERT INTO `wp_edd_logmeta` VALUES (29,10,'message_type','purchase_receipt');
INSERT INTO `wp_edd_logmeta` VALUES (30,10,'customer_id','2');
INSERT INTO `wp_edd_logmeta` VALUES (31,10,'from','Easy Digital Downloads <aarshad@awesomemotive.com>');
INSERT INTO `wp_edd_logmeta` VALUES (32,10,'sent_by','1');
INSERT INTO `wp_edd_logmeta` VALUES (33,11,'to','a:1:{i:0;s:19:\"hatheem93@gmail.com\";}');
INSERT INTO `wp_edd_logmeta` VALUES (34,11,'message_type','purchase_receipt');
INSERT INTO `wp_edd_logmeta` VALUES (35,11,'customer_id','3');
INSERT INTO `wp_edd_logmeta` VALUES (36,12,'to','a:1:{i:0;s:18:\"achchu93@gmail.com\";}');
INSERT INTO `wp_edd_logmeta` VALUES (37,12,'message_type','purchase_receipt');
INSERT INTO `wp_edd_logmeta` VALUES (38,12,'customer_id','2');
INSERT INTO `wp_edd_logmeta` VALUES (39,12,'from','Easy Digital Downloads <aarshad@awesomemotive.com>');
INSERT INTO `wp_edd_logmeta` VALUES (40,12,'sent_by','1');
INSERT INTO `wp_edd_logmeta` VALUES (41,13,'to','a:1:{i:0;s:18:\"achchu93@gmail.com\";}');
INSERT INTO `wp_edd_logmeta` VALUES (42,13,'message_type','purchase_receipt');
INSERT INTO `wp_edd_logmeta` VALUES (43,13,'customer_id','2');
INSERT INTO `wp_edd_logmeta` VALUES (44,13,'from','Easy Digital Downloads <aarshad@awesomemotive.com>');
INSERT INTO `wp_edd_logmeta` VALUES (45,13,'sent_by','1');
INSERT INTO `wp_edd_logmeta` VALUES (46,14,'to','a:1:{i:0;s:15:\"hello@world.com\";}');
INSERT INTO `wp_edd_logmeta` VALUES (47,14,'message_type','purchase_receipt');
INSERT INTO `wp_edd_logmeta` VALUES (48,14,'customer_id','4');
INSERT INTO `wp_edd_logmeta` VALUES (49,14,'from','Easy Digital Downloads <aarshad@awesomemotive.com>');
INSERT INTO `wp_edd_logmeta` VALUES (50,14,'sent_by','1');
INSERT INTO `wp_edd_logmeta` VALUES (51,15,'to','a:1:{i:0;s:18:\"achchu93@gmail.com\";}');
INSERT INTO `wp_edd_logmeta` VALUES (52,15,'message_type','purchase_receipt');
INSERT INTO `wp_edd_logmeta` VALUES (53,15,'customer_id','2');
INSERT INTO `wp_edd_logmeta` VALUES (54,15,'from','Easy Digital Downloads <aarshad@awesomemotive.com>');
INSERT INTO `wp_edd_logmeta` VALUES (55,15,'sent_by','1');
INSERT INTO `wp_edd_logmeta` VALUES (56,16,'to','a:1:{i:0;s:15:\"hello@world.com\";}');
INSERT INTO `wp_edd_logmeta` VALUES (57,16,'message_type','purchase_receipt');
INSERT INTO `wp_edd_logmeta` VALUES (58,16,'customer_id','4');
INSERT INTO `wp_edd_logmeta` VALUES (59,16,'from','Easy Digital Downloads <aarshad@awesomemotive.com>');
INSERT INTO `wp_edd_logmeta` VALUES (60,16,'sent_by','1');
INSERT INTO `wp_edd_logmeta` VALUES (61,17,'to','a:1:{i:0;s:21:\"achchu.zats@gmail.com\";}');
INSERT INTO `wp_edd_logmeta` VALUES (62,17,'message_type','purchase_receipt');
INSERT INTO `wp_edd_logmeta` VALUES (63,17,'customer_id','1');
INSERT INTO `wp_edd_logmeta` VALUES (64,17,'from','Easy Digital Downloads <aarshad@awesomemotive.com>');
INSERT INTO `wp_edd_logmeta` VALUES (65,17,'sent_by','1');
INSERT INTO `wp_edd_logmeta` VALUES (66,18,'to','a:1:{i:0;s:15:\"hello@world.com\";}');
INSERT INTO `wp_edd_logmeta` VALUES (67,18,'message_type','purchase_receipt');
INSERT INTO `wp_edd_logmeta` VALUES (68,18,'customer_id','4');
INSERT INTO `wp_edd_logmeta` VALUES (69,18,'from','Easy Digital Downloads <aarshad@awesomemotive.com>');
INSERT INTO `wp_edd_logmeta` VALUES (70,18,'sent_by','1');
INSERT INTO `wp_edd_logmeta` VALUES (71,19,'to','a:1:{i:0;s:15:\"hello@world.com\";}');
INSERT INTO `wp_edd_logmeta` VALUES (72,19,'message_type','purchase_receipt');
INSERT INTO `wp_edd_logmeta` VALUES (73,19,'customer_id','4');
INSERT INTO `wp_edd_logmeta` VALUES (74,19,'from','Easy Digital Downloads <aarshad@awesomemotive.com>');
INSERT INTO `wp_edd_logmeta` VALUES (75,19,'sent_by','1');
INSERT INTO `wp_edd_logmeta` VALUES (76,20,'to','a:1:{i:0;s:18:\"achchu93@gmail.com\";}');
INSERT INTO `wp_edd_logmeta` VALUES (77,20,'message_type','purchase_receipt');
INSERT INTO `wp_edd_logmeta` VALUES (78,20,'customer_id','2');
INSERT INTO `wp_edd_logmeta` VALUES (79,21,'to','a:1:{i:0;s:18:\"achchu93@gmail.com\";}');
INSERT INTO `wp_edd_logmeta` VALUES (80,21,'message_type','purchase_receipt');
INSERT INTO `wp_edd_logmeta` VALUES (81,21,'customer_id','2');
INSERT INTO `wp_edd_logmeta` VALUES (82,22,'to','a:1:{i:0;s:15:\"hello@world.com\";}');
INSERT INTO `wp_edd_logmeta` VALUES (83,22,'message_type','purchase_receipt');
INSERT INTO `wp_edd_logmeta` VALUES (84,22,'customer_id','4');
INSERT INTO `wp_edd_logmeta` VALUES (85,22,'from','Easy Digital Downloads <aarshad@awesomemotive.com>');
INSERT INTO `wp_edd_logmeta` VALUES (86,22,'sent_by','1');
INSERT INTO `wp_edd_logmeta` VALUES (87,23,'to','a:1:{i:0;s:18:\"achchu93@gmail.com\";}');
INSERT INTO `wp_edd_logmeta` VALUES (88,23,'message_type','purchase_receipt');
INSERT INTO `wp_edd_logmeta` VALUES (89,23,'customer_id','2');
INSERT INTO `wp_edd_logmeta` VALUES (90,23,'from','Easy Digital Downloads <aarshad@awesomemotive.com>');
INSERT INTO `wp_edd_logmeta` VALUES (91,23,'sent_by','1');
INSERT INTO `wp_edd_logmeta` VALUES (111,29,'to','a:1:{i:0;s:21:\"achchu.zats@gmail.com\";}');
INSERT INTO `wp_edd_logmeta` VALUES (112,29,'message_type','purchase_receipt');
INSERT INTO `wp_edd_logmeta` VALUES (113,29,'customer_id','1');
INSERT INTO `wp_edd_logmeta` VALUES (114,29,'from','Easy Digital Downloads <aarshad@awesomemotive.com>');
INSERT INTO `wp_edd_logmeta` VALUES (115,30,'to','a:1:{i:0;s:21:\"achchu.zats@gmail.com\";}');
INSERT INTO `wp_edd_logmeta` VALUES (116,30,'message_type','purchase_receipt');
INSERT INTO `wp_edd_logmeta` VALUES (117,30,'customer_id','1');
INSERT INTO `wp_edd_logmeta` VALUES (118,30,'from','Easy Digital Downloads <aarshad@awesomemotive.com>');
INSERT INTO `wp_edd_logmeta` VALUES (119,31,'to','a:1:{i:0;s:21:\"achchu.zats@gmail.com\";}');
INSERT INTO `wp_edd_logmeta` VALUES (120,31,'message_type','purchase_receipt');
INSERT INTO `wp_edd_logmeta` VALUES (121,31,'customer_id','1');
INSERT INTO `wp_edd_logmeta` VALUES (122,31,'from','Easy Digital Downloads <aarshad@awesomemotive.com>');
INSERT INTO `wp_edd_logmeta` VALUES (123,32,'to','a:1:{i:0;s:21:\"achchu.zats@gmail.com\";}');
INSERT INTO `wp_edd_logmeta` VALUES (124,32,'message_type','purchase_receipt');
INSERT INTO `wp_edd_logmeta` VALUES (125,32,'customer_id','1');
INSERT INTO `wp_edd_logmeta` VALUES (126,32,'from','Easy Digital Downloads <aarshad@awesomemotive.com>');
INSERT INTO `wp_edd_logmeta` VALUES (127,32,'subject','Purchase Receipt');
INSERT INTO `wp_edd_logmeta` VALUES (128,32,'message','<p>Dear Ahamed,</p>\n<p>Thank you for your purchase. Please click on the link(s) below to download your files.</p>\n<p><ul><li><strong>One More Sample Product</strong><br/><div><a href=\"http://edd.local/index.php?eddfile=32%3A68%3A0&ttl=1721387517&token=0db7b33f37e6c5f3155326b34f6f0f6d8dde017ad9d03dabec01e1b6b5b35a6e\">Files</a></div></li></ul></p>\n<p>Easy Digital Downloads</p>\n');
INSERT INTO `wp_edd_logmeta` VALUES (129,33,'to','a:1:{i:0;s:21:\"achchu.zats@gmail.com\";}');
INSERT INTO `wp_edd_logmeta` VALUES (130,33,'message_type','admin');
INSERT INTO `wp_edd_logmeta` VALUES (131,33,'customer_id','1');
INSERT INTO `wp_edd_logmeta` VALUES (132,34,'to','a:1:{i:0;s:21:\"achchu.zats@gmail.com\";}');
INSERT INTO `wp_edd_logmeta` VALUES (133,34,'message_type','admin');
INSERT INTO `wp_edd_logmeta` VALUES (134,34,'customer_id','1');
INSERT INTO `wp_edd_logmeta` VALUES (135,35,'to','a:1:{i:0;s:21:\"achchu.zats@gmail.com\";}');
INSERT INTO `wp_edd_logmeta` VALUES (136,35,'message_type','admin');
INSERT INTO `wp_edd_logmeta` VALUES (137,35,'customer_id','1');
INSERT INTO `wp_edd_logmeta` VALUES (138,36,'to','a:1:{i:0;s:15:\"abc@example.com\";}');
INSERT INTO `wp_edd_logmeta` VALUES (139,36,'message_type','purchase_receipt');
INSERT INTO `wp_edd_logmeta` VALUES (140,36,'customer_id','5');
INSERT INTO `wp_edd_logmeta` VALUES (141,36,'from','Easy Digital Downloads <aarshad@awesomemotive.com>');
INSERT INTO `wp_edd_logmeta` VALUES (142,37,'to','a:1:{i:0;s:15:\"xyz@example.com\";}');
INSERT INTO `wp_edd_logmeta` VALUES (143,37,'message_type','purchase_receipt');
INSERT INTO `wp_edd_logmeta` VALUES (144,37,'customer_id','6');
INSERT INTO `wp_edd_logmeta` VALUES (145,37,'from','Easy Digital Downloads <aarshad@awesomemotive.com>');
INSERT INTO `wp_edd_logmeta` VALUES (146,38,'to','a:1:{i:0;s:13:\"user@test.com\";}');
INSERT INTO `wp_edd_logmeta` VALUES (147,38,'message_type','purchase_receipt');
INSERT INTO `wp_edd_logmeta` VALUES (148,38,'customer_id','7');
INSERT INTO `wp_edd_logmeta` VALUES (149,38,'from','Easy Digital Downloads <aarshad@awesomemotive.com>');
INSERT INTO `wp_edd_logmeta` VALUES (150,39,'to','a:1:{i:0;s:15:\"hello@world.com\";}');
INSERT INTO `wp_edd_logmeta` VALUES (151,39,'message_type','purchase_receipt');
INSERT INTO `wp_edd_logmeta` VALUES (152,39,'customer_id','4');

--
-- Table structure for table `wp_edd_logs`
--

 SET character_set_client = utf8mb4 ;
CREATE TABLE `wp_edd_logs` (
  `id` bigint(20) unsigned NOT NULL AUTO_INCREMENT,
  `object_id` bigint(20) unsigned NOT NULL DEFAULT '0',
  `object_type` varchar(20) COLLATE utf8mb4_unicode_520_ci DEFAULT NULL,
  `user_id` bigint(20) unsigned NOT NULL DEFAULT '0',
  `type` varchar(20) COLLATE utf8mb4_unicode_520_ci DEFAULT NULL,
  `title` varchar(200) COLLATE utf8mb4_unicode_520_ci DEFAULT NULL,
  `content` longtext COLLATE utf8mb4_unicode_520_ci,
  `date_created` datetime NOT NULL DEFAULT CURRENT_TIMESTAMP,
  `date_modified` datetime NOT NULL DEFAULT CURRENT_TIMESTAMP,
  `uuid` varchar(100) COLLATE utf8mb4_unicode_520_ci NOT NULL DEFAULT '',
  PRIMARY KEY (`id`),
  KEY `object_id_type` (`object_id`,`object_type`),
  KEY `user_id` (`user_id`),
  KEY `type` (`type`),
  KEY `date_created` (`date_created`)
) ENGINE=InnoDB AUTO_INCREMENT=42 DEFAULT CHARSET=utf8mb4 COLLATE=utf8mb4_unicode_520_ci;

--
-- Dumping data for table `wp_edd_logs`
--

INSERT INTO `wp_edd_logs` VALUES (1,0,'email',1,'email','Regarding Offer','asdsadsadasdsadasd','2024-06-25 14:06:39','2024-06-25 14:06:39','urn:uuid:f01b6720-6339-4bc9-ae26-c0c9957848ab');
INSERT INTO `wp_edd_logs` VALUES (2,0,'email',0,'email','Purchase Receipt','<!DOCTYPE html>\n<html>\n	<head>\n		<meta http-equiv=\"Content-Type\" content=\"text/html; charset=UTF-8\" />\n		<title>Easy Digital Downloads</title>\n	</head>\n	<body leftmargin=\"0\" marginwidth=\"0\" topmargin=\"0\" marginheight=\"0\" offset=\"0\" style=\"\n	background-color: #f6f6f6;\n	font-family: \'Helvetica Neue\', Helvetica, Arial, \'Lucida Grande\', sans-serif;\n\">\n		<div style=\"\n	width:100%;\n	-webkit-text-size-adjust:none !important;\n	margin:0;\n	padding: 70px 0 70px 0;\n\">\n		<table border=\"0\" cellpadding=\"0\" cellspacing=\"0\" height=\"100%\" width=\"100%\">\n			<tr>\n				<td align=\"center\" valign=\"top\">\n										<table border=\"0\" cellpadding=\"0\" cellspacing=\"0\" width=\"520\" id=\"template_container\" style=\"\n	box-shadow:0 0 0 1px #f3f3f3 !important;\n	border-radius:3px !important;\n	background-color: #ffffff;\n	border: 1px solid #e9e9e9;\n	border-radius:3px !important;\n	padding: 20px;\n\">\n						\n						<tr>\n							<td align=\"center\" valign=\"top\">\n								<!-- Header -->\n								<table border=\"0\" cellpadding=\"0\" cellspacing=\"0\" width=\"520\" id=\"template_header\" style=\"\n	color: #00000;\n	border-top-left-radius:3px !important;\n	border-top-right-radius:3px !important;\n	border-bottom: 0;\n	font-weight:bold;\n	line-height:100%;\n	text-align: center;\n	vertical-align:middle;\n\" bgcolor=\"#ffffff\">\n									<tr>\n										<td>\n											<h1 style=\"\n	color: #000000;\n	margin:0;\n	padding: 28px 24px;\n	display:block;\n	font-family: \'Helvetica Neue\', Helvetica, Arial, \'Lucida Grande\', sans-serif;\n	font-size:32px;\n	font-weight: 500;\n	line-height: 1.2;\n\">Purchase Receipt</h1>\n										</td>\n									</tr>\n								</table>\n								<!-- End Header -->\n							</td>\n						</tr>\n						\n						<tr>\n							<td align=\"center\" valign=\"top\">\n								<!-- Body -->\n								<table border=\"0\" cellpadding=\"0\" cellspacing=\"0\" width=\"520\" id=\"template_body\">\n									<tr>\n										<td valign=\"top\" style=\"\n	border-radius:3px !important;\n	font-family: \'Helvetica Neue\', Helvetica, Arial, \'Lucida Grande\', sans-serif;\n\">\n											<!-- Content -->\n											<table border=\"0\" cellpadding=\"20\" cellspacing=\"0\" width=\"100%\">\n												<tr>\n													<td valign=\"top\">\n														<div style=\"\n	color: #000000;\n	font-size:14px;\n	font-family: \'Helvetica Neue\', Helvetica, Arial, \'Lucida Grande\', sans-serif;\n	line-height:150%;\n	text-align:left;\n\">\n<p>Dear Ahamed,</p>\n<p>Thank you for your purchase. Please click on the link(s) below to download your files.</p>\n<ul>\n<li><strong>Sample Product — Basic</strong>\n<div><a href=\"https://edd.local/index.php?eddfile=1%3A16%3A0%3A0&ttl=1719410799&token=7eae590ecd74ceb3e7f3271f8a1a51cf1a93a65d3f130f240fa80e575861b1a0\">Files</a></div>\n</li>\n</ul>\n<p>Easy Digital Downloads</p>\n\n															</div>\n														</td>\n                                                    </tr>\n                                                </table>\n                                                <!-- End Content -->\n                                            </td>\n                                        </tr>\n                                    </table>\n                                    <!-- End Body -->\n                                </td>\n                            </tr>\n                            <tr>\n                                <td align=\"center\" valign=\"top\">\n                                    <!-- Footer -->\n                                    <table border=\"0\" cellpadding=\"10\" cellspacing=\"0\" width=\"600\" id=\"template_footer\" style=\"\n	border-top:0;\n	-webkit-border-radius:3px;\n\">\n                                        <tr>\n                                            <td valign=\"top\">\n                                                <table border=\"0\" cellpadding=\"10\" cellspacing=\"0\" width=\"100%\">\n                                                    <tr>\n                                                        <td colspan=\"2\" valign=\"middle\" id=\"credit\" style=\"\n	border:0;\n	color: #000000;\n	font-family: \'Helvetica Neue\', Helvetica, Arial, \'Lucida Grande\', sans-serif;\n	font-size:12px;\n	line-height:125%;\n	text-align:center;\n\">\n                                                           <p><a href=\"https://edd.local\">Easy Digital Downloads</a></p>\n                                                        </td>\n                                                    </tr>\n                                                </table>\n                                            </td>\n                                        </tr>\n                                    </table>\n                                    <!-- End Footer -->\n                                </td>\n                            </tr>\n                        </table>\n                    </td>\n                </tr>\n            </table>\n        </div>\n    </body>\n</html>','2024-06-25 14:06:39','2024-06-25 14:06:39','urn:uuid:caad59fc-9534-4e0a-afc6-77e11e687dcf');
INSERT INTO `wp_edd_logs` VALUES (3,0,'email',0,'email','Purchase Receipt','<p>Dear Ahamed,</p>\n<p>Thank you for your purchase. Please click on the link(s) below to download your files.</p>\n<p><ul><li><strong>Sample Product — Medium</strong><br/><div><a href=\"https://edd.local/index.php?eddfile=2%3A16%3A0%3A1&ttl=1719946170&token=f66b815f90ffb936327b9c937023c01028063b8c7130ab084c12fe646e9f91a4\">Files</a></div></li></ul></p>\n<p>Easy Digital Downloads</p>\n','2024-07-01 18:49:30','2024-07-01 18:49:30','urn:uuid:6c3f4c3b-6251-4f2a-8403-1491ba2b840a');
INSERT INTO `wp_edd_logs` VALUES (4,0,'email',0,'email','Purchase Receipt','<p>Dear Hatheem,</p>\n<p>Thank you for your purchase. Please click on the link(s) below to download your files.</p>\n<p><ul><li><strong>Sample FREE Product</strong><br/><div><a href=\"https://edd.local/index.php?eddfile=3%3A476%3A0&ttl=1719946367&token=1ca532c1d6216b81d623cbc89a9fa24f48718b3347151a7885efee8874ee06d1\">Free Item</a></div></li></ul></p>\n<p>Easy Digital Downloads</p>\n','2024-07-01 18:52:47','2024-07-01 18:52:47','urn:uuid:e67934de-7b9a-4df4-9cab-71f5cd31d182');
INSERT INTO `wp_edd_logs` VALUES (5,0,'email',0,'email','Purchase Receipt','<p>Dear Ahamed,</p>\n<p>Thank you for your purchase. Please click on the link(s) below to download your files.</p>\n<p><ul><li><strong>A Music Album — Song 1</strong><br/><div><a href=\"https://edd.local/index.php?eddfile=4%3A514%3A1%3A0&ttl=1719946671&file=1&token=24bed23cb06a714e29b697ce375745fd3f6f7cf66fea079736f4344a632f869b\">Song 1</a></div></li></ul></p>\n<p>Easy Digital Downloads</p>\n','2024-07-01 18:57:51','2024-07-01 18:57:51','urn:uuid:da891d76-8e52-4ca2-805a-6e9b0ce110f7');
INSERT INTO `wp_edd_logs` VALUES (6,0,'email',0,'email','Purchase Receipt','<p>Dear Ahamed,</p>\n<p>Thank you for your purchase. Please click on the link(s) below to download your files.</p>\n<p><ul><li><strong>McDonald&#8217;s Software</strong><br/><div>No downloadable files found.</div></li></ul></p>\n<p>Easy Digital Downloads</p>\n','2024-07-01 18:59:48','2024-07-01 18:59:48','urn:uuid:e0ccc13b-4685-46f3-a0ba-b1aca00f4aad');
INSERT INTO `wp_edd_logs` VALUES (7,0,'email',0,'email','Purchase Receipt','<p>Dear Ahamed,</p>\n<p>Thank you for your purchase. Please click on the link(s) below to download your files.</p>\n<p><ul><li><strong>A Music Album — Song 2</strong><br/><div><a href=\"https://edd.local/index.php?eddfile=6%3A514%3A2%3A1&ttl=1719946926&file=2&token=3983c8a6197e6ea0c48973a86e60d885ea84a068f2e13a18a4b934bde797ac5e\">Song 2</a></div></li></ul></p>\n<p>Easy Digital Downloads</p>\n','2024-07-01 19:02:06','2024-07-01 19:02:06','urn:uuid:c3702397-e62c-4776-be5a-b3e4b3b477de');
INSERT INTO `wp_edd_logs` VALUES (8,0,'email',0,'email','Purchase Receipt','<p>Dear Ahamed,</p>\n<p>Thank you for your purchase. Please click on the link(s) below to download your files.</p>\n<p><ul><li><strong>A Music Album — Whole Album</strong><br/><div><a href=\"https://edd.local/index.php?eddfile=7%3A514%3A4%3A3&ttl=1720170689&file=4&token=9f6f19392d554e4212f0421088eb04ea44ea4624445a5274701b07da9e398435\">All Songs</a></div></li></ul></p>\n<p>Easy Digital Downloads</p>\n','2024-07-04 09:11:29','2024-07-04 09:11:29','urn:uuid:412d138d-4ae2-4c02-a115-067322246e7b');
INSERT INTO `wp_edd_logs` VALUES (9,0,'email',0,'email','Purchase Receipt','<p>Dear Ahamed,</p>\n<p>Thank you for your purchase. Please click on the link(s) below to download your files.</p>\n<p><ul><li><strong>A Music Album — Song 1</strong><br/><div><a href=\"https://edd.local/index.php?eddfile=8%3A514%3A1%3A0&ttl=1720695589&file=1&token=8f652998a0770a3e6747a2df329723503d8ab66de308bebd82e3c9b8cbfc9086\">Song 1</a></div></li></ul></p>\n<p>Easy Digital Downloads</p>\n','2024-07-10 10:59:49','2024-07-10 10:59:49','urn:uuid:644fbea8-7108-4f4e-a944-14bc7f179c75');
INSERT INTO `wp_edd_logs` VALUES (10,0,'email',0,'email','Purchase Receipt','<p>Dear Ahamed,</p>\n<p>Thank you for your purchase. Please click on the link(s) below to download your files.</p>\n<p><ul><li><strong>A Music Album — Song 1</strong><br/><div><a href=\"https://edd.local/index.php?eddfile=9%3A514%3A1%3A0&ttl=1720697069&file=1&token=0ee173480eb7dc7e696c42f384218c07b2db09b3d6ed724dc89d21cd3e6f1794\">Song 1</a></div></li></ul></p>\n<p>Easy Digital Downloads</p>\n','2024-07-10 11:24:29','2024-07-10 11:24:29','urn:uuid:b9778d3a-c6ee-4fa9-9951-8afc52e2f153');
INSERT INTO `wp_edd_logs` VALUES (11,0,'email',0,'email','Purchase Receipt','<p>Dear Hatheem,</p>\n<p>Thank you for your purchase. Please click on the link(s) below to download your files.</p>\n<p><ul><li><strong>A Music Album — Whole Album</strong><br/><div><a href=\"https://edd.local/index.php?eddfile=10%3A514%3A4%3A3&ttl=1720697173&file=4&token=9dc069f022571520c47e78c6a5aea7068458f1c14df79906c90926863b3e9920\">All Songs</a></div></li></ul></p>\n<p>Easy Digital Downloads</p>\n','2024-07-10 11:26:13','2024-07-10 11:26:13','urn:uuid:f936fe86-4330-4922-a240-627c934a7764');
INSERT INTO `wp_edd_logs` VALUES (12,0,'email',0,'email','Purchase Receipt','<p>Dear Ahamed,</p>\n<p>Thank you for your purchase. Please click on the link(s) below to download your files.</p>\n<p><ul><li><strong>A Music Album — Song 2</strong><br/><div><a href=\"https://edd.local/index.php?eddfile=11%3A514%3A2%3A1&ttl=1720697267&file=2&token=3a33cff68ac85873b62940c48e6187d819a2e1b5297f564fcf2708743e94687d\">Song 2</a></div></li></ul></p>\n<p>Easy Digital Downloads</p>\n','2024-07-10 11:27:47','2024-07-10 11:27:47','urn:uuid:0c074591-831d-4496-bd22-74f1667a2f8b');
INSERT INTO `wp_edd_logs` VALUES (13,0,'email',0,'email','Purchase Receipt','<p>Dear Ahamed,</p>\n<p>Thank you for your purchase. Please click on the link(s) below to download your files.</p>\n<p><ul><li><strong>A Music Album — Song 1</strong><br/><div><a href=\"https://edd.local/index.php?eddfile=12%3A514%3A1%3A0&ttl=1720697360&file=1&token=0f2fa3f7ee8c6896f9055c785582d1317b12399b343df56961345005865ef8a3\">Song 1</a></div></li><li><strong>A Music Album — Song 3</strong><br/><div><a href=\"https://edd.local/index.php?eddfile=12%3A514%3A3%3A2&ttl=1720697360&file=3&token=caf72f9abd100396be3c3fedabc63e42485902c62060cc12f2235dd8f3894228\">Song 3</a></div></li></ul></p>\n<p>Easy Digital Downloads</p>\n','2024-07-10 11:29:20','2024-07-10 11:29:20','urn:uuid:1fda9a8f-0c6c-41a6-886f-60c3ecff9ad4');
INSERT INTO `wp_edd_logs` VALUES (14,0,'email',0,'email','Purchase Receipt','<p>Dear Hello,</p>\n<p>Thank you for your purchase. Please click on the link(s) below to download your files.</p>\n<p><ul><li><strong>A Music Album — Whole Album</strong><br/><div><a href=\"https://edd.local/index.php?eddfile=13%3A514%3A4%3A3&ttl=1720698384&file=4&token=70c60b0c2616c0a5b8bfc30322a317a7f502068b61a007a5f26752a0d4647b4e\">All Songs</a></div></li></ul></p>\n<p>Easy Digital Downloads</p>\n','2024-07-10 11:46:24','2024-07-10 11:46:24','urn:uuid:7d9e2d8b-b91e-4006-8987-a9498f7c1402');
INSERT INTO `wp_edd_logs` VALUES (15,0,'email',0,'email','Purchase Receipt','<p>Dear Ahamed,</p>\n<p>Thank you for your purchase. Please click on the link(s) below to download your files.</p>\n<p><ul><li><strong>Another Sample Product — Advanced</strong><br/><div><a href=\"https://edd.local/index.php?eddfile=14%3A67%3A0%3A2&ttl=1720698538&token=22b9407f589815bc62cb43ac04172c116e2035f6ab6ff33f01fe67e12d5223b0\">Files</a></div></li></ul></p>\n<p>Easy Digital Downloads</p>\n','2024-07-10 11:48:58','2024-07-10 11:48:58','urn:uuid:723fda3d-b298-474d-b249-d04239aaae43');
INSERT INTO `wp_edd_logs` VALUES (16,0,'email',0,'email','Purchase Receipt','<p>Dear Hello,</p>\n<p>Thank you for your purchase. Please click on the link(s) below to download your files.</p>\n<p><ul><li><strong>Another Sample Product — Advanced</strong><br/><div><a href=\"https://edd.local/index.php?eddfile=15%3A67%3A0%3A2&ttl=1720698715&token=e33b763db86086ac7cb12c7e9a192d9a9b254571b6199bdef5fac7f9b9489921\">Files</a></div></li></ul></p>\n<p>Easy Digital Downloads</p>\n','2024-07-10 11:51:55','2024-07-10 11:51:55','urn:uuid:22501951-dbc3-42ea-82ec-fc3d9a89a90c');
INSERT INTO `wp_edd_logs` VALUES (17,0,'email',0,'email','Purchase Receipt','<p>Dear Achchu,</p>\n<p>Thank you for your purchase. Please click on the link(s) below to download your files.</p>\n<p><ul><li><strong>Another Sample Product — Advanced</strong><br/><div><a href=\"https://edd.local/index.php?eddfile=16%3A67%3A0%3A2&ttl=1720698791&token=4947752d96833e41855fdb2a4084fc9f1262ba689a2b1b335a4218b744f99375\">Files</a></div></li></ul></p>\n<p>Easy Digital Downloads</p>\n','2024-07-10 11:53:11','2024-07-10 11:53:11','urn:uuid:2e56ebb4-ccb2-4251-a9fe-cd2b403d7af3');
INSERT INTO `wp_edd_logs` VALUES (18,0,'email',0,'email','Purchase Receipt','<p>Dear Hello,</p>\n<p>Thank you for your purchase. Please click on the link(s) below to download your files.</p>\n<p><ul><li><strong>Another Sample Product — Basic</strong><br/><div><a href=\"https://edd.local/index.php?eddfile=17%3A67%3A0%3A0&ttl=1720699127&token=28f28057f3d5456fa8beaafb7387916a6c4c5c8e98eb22269fff33d28033450e\">Files</a></div></li></ul></p>\n<p>Easy Digital Downloads</p>\n','2024-07-10 11:58:47','2024-07-10 11:58:47','urn:uuid:9cd9a029-5079-4445-ad33-d9cd7249abe1');
INSERT INTO `wp_edd_logs` VALUES (19,0,'email',0,'email','Purchase Receipt','<p>Dear Hello,</p>\n<p>Thank you for your purchase. Please click on the link(s) below to download your files.</p>\n<p><ul><li><strong>Sample Product — Basic</strong><br/><div><a href=\"https://edd.local/index.php?eddfile=18%3A16%3A0%3A0&ttl=1720701765&token=69ac8f79b69c5f05d23d4f1fe63c1942c78893f7b47b004124ca118fb2d180d8\">Files</a></div></li></ul></p>\n<p>Easy Digital Downloads</p>\n','2024-07-10 12:42:45','2024-07-10 12:42:45','urn:uuid:4f45a042-60ab-4f67-b0bd-a2b23f1c628d');
INSERT INTO `wp_edd_logs` VALUES (20,0,'email',0,'email','Purchase Receipt','<p>Dear Ahamed,</p>\n<p>Thank you for your purchase. Please click on the link(s) below to download your files.</p>\n<p><ul><li><strong>Another Sample Product — Medium</strong><br/><div><a href=\"https://edd.local/index.php?eddfile=19%3A67%3A0%3A1&ttl=1720772509&token=7d9683043b73aecc22787cf50990804527a6a5e40e0444d0e08616f7d5a9556a\">Files</a></div></li></ul></p>\n<p>Easy Digital Downloads</p>\n','2024-07-11 08:21:49','2024-07-11 08:21:49','urn:uuid:ed59fe9f-5c6e-42ba-8a08-b27356c2c4d2');
INSERT INTO `wp_edd_logs` VALUES (21,0,'email',0,'email','Purchase Receipt','<p>Dear Ahamed,</p>\n<p>Thank you for your purchase. Please click on the link(s) below to download your files.</p>\n<p><ul><li><strong>Another Sample Product — Basic</strong><br/><div><a href=\"https://edd.local/index.php?eddfile=20%3A67%3A0%3A0&ttl=1720772797&token=182dfcc5509ee991fab9dd2716a4fd6dfa3ab2b470e2c1e5a613b0b45cd8fbe2\">Files</a></div></li></ul></p>\n<p>Easy Digital Downloads</p>\n','2024-07-11 08:26:37','2024-07-11 08:26:37','urn:uuid:6928023b-c20f-44e2-82b0-22c198381cba');
INSERT INTO `wp_edd_logs` VALUES (22,0,'email',0,'email','Purchase Receipt','<p>Dear Hello,</p>\n<p>Thank you for your purchase. Please click on the link(s) below to download your files.</p>\n<p><ul><li><strong>Another Sample Product — Advanced</strong><br/><div><a href=\"https://edd.local/index.php?eddfile=21%3A67%3A0%3A2&ttl=1720772920&token=5e6429ed0c15c8caea4d9ef721c9f7a1ee4920e3db76ba46c15edc36dcd37266\">Files</a></div></li></ul></p>\n<p>Easy Digital Downloads</p>\n','2024-07-11 08:28:40','2024-07-11 08:28:40','urn:uuid:1712fde0-9312-4d51-9439-05d3495070ca');
INSERT INTO `wp_edd_logs` VALUES (23,0,'email',0,'email','Purchase Receipt','<p>Dear Ahamed,</p>\n<p>Thank you for your purchase. Please click on the link(s) below to download your files.</p>\n<p><ul><li><strong>Another Sample Product — Basic</strong><br/><div><a href=\"https://edd.local/index.php?eddfile=22%3A67%3A0%3A0&ttl=1720773350&token=c1b964d8d7550742b949966af4b1deded6a86d21e832677bb93fc1e6178213c4\">Files</a></div></li><li><strong>Another Sample Product — Medium</strong><br/><div><a href=\"https://edd.local/index.php?eddfile=22%3A67%3A0%3A1&ttl=1720773350&token=1f7d8e2c38ef63750760c5e2b348f3fb93122793ea81650f2b8c7877044e90f8\">Files</a></div></li><li><strong>Another Sample Product — Advanced</strong><br/><div><a href=\"https://edd.local/index.php?eddfile=22%3A67%3A0%3A2&ttl=1720773350&token=980f5f662ade8165301902c3df289e22f6a08b3ef7801f412a598550802db685\">Files</a></div></li></ul></p>\n<p>Easy Digital Downloads</p>\n','2024-07-11 08:35:50','2024-07-11 08:35:50','urn:uuid:c38472e5-01b8-4b72-8015-4023278ef54e');
INSERT INTO `wp_edd_logs` VALUES (29,0,'email',1,'','Purchase Receipt','<p>Dear Ahamed,</p>\n<p>Thank you for your purchase. Please click on the link(s) below to download your files.</p>\n<p><ul><li><strong>A Music Album — Song 1</strong><br/><div><a href=\"http://edd.local/index.php?eddfile=29%3A514%3A1%3A0&ttl=1721385124&file=1&token=757d80245b1582355935994d12518552490c7ac4e4246af90836924d0c52c2e9\">Song 1</a></div></li></ul></p>\n<p>Easy Digital Downloads</p>\n','2024-07-18 10:32:04','2024-07-18 10:32:04','urn:uuid:2b90e147-26b6-48dc-85f6-485b24b03fa2');
INSERT INTO `wp_edd_logs` VALUES (30,0,'email',1,'','Purchase Receipt','<p>Dear Ahamed,</p>\n<p>Thank you for your purchase. Please click on the link(s) below to download your files.</p>\n<p><ul><li><strong>One More Sample Product</strong><br/><div><a href=\"http://edd.local/index.php?eddfile=30%3A68%3A0&ttl=1721385684&token=4e819aec16da898ce8f8f4ec00ea4769696e4aa28062591b9bd8c5073aedffff\">Files</a></div></li></ul></p>\n<p>Easy Digital Downloads</p>\n','2024-07-18 10:41:24','2024-07-18 10:41:24','urn:uuid:d593046c-a635-4a08-87b3-0d4155fd4c32');
INSERT INTO `wp_edd_logs` VALUES (31,0,'email',1,'email','Purchase Receipt','<p>Dear Ahamed,</p>\n<p>Thank you for your purchase. Please click on the link(s) below to download your files.</p>\n<p><ul><li><strong>One More Sample Product</strong><br/><div><a href=\"http://edd.local/index.php?eddfile=31%3A68%3A0&ttl=1721386361&token=ef521f47e3b7c9a7f9106122f8ae827713e88d492ebbb5740c53574380506a66\">Files</a></div></li></ul></p>\n<p>Easy Digital Downloads</p>\n','2024-07-18 10:52:41','2024-07-18 10:52:41','urn:uuid:470352af-7477-4199-a600-093d8fe7eecd');
INSERT INTO `wp_edd_logs` VALUES (32,0,'email',1,'email','Purchase Receipt','<p>Dear Ahamed,</p>\n<p>Thank you for your purchase. Please click on the link(s) below to download your files.</p>\n<p><ul><li><strong>One More Sample Product</strong><br/><div><a href=\"http://edd.local/index.php?eddfile=32%3A68%3A0&ttl=1721387517&token=0db7b33f37e6c5f3155326b34f6f0f6d8dde017ad9d03dabec01e1b6b5b35a6e\">Files</a></div></li></ul></p>\n<p>Easy Digital Downloads</p>\n','2024-07-18 11:11:57','2024-07-18 11:11:57','urn:uuid:9e4c864a-c741-4543-b3ac-93874e1be466');
INSERT INTO `wp_edd_logs` VALUES (33,0,'email',1,'email','Very Good','Very Good at testing','2024-07-18 11:13:43','2024-07-18 11:13:43','urn:uuid:ce7d0f64-7a53-4dc6-96a8-533fa7aaafd0');
INSERT INTO `wp_edd_logs` VALUES (34,0,'email',1,'email','Ah AH!','Ah ah yeS!','2024-07-18 11:16:41','2024-07-18 11:16:41','urn:uuid:8f725bd4-c7a5-4ec4-997c-2b44d27cea06');
INSERT INTO `wp_edd_logs` VALUES (35,0,'email',1,'email','One More','Hey','2024-07-18 11:19:15','2024-07-18 11:19:15','urn:uuid:f360a0b5-0983-4aec-bd89-5aa26b05fb7e');
INSERT INTO `wp_edd_logs` VALUES (36,0,'email',1,'email','Purchase Receipt','<p>Dear Abc,</p>\n<p>Thank you for your purchase. Please click on the link(s) below to download your files.</p>\n<p><ul><li><strong>One More Sample Product</strong><br/><div><a href=\"https://edd.local/index.php?eddfile=33%3A68%3A0&ttl=1723560486&token=9fd64618efcbeadd5e3caacd2fb8c8b49bd5ae3b2361a4c617971f61a585ee95\">Files</a></div></li></ul></p>\n<p>Easy Digital Downloads</p>\n','2024-08-12 09:18:06','2024-08-12 09:18:06','urn:uuid:ce16716b-de91-4fae-8e70-13b964f506b7');
INSERT INTO `wp_edd_logs` VALUES (37,0,'email',1,'email','Purchase Receipt','<p>Dear Xyz,</p>\n<p>Thank you for your purchase. Please click on the link(s) below to download your files.</p>\n<p><ul><li><strong>McDonald&#8217;s Software</strong><br/><div>No downloadable files found.</div></li></ul></p>\n<p>Easy Digital Downloads</p>\n','2024-08-12 09:21:30','2024-08-12 09:21:30','urn:uuid:f630c2a4-c61a-4c6a-a969-76633f8f891a');
INSERT INTO `wp_edd_logs` VALUES (38,0,'email',1,'email','Purchase Receipt','<p>Dear User,</p>\n<p>Thank you for your purchase. Please click on the link(s) below to download your files.</p>\n<p><ul><li><strong>A Music Album — Song 1</strong><br/><div><a href=\"https://edd.local/index.php?eddfile=35%3A514%3A1%3A0&ttl=1723561635&file=1&token=a9693df2390d46439bbc6596202a6588aab07b9ea59c104ce9cedaa32db467a5\">Song 1</a></div></li></ul></p>\n<p>Easy Digital Downloads</p>\n','2024-08-12 09:37:15','2024-08-12 09:37:15','urn:uuid:07cb613e-cd8f-4799-8449-42fc3c8295f6');
INSERT INTO `wp_edd_logs` VALUES (39,0,'email',0,'email','Purchase Receipt','<!DOCTYPE html>\n<html>\n	<head>\n		<meta http-equiv=\"Content-Type\" content=\"text/html; charset=UTF-8\" />\n		<title>Easy Digital Downloads</title>\n	</head>\n	<body leftmargin=\"0\" marginwidth=\"0\" topmargin=\"0\" marginheight=\"0\" offset=\"0\" style=\"\n	background-color: #f6f6f6;\n	font-family: \'Helvetica Neue\', Helvetica, Arial, \'Lucida Grande\', sans-serif;\n\">\n		<div style=\"\n	width:100%;\n	-webkit-text-size-adjust:none !important;\n	margin:0;\n	padding: 70px 0 70px 0;\n\">\n		<table border=\"0\" cellpadding=\"0\" cellspacing=\"0\" height=\"100%\" width=\"100%\">\n			<tr>\n				<td align=\"center\" valign=\"top\">\n										<table border=\"0\" cellpadding=\"0\" cellspacing=\"0\" width=\"520\" id=\"template_container\" style=\"\n	box-shadow:0 0 0 1px #f3f3f3 !important;\n	border-radius:3px !important;\n	background-color: #ffffff;\n	border: 1px solid #e9e9e9;\n	border-radius:3px !important;\n	padding: 20px;\n\">\n						\n						<tr>\n							<td align=\"center\" valign=\"top\">\n								<!-- Header -->\n								<table border=\"0\" cellpadding=\"0\" cellspacing=\"0\" width=\"520\" id=\"template_header\" style=\"\n	color: #00000;\n	border-top-left-radius:3px !important;\n	border-top-right-radius:3px !important;\n	border-bottom: 0;\n	font-weight:bold;\n	line-height:100%;\n	text-align: center;\n	vertical-align:middle;\n\" bgcolor=\"#ffffff\">\n									<tr>\n										<td>\n											<h1 style=\"\n	color: #000000;\n	margin:0;\n	padding: 28px 24px;\n	display:block;\n	font-family: \'Helvetica Neue\', Helvetica, Arial, \'Lucida Grande\', sans-serif;\n	font-size:32px;\n	font-weight: 500;\n	line-height: 1.2;\n\">Purchase Receipt</h1>\n										</td>\n									</tr>\n								</table>\n								<!-- End Header -->\n							</td>\n						</tr>\n						\n						<tr>\n							<td align=\"center\" valign=\"top\">\n								<!-- Body -->\n								<table border=\"0\" cellpadding=\"0\" cellspacing=\"0\" width=\"520\" id=\"template_body\">\n									<tr>\n										<td valign=\"top\" style=\"\n	border-radius:3px !important;\n	font-family: \'Helvetica Neue\', Helvetica, Arial, \'Lucida Grande\', sans-serif;\n\">\n											<!-- Content -->\n											<table border=\"0\" cellpadding=\"20\" cellspacing=\"0\" width=\"100%\">\n												<tr>\n													<td valign=\"top\">\n														<div style=\"\n	color: #000000;\n	font-size:14px;\n	font-family: \'Helvetica Neue\', Helvetica, Arial, \'Lucida Grande\', sans-serif;\n	line-height:150%;\n	text-align:left;\n\">\n<p>Dear Hello,</p>\n<p>Thank you for your purchase. Please click on the link(s) below to download your files.</p>\n<ul>\n<li><strong>Sample Product — Basic</strong>\n<div><a href=\"https://edd.local/index.php?eddfile=38%3A16%3A0%3A0&ttl=1724345003&token=235830993063fb449e7631a1ab340578e9a57a9c02fed51f5460449bdae663a2\">Files</a></div>\n</li>\n</ul>\n<p>Easy Digital Downloads</p>\n\n															</div>\n														</td>\n                                                    </tr>\n                                                </table>\n                                                <!-- End Content -->\n                                            </td>\n                                        </tr>\n                                    </table>\n                                    <!-- End Body -->\n                                </td>\n                            </tr>\n                            <tr>\n                                <td align=\"center\" valign=\"top\">\n                                    <!-- Footer -->\n                                    <table border=\"0\" cellpadding=\"10\" cellspacing=\"0\" width=\"600\" id=\"template_footer\" style=\"\n	border-top:0;\n	-webkit-border-radius:3px;\n\">\n                                        <tr>\n                                            <td valign=\"top\">\n                                                <table border=\"0\" cellpadding=\"10\" cellspacing=\"0\" width=\"100%\">\n                                                    <tr>\n                                                        <td colspan=\"2\" valign=\"middle\" id=\"credit\" style=\"\n	border:0;\n	color: #000000;\n	font-family: \'Helvetica Neue\', Helvetica, Arial, \'Lucida Grande\', sans-serif;\n	font-size:12px;\n	line-height:125%;\n	text-align:center;\n\">\n                                                           <p><a href=\"https://edd.local\">Easy Digital Downloads</a></p>\n                                                        </td>\n                                                    </tr>\n                                                </table>\n                                            </td>\n                                        </tr>\n                                    </table>\n                                    <!-- End Footer -->\n                                </td>\n                            </tr>\n                        </table>\n                    </td>\n                </tr>\n            </table>\n        </div>\n    </body>\n</html>','2024-08-21 11:13:23','2024-08-21 11:13:23','urn:uuid:e564c432-54b9-48be-9439-3488fdf45443');
INSERT INTO `wp_edd_logs` VALUES (40,0,'gateway_error',1,'gateway_error','stripe','edds_api_error','2025-05-20 14:28:34','2025-05-20 14:28:34','urn:uuid:ec06196b-1480-4cbd-a7e7-0a4f56c2d32c');
INSERT INTO `wp_edd_logs` VALUES (41,0,'gateway_error',1,'gateway_error','stripe','edds_api_error','2025-08-11 17:18:44','2025-08-11 17:18:44','urn:uuid:51949de5-b5fe-4156-9bea-81d128024c04');

--
-- Table structure for table `wp_edd_logs_api_requestmeta`
--

 SET character_set_client = utf8mb4 ;
CREATE TABLE `wp_edd_logs_api_requestmeta` (
  `meta_id` bigint(20) unsigned NOT NULL AUTO_INCREMENT,
  `edd_logs_api_request_id` bigint(20) unsigned NOT NULL DEFAULT '0',
  `meta_key` varchar(255) COLLATE utf8mb4_unicode_520_ci DEFAULT NULL,
  `meta_value` longtext COLLATE utf8mb4_unicode_520_ci,
  PRIMARY KEY (`meta_id`),
  KEY `edd_logs_api_request_id` (`edd_logs_api_request_id`),
  KEY `meta_key` (`meta_key`(191))
) ENGINE=InnoDB DEFAULT CHARSET=utf8mb4 COLLATE=utf8mb4_unicode_520_ci;

--
-- Dumping data for table `wp_edd_logs_api_requestmeta`
--


--
-- Table structure for table `wp_edd_logs_api_requests`
--

 SET character_set_client = utf8mb4 ;
CREATE TABLE `wp_edd_logs_api_requests` (
  `id` bigint(20) unsigned NOT NULL AUTO_INCREMENT,
  `user_id` bigint(20) unsigned NOT NULL DEFAULT '0',
  `api_key` varchar(32) COLLATE utf8mb4_unicode_520_ci NOT NULL DEFAULT 'public',
  `token` varchar(32) COLLATE utf8mb4_unicode_520_ci NOT NULL DEFAULT '',
  `version` varchar(32) COLLATE utf8mb4_unicode_520_ci NOT NULL DEFAULT '',
  `request` longtext COLLATE utf8mb4_unicode_520_ci NOT NULL,
  `error` longtext COLLATE utf8mb4_unicode_520_ci NOT NULL,
  `ip` varchar(60) COLLATE utf8mb4_unicode_520_ci NOT NULL DEFAULT '',
  `time` varchar(60) COLLATE utf8mb4_unicode_520_ci NOT NULL DEFAULT '',
  `date_created` datetime NOT NULL DEFAULT CURRENT_TIMESTAMP,
  `date_modified` datetime NOT NULL DEFAULT CURRENT_TIMESTAMP,
  `uuid` varchar(100) COLLATE utf8mb4_unicode_520_ci NOT NULL DEFAULT '',
  PRIMARY KEY (`id`),
  KEY `user_id` (`user_id`),
  KEY `date_created` (`date_created`)
) ENGINE=InnoDB AUTO_INCREMENT=80 DEFAULT CHARSET=utf8mb4 COLLATE=utf8mb4_unicode_520_ci;

--
-- Dumping data for table `wp_edd_logs_api_requests`
--

INSERT INTO `wp_edd_logs_api_requests` VALUES (1,1,'5b2eaefd58252739d2fd7f1ebe6aea80','de3b69c6581d1103c6c274d3a7e7507a','v2','edd-api=zapier-test&key=5b2eaefd58252739d2fd7f1ebe6aea80&token=de3b69c6581d1103c6c274d3a7e7507a','','127.0.0.1','0.0018858909606934','2024-09-13 11:17:45','2024-09-13 11:17:45','urn:uuid:7a546bf4-90f8-4864-9290-b660a237f5ca');
INSERT INTO `wp_edd_logs_api_requests` VALUES (2,1,'5b2eaefd58252739d2fd7f1ebe6aea80','de3b69c6581d1103c6c274d3a7e7507a','v2','edd-api=zapier-test&key=5b2eaefd58252739d2fd7f1ebe6aea80&token=de3b69c6581d1103c6c274d3a7e7507a','','127.0.0.1','0.00030803680419922','2024-09-13 11:17:51','2024-09-13 11:17:51','urn:uuid:647f3c6d-bccb-4f86-8e64-2ffe29e95f87');
INSERT INTO `wp_edd_logs_api_requests` VALUES (3,1,'5b2eaefd58252739d2fd7f1ebe6aea80','de3b69c6581d1103c6c274d3a7e7507a','v2','edd-api=zapier-test&key=5b2eaefd58252739d2fd7f1ebe6aea80&token=de3b69c6581d1103c6c274d3a7e7507a','','127.0.0.1','0.00035285949707031','2024-09-13 11:18:39','2024-09-13 11:18:39','urn:uuid:20b46b6f-44d2-4d55-a987-ede9d1d1b16e');
INSERT INTO `wp_edd_logs_api_requests` VALUES (4,1,'5b2eaefd58252739d2fd7f1ebe6aea80','de3b69c6581d1103c6c274d3a7e7507a','v2','edd-api=zapier-test&key=5b2eaefd58252739d2fd7f1ebe6aea80&token=de3b69c6581d1103c6c274d3a7e7507a','','127.0.0.1','0.00038599967956543','2024-09-13 11:18:45','2024-09-13 11:18:45','urn:uuid:3f8f12bb-d421-4b5a-8357-5760bde25b7b');
INSERT INTO `wp_edd_logs_api_requests` VALUES (5,1,'5b2eaefd58252739d2fd7f1ebe6aea80','de3b69c6581d1103c6c274d3a7e7507a','v2','edd-api=zapier-test&key=5b2eaefd58252739d2fd7f1ebe6aea80&token=de3b69c6581d1103c6c274d3a7e7507a','','127.0.0.1','0.00038790702819824','2024-09-13 11:19:37','2024-09-13 11:19:37','urn:uuid:2d50ee94-77b5-45e8-bc0b-a3cfb057f73b');
INSERT INTO `wp_edd_logs_api_requests` VALUES (6,1,'5b2eaefd58252739d2fd7f1ebe6aea80','de3b69c6581d1103c6c274d3a7e7507a','v2','edd-api=zapier-test&key=5b2eaefd58252739d2fd7f1ebe6aea80&token=de3b69c6581d1103c6c274d3a7e7507a','','127.0.0.1','0.00037407875061035','2024-09-13 11:19:39','2024-09-13 11:19:39','urn:uuid:118e7d12-0108-4d19-bb81-ebf1959b83bf');
INSERT INTO `wp_edd_logs_api_requests` VALUES (7,1,'5b2eaefd58252739d2fd7f1ebe6aea80','de3b69c6581d1103c6c274d3a7e7507a','v2','edd-api=zapier-test&key=5b2eaefd58252739d2fd7f1ebe6aea80&token=de3b69c6581d1103c6c274d3a7e7507a','','127.0.0.1','0.00037884712219238','2024-09-13 11:19:45','2024-09-13 11:19:45','urn:uuid:72d019f0-6eb3-422a-8974-db2f8a70ea74');
INSERT INTO `wp_edd_logs_api_requests` VALUES (8,1,'5b2eaefd58252739d2fd7f1ebe6aea80','de3b69c6581d1103c6c274d3a7e7507a','v2','edd-api=zapier-test&key=5b2eaefd58252739d2fd7f1ebe6aea80&token=de3b69c6581d1103c6c274d3a7e7507a','','127.0.0.1','0.00032186508178711','2024-09-13 11:19:53','2024-09-13 11:19:53','urn:uuid:5043646f-a818-4e8a-a1c3-d5a27da91406');
INSERT INTO `wp_edd_logs_api_requests` VALUES (9,1,'5b2eaefd58252739d2fd7f1ebe6aea80','de3b69c6581d1103c6c274d3a7e7507a','v2','edd-api=zapier-test&key=5b2eaefd58252739d2fd7f1ebe6aea80&token=de3b69c6581d1103c6c274d3a7e7507a','','127.0.0.1','0.00034213066101074','2024-09-13 11:19:59','2024-09-13 11:19:59','urn:uuid:96c715fe-c2a1-4c0f-989f-f59a704e7d9e');
INSERT INTO `wp_edd_logs_api_requests` VALUES (10,1,'5b2eaefd58252739d2fd7f1ebe6aea80','de3b69c6581d1103c6c274d3a7e7507a','v2','edd-api=zapier-subscribe&key=5b2eaefd58252739d2fd7f1ebe6aea80&token=de3b69c6581d1103c6c274d3a7e7507a','','127.0.0.1','0.0053889751434326','2024-09-13 11:22:04','2024-09-13 11:22:04','urn:uuid:090c4998-367d-44af-a7d0-5bec61e14642');
INSERT INTO `wp_edd_logs_api_requests` VALUES (11,1,'5b2eaefd58252739d2fd7f1ebe6aea80','de3b69c6581d1103c6c274d3a7e7507a','v2','edd-api=zapier-subscribe&key=5b2eaefd58252739d2fd7f1ebe6aea80&token=de3b69c6581d1103c6c274d3a7e7507a','','127.0.0.1','0.0046029090881348','2024-09-13 11:22:54','2024-09-13 11:22:54','urn:uuid:86f3f4a3-e81c-4ab8-8a7e-b4555ed405f3');
INSERT INTO `wp_edd_logs_api_requests` VALUES (12,1,'5b2eaefd58252739d2fd7f1ebe6aea80','de3b69c6581d1103c6c274d3a7e7507a','v2','edd-api=zapier-test&key=5b2eaefd58252739d2fd7f1ebe6aea80&token=de3b69c6581d1103c6c274d3a7e7507a','','127.0.0.1','0.00032711029052734','2024-09-13 11:25:17','2024-09-13 11:25:17','urn:uuid:bd847c4e-0c29-4169-afb6-eda94be34487');
INSERT INTO `wp_edd_logs_api_requests` VALUES (13,1,'5b2eaefd58252739d2fd7f1ebe6aea80','de3b69c6581d1103c6c274d3a7e7507a','v2','edd-api=zapier-test&key=5b2eaefd58252739d2fd7f1ebe6aea80&token=de3b69c6581d1103c6c274d3a7e7507a','','127.0.0.1','0.00037980079650879','2024-09-13 11:29:17','2024-09-13 11:29:17','urn:uuid:b0fdef66-ae5d-4860-be06-aa0e273623bb');
INSERT INTO `wp_edd_logs_api_requests` VALUES (14,1,'5b2eaefd58252739d2fd7f1ebe6aea80','de3b69c6581d1103c6c274d3a7e7507a','v2','edd-api=zapier-subscribe&key=5b2eaefd58252739d2fd7f1ebe6aea80&token=de3b69c6581d1103c6c274d3a7e7507a','','127.0.0.1','0.0036940574645996','2024-09-13 11:29:19','2024-09-13 11:29:19','urn:uuid:afbf5b48-62a3-4043-95c8-683f5bd3687a');
INSERT INTO `wp_edd_logs_api_requests` VALUES (15,1,'5b2eaefd58252739d2fd7f1ebe6aea80','de3b69c6581d1103c6c274d3a7e7507a','v2','edd-api=zapier-test&key=5b2eaefd58252739d2fd7f1ebe6aea80&token=de3b69c6581d1103c6c274d3a7e7507a','','127.0.0.1','0.0043988227844238','2024-09-13 19:58:02','2024-09-13 19:58:02','urn:uuid:cd8036a2-0bea-4233-a987-0292a8c53ba9');
INSERT INTO `wp_edd_logs_api_requests` VALUES (16,1,'5b2eaefd58252739d2fd7f1ebe6aea80','de3b69c6581d1103c6c274d3a7e7507a','v2','edd-api=zapier-test&key=5b2eaefd58252739d2fd7f1ebe6aea80&token=de3b69c6581d1103c6c274d3a7e7507a','','127.0.0.1','0.00041007995605469','2024-09-13 19:59:42','2024-09-13 19:59:42','urn:uuid:20b974c0-5f37-4516-9c83-cdf00e0a9748');
INSERT INTO `wp_edd_logs_api_requests` VALUES (17,1,'5b2eaefd58252739d2fd7f1ebe6aea80','de3b69c6581d1103c6c274d3a7e7507a','v2','edd-api=zapier-test&key=5b2eaefd58252739d2fd7f1ebe6aea80&token=de3b69c6581d1103c6c274d3a7e7507a','','127.0.0.1','0.0024318695068359','2024-09-21 08:26:59','2024-09-21 08:26:59','urn:uuid:e1f12301-7a5b-45d4-9f5a-40151fddfe44');
INSERT INTO `wp_edd_logs_api_requests` VALUES (18,1,'5b2eaefd58252739d2fd7f1ebe6aea80','de3b69c6581d1103c6c274d3a7e7507a','v2','edd-api=zapier-subscribe&key=5b2eaefd58252739d2fd7f1ebe6aea80&token=de3b69c6581d1103c6c274d3a7e7507a','','127.0.0.1','0.011606216430664','2024-09-21 08:27:27','2024-09-21 08:27:27','urn:uuid:e25dbe05-9d17-4721-aa9c-83c9e7ab3d44');
INSERT INTO `wp_edd_logs_api_requests` VALUES (19,1,'5b2eaefd58252739d2fd7f1ebe6aea80','de3b69c6581d1103c6c274d3a7e7507a','v2','edd-api=zapier-test&key=5b2eaefd58252739d2fd7f1ebe6aea80&token=de3b69c6581d1103c6c274d3a7e7507a','','127.0.0.1','0.0029618740081787','2024-09-23 18:51:39','2024-09-23 18:51:39','urn:uuid:73356531-c95c-45f9-967d-9914fc3c7856');
INSERT INTO `wp_edd_logs_api_requests` VALUES (20,1,'5b2eaefd58252739d2fd7f1ebe6aea80','de3b69c6581d1103c6c274d3a7e7507a','v2','edd-api=zapier-test&key=5b2eaefd58252739d2fd7f1ebe6aea80&token=de3b69c6581d1103c6c274d3a7e7507a','','127.0.0.1','0.00032806396484375','2024-09-23 18:51:45','2024-09-23 18:51:45','urn:uuid:fc2fbf9d-83af-4dff-a396-1a58323c0182');
INSERT INTO `wp_edd_logs_api_requests` VALUES (21,1,'5b2eaefd58252739d2fd7f1ebe6aea80','de3b69c6581d1103c6c274d3a7e7507a','v2','edd-api=zapier-test&key=5b2eaefd58252739d2fd7f1ebe6aea80&token=de3b69c6581d1103c6c274d3a7e7507a','','127.0.0.1','0.00032997131347656','2024-09-23 18:51:55','2024-09-23 18:51:55','urn:uuid:a362b7d6-0af1-42b4-b589-c23568521c68');
INSERT INTO `wp_edd_logs_api_requests` VALUES (22,1,'5b2eaefd58252739d2fd7f1ebe6aea80','de3b69c6581d1103c6c274d3a7e7507a','v2','edd-api=zapier-test&key=5b2eaefd58252739d2fd7f1ebe6aea80&token=de3b69c6581d1103c6c274d3a7e7507a','','127.0.0.1','0.0003199577331543','2024-09-23 19:21:29','2024-09-23 19:21:29','urn:uuid:215e85c0-cc35-4fcf-bc03-d4fc22f9cd27');
INSERT INTO `wp_edd_logs_api_requests` VALUES (23,1,'5b2eaefd58252739d2fd7f1ebe6aea80','de3b69c6581d1103c6c274d3a7e7507a','v2','edd-api=zapier-test&key=5b2eaefd58252739d2fd7f1ebe6aea80&token=de3b69c6581d1103c6c274d3a7e7507a','','127.0.0.1','0.0037219524383545','2024-09-26 14:56:18','2024-09-26 14:56:18','urn:uuid:dd4dcc13-2bd8-42b7-b504-f00fb5922907');
INSERT INTO `wp_edd_logs_api_requests` VALUES (24,1,'5b2eaefd58252739d2fd7f1ebe6aea80','de3b69c6581d1103c6c274d3a7e7507a','v2','edd-api=zapier-subscribe&key=5b2eaefd58252739d2fd7f1ebe6aea80&token=de3b69c6581d1103c6c274d3a7e7507a','','127.0.0.1','0.0077040195465088','2024-09-26 14:56:46','2024-09-26 14:56:46','urn:uuid:725ce8bf-bdf9-4fa1-b19c-a9d05b6df633');
INSERT INTO `wp_edd_logs_api_requests` VALUES (25,1,'5b2eaefd58252739d2fd7f1ebe6aea80','de3b69c6581d1103c6c274d3a7e7507a','v2','edd-api=zapier-subscribe&key=5b2eaefd58252739d2fd7f1ebe6aea80&token=de3b69c6581d1103c6c274d3a7e7507a','','127.0.0.1','0.0044560432434082','2024-09-26 14:58:59','2024-09-26 14:58:59','urn:uuid:0c4faf5d-2ed7-4b5b-8332-6145f862b74f');
INSERT INTO `wp_edd_logs_api_requests` VALUES (26,1,'5b2eaefd58252739d2fd7f1ebe6aea80','de3b69c6581d1103c6c274d3a7e7507a','v2','edd-api=zapier-test&key=5b2eaefd58252739d2fd7f1ebe6aea80&token=de3b69c6581d1103c6c274d3a7e7507a','','127.0.0.1','0.0002589225769043','2024-09-26 15:00:45','2024-09-26 15:00:45','urn:uuid:3b16548d-84c6-43f9-af5d-0dabced98292');
INSERT INTO `wp_edd_logs_api_requests` VALUES (27,1,'5b2eaefd58252739d2fd7f1ebe6aea80','de3b69c6581d1103c6c274d3a7e7507a','v2','edd-api=zapier-unsubscribe&key=5b2eaefd58252739d2fd7f1ebe6aea80&token=de3b69c6581d1103c6c274d3a7e7507a','','127.0.0.1','0.00045299530029297','2024-09-26 15:00:51','2024-09-26 15:00:51','urn:uuid:c4f5ac1d-3a78-4d3f-9e85-09530e762230');
INSERT INTO `wp_edd_logs_api_requests` VALUES (28,1,'5b2eaefd58252739d2fd7f1ebe6aea80','de3b69c6581d1103c6c274d3a7e7507a','v2','edd-api=zapier-subscribe&key=5b2eaefd58252739d2fd7f1ebe6aea80&token=de3b69c6581d1103c6c274d3a7e7507a','','127.0.0.1','0.0038669109344482','2024-09-26 15:00:58','2024-09-26 15:00:58','urn:uuid:6f79c950-d8b5-4108-8890-c1f42aab1bf2');
INSERT INTO `wp_edd_logs_api_requests` VALUES (29,1,'5b2eaefd58252739d2fd7f1ebe6aea80','de3b69c6581d1103c6c274d3a7e7507a','v2','edd-api=zapier-test&key=5b2eaefd58252739d2fd7f1ebe6aea80&token=de3b69c6581d1103c6c274d3a7e7507a','','127.0.0.1','0.0023949146270752','2025-07-29 15:16:53','2025-07-29 15:16:53','urn:uuid:fdbf4ad1-6bfe-45c0-94ea-3b8443035129');
INSERT INTO `wp_edd_logs_api_requests` VALUES (30,1,'5b2eaefd58252739d2fd7f1ebe6aea80','de3b69c6581d1103c6c274d3a7e7507a','v2','edd-api=zapier-test&key=5b2eaefd58252739d2fd7f1ebe6aea80&token=de3b69c6581d1103c6c274d3a7e7507a','','127.0.0.1','0.00034594535827637','2025-07-29 15:16:57','2025-07-29 15:16:57','urn:uuid:2033e933-209e-43c1-afc0-463424a28279');
INSERT INTO `wp_edd_logs_api_requests` VALUES (31,1,'5b2eaefd58252739d2fd7f1ebe6aea80','de3b69c6581d1103c6c274d3a7e7507a','v2','edd-api=zapier-test&key=5b2eaefd58252739d2fd7f1ebe6aea80&token=de3b69c6581d1103c6c274d3a7e7507a','','127.0.0.1','0.00034284591674805','2025-07-29 15:17:06','2025-07-29 15:17:06','urn:uuid:1b9b6c8f-1b74-4979-b536-139b5074d18a');
INSERT INTO `wp_edd_logs_api_requests` VALUES (32,1,'5b2eaefd58252739d2fd7f1ebe6aea80','de3b69c6581d1103c6c274d3a7e7507a','v2','edd-api=zapier-test&key=5b2eaefd58252739d2fd7f1ebe6aea80&token=de3b69c6581d1103c6c274d3a7e7507a','','127.0.0.1','0.00029301643371582','2025-07-29 15:17:08','2025-07-29 15:17:08','urn:uuid:be66666b-b586-4fa3-9da7-e50cc43d06b6');
INSERT INTO `wp_edd_logs_api_requests` VALUES (33,1,'5b2eaefd58252739d2fd7f1ebe6aea80','de3b69c6581d1103c6c274d3a7e7507a','v2','edd-api=zapier-test&key=5b2eaefd58252739d2fd7f1ebe6aea80&token=de3b69c6581d1103c6c274d3a7e7507a','','127.0.0.1','0.00037908554077148','2025-07-29 15:26:19','2025-07-29 15:26:19','urn:uuid:918b0e77-f6eb-4c90-b947-05f6bbf49308');
INSERT INTO `wp_edd_logs_api_requests` VALUES (34,1,'5b2eaefd58252739d2fd7f1ebe6aea80','de3b69c6581d1103c6c274d3a7e7507a','v2','edd-api=zapier-test&key=5b2eaefd58252739d2fd7f1ebe6aea80&token=de3b69c6581d1103c6c274d3a7e7507a','','127.0.0.1','0.00048089027404785','2025-07-29 15:38:33','2025-07-29 15:38:33','urn:uuid:d984ad4f-85fc-4815-9572-a98c9f3f2c94');
INSERT INTO `wp_edd_logs_api_requests` VALUES (35,1,'5b2eaefd58252739d2fd7f1ebe6aea80','de3b69c6581d1103c6c274d3a7e7507a','v2','edd-api=zapier-test&key=5b2eaefd58252739d2fd7f1ebe6aea80&token=de3b69c6581d1103c6c274d3a7e7507a','','127.0.0.1','0.00041294097900391','2025-07-29 15:44:00','2025-07-29 15:44:00','urn:uuid:8dc122bd-000f-427b-803c-431071e3d1cd');
INSERT INTO `wp_edd_logs_api_requests` VALUES (36,1,'5b2eaefd58252739d2fd7f1ebe6aea80','de3b69c6581d1103c6c274d3a7e7507a','v2','edd-api=zapier-test&key=5b2eaefd58252739d2fd7f1ebe6aea80&token=de3b69c6581d1103c6c274d3a7e7507a','','127.0.0.1','0.00036382675170898','2025-07-29 15:44:07','2025-07-29 15:44:07','urn:uuid:9624d3a4-13d8-4e86-b49e-6cd4a894fad8');
INSERT INTO `wp_edd_logs_api_requests` VALUES (37,1,'5b2eaefd58252739d2fd7f1ebe6aea80','de3b69c6581d1103c6c274d3a7e7507a','v2','edd-api=zapier-test&key=5b2eaefd58252739d2fd7f1ebe6aea80&token=de3b69c6581d1103c6c274d3a7e7507a','','127.0.0.1','0.00028896331787109','2025-07-29 15:44:18','2025-07-29 15:44:18','urn:uuid:fd26c5c4-2b6d-4f7e-a3f8-7aae397cfee7');
INSERT INTO `wp_edd_logs_api_requests` VALUES (38,1,'5b2eaefd58252739d2fd7f1ebe6aea80','de3b69c6581d1103c6c274d3a7e7507a','v2','edd-api=zapier-test&key=5b2eaefd58252739d2fd7f1ebe6aea80&token=de3b69c6581d1103c6c274d3a7e7507a','','127.0.0.1','0.00029516220092773','2025-07-29 15:44:18','2025-07-29 15:44:18','urn:uuid:31fc24f8-1b39-4715-b063-b6688e67d1b2');
INSERT INTO `wp_edd_logs_api_requests` VALUES (39,1,'5b2eaefd58252739d2fd7f1ebe6aea80','de3b69c6581d1103c6c274d3a7e7507a','v2','edd-api=zapier-subscribe&key=5b2eaefd58252739d2fd7f1ebe6aea80&token=de3b69c6581d1103c6c274d3a7e7507a','','127.0.0.1','0.0071911811828613','2025-07-29 15:44:32','2025-07-29 15:44:32','urn:uuid:9e606d44-e1bb-4e3a-96ba-22ef28d289ba');
INSERT INTO `wp_edd_logs_api_requests` VALUES (40,1,'5b2eaefd58252739d2fd7f1ebe6aea80','de3b69c6581d1103c6c274d3a7e7507a','v2','edd-api=zapier-test&key=5b2eaefd58252739d2fd7f1ebe6aea80&token=de3b69c6581d1103c6c274d3a7e7507a','','127.0.0.1','0.00027203559875488','2025-07-29 15:47:03','2025-07-29 15:47:03','urn:uuid:84a10f7f-5b96-4947-b331-6638c7ab75a9');
INSERT INTO `wp_edd_logs_api_requests` VALUES (41,1,'5b2eaefd58252739d2fd7f1ebe6aea80','de3b69c6581d1103c6c274d3a7e7507a','v2','edd-api=zapier-test&key=5b2eaefd58252739d2fd7f1ebe6aea80&token=de3b69c6581d1103c6c274d3a7e7507a','','127.0.0.1','0.00031399726867676','2025-07-29 15:47:03','2025-07-29 15:47:03','urn:uuid:96b7e40b-4abe-495e-a508-9240deefc0d2');
INSERT INTO `wp_edd_logs_api_requests` VALUES (42,1,'5b2eaefd58252739d2fd7f1ebe6aea80','de3b69c6581d1103c6c274d3a7e7507a','v2','edd-api=zapier-test&key=5b2eaefd58252739d2fd7f1ebe6aea80&token=de3b69c6581d1103c6c274d3a7e7507a','','127.0.0.1','0.00083303451538086','2025-07-29 15:54:14','2025-07-29 15:54:14','urn:uuid:b913204c-4d1c-44d4-b759-fb3e775b696f');
INSERT INTO `wp_edd_logs_api_requests` VALUES (43,1,'5b2eaefd58252739d2fd7f1ebe6aea80','de3b69c6581d1103c6c274d3a7e7507a','v2','edd-api=zapier-test&key=5b2eaefd58252739d2fd7f1ebe6aea80&token=de3b69c6581d1103c6c274d3a7e7507a','','127.0.0.1','0.00037097930908203','2025-07-29 15:58:40','2025-07-29 15:58:40','urn:uuid:40baea9b-26b7-4e80-944f-ebfde085dd17');
INSERT INTO `wp_edd_logs_api_requests` VALUES (44,1,'5b2eaefd58252739d2fd7f1ebe6aea80','de3b69c6581d1103c6c274d3a7e7507a','v2','edd-api=zapier-subscribe&key=5b2eaefd58252739d2fd7f1ebe6aea80&token=de3b69c6581d1103c6c274d3a7e7507a','','127.0.0.1','0.0066070556640625','2025-07-29 15:58:44','2025-07-29 15:58:44','urn:uuid:a1c6301b-e229-4ec9-99f7-6078876f4112');
INSERT INTO `wp_edd_logs_api_requests` VALUES (45,1,'5b2eaefd58252739d2fd7f1ebe6aea80','de3b69c6581d1103c6c274d3a7e7507a','v2','edd-api=zapier-test&key=5b2eaefd58252739d2fd7f1ebe6aea80&token=de3b69c6581d1103c6c274d3a7e7507a','','127.0.0.1','0.00033402442932129','2025-07-29 16:01:14','2025-07-29 16:01:14','urn:uuid:3277f36c-7094-45f5-b2c4-6f6670fe4c4e');
INSERT INTO `wp_edd_logs_api_requests` VALUES (46,1,'5b2eaefd58252739d2fd7f1ebe6aea80','de3b69c6581d1103c6c274d3a7e7507a','v2','edd-api=zapier-test&key=5b2eaefd58252739d2fd7f1ebe6aea80&token=de3b69c6581d1103c6c274d3a7e7507a','','127.0.0.1','0.00046396255493164','2025-07-29 16:13:51','2025-07-29 16:13:51','urn:uuid:fb079459-9482-4207-9420-7fad844d3895');
INSERT INTO `wp_edd_logs_api_requests` VALUES (47,1,'5b2eaefd58252739d2fd7f1ebe6aea80','de3b69c6581d1103c6c274d3a7e7507a','v2','edd-api=zapier-test&key=5b2eaefd58252739d2fd7f1ebe6aea80&token=de3b69c6581d1103c6c274d3a7e7507a','','127.0.0.1','0.00032806396484375','2025-07-29 16:15:09','2025-07-29 16:15:09','urn:uuid:57af1732-ea97-4544-b094-70b8e22d1035');
INSERT INTO `wp_edd_logs_api_requests` VALUES (48,1,'5b2eaefd58252739d2fd7f1ebe6aea80','de3b69c6581d1103c6c274d3a7e7507a','v2','edd-api=zapier-test&key=5b2eaefd58252739d2fd7f1ebe6aea80&token=de3b69c6581d1103c6c274d3a7e7507a','','127.0.0.1','0.0044620037078857','2025-07-29 16:17:33','2025-07-29 16:17:33','urn:uuid:9493683f-bc1c-4787-8d3b-ae3cf5ebbd7d');
INSERT INTO `wp_edd_logs_api_requests` VALUES (49,1,'5b2eaefd58252739d2fd7f1ebe6aea80','de3b69c6581d1103c6c274d3a7e7507a','v2','edd-api=zapier-unsubscribe&key=5b2eaefd58252739d2fd7f1ebe6aea80&token=de3b69c6581d1103c6c274d3a7e7507a','','127.0.0.1','0.00048112869262695','2025-07-29 16:19:21','2025-07-29 16:19:21','urn:uuid:b0a2cb1c-b2d4-407b-9f2d-794bc39aab6d');
INSERT INTO `wp_edd_logs_api_requests` VALUES (50,1,'5b2eaefd58252739d2fd7f1ebe6aea80','de3b69c6581d1103c6c274d3a7e7507a','v2','edd-api=zapier-test&key=5b2eaefd58252739d2fd7f1ebe6aea80&token=de3b69c6581d1103c6c274d3a7e7507a','','127.0.0.1','0.00044894218444824','2025-07-29 16:19:53','2025-07-29 16:19:53','urn:uuid:e30e9fef-59a4-4eae-9292-305164f34a50');
INSERT INTO `wp_edd_logs_api_requests` VALUES (51,1,'5b2eaefd58252739d2fd7f1ebe6aea80','de3b69c6581d1103c6c274d3a7e7507a','v2','edd-api=zapier-test&key=5b2eaefd58252739d2fd7f1ebe6aea80&token=de3b69c6581d1103c6c274d3a7e7507a','','127.0.0.1','0.00032305717468262','2025-07-29 16:24:29','2025-07-29 16:24:29','urn:uuid:bcc5a198-5d0d-4782-8989-115abe6761e2');
INSERT INTO `wp_edd_logs_api_requests` VALUES (52,1,'5b2eaefd58252739d2fd7f1ebe6aea80','de3b69c6581d1103c6c274d3a7e7507a','v2','edd-api=zapier-test&key=5b2eaefd58252739d2fd7f1ebe6aea80&token=de3b69c6581d1103c6c274d3a7e7507a','','127.0.0.1','0.00028514862060547','2025-07-29 16:28:58','2025-07-29 16:28:58','urn:uuid:b01bede1-8098-4fdb-8630-f8aba8a84e43');
INSERT INTO `wp_edd_logs_api_requests` VALUES (53,1,'5b2eaefd58252739d2fd7f1ebe6aea80','de3b69c6581d1103c6c274d3a7e7507a','v2','edd-api=zapier-test&key=5b2eaefd58252739d2fd7f1ebe6aea80&token=de3b69c6581d1103c6c274d3a7e7507a','','127.0.0.1','0.00029706954956055','2025-07-29 16:35:01','2025-07-29 16:35:01','urn:uuid:4ae1038e-d471-4d6f-8121-fa3037fc85f9');
INSERT INTO `wp_edd_logs_api_requests` VALUES (54,1,'5b2eaefd58252739d2fd7f1ebe6aea80','de3b69c6581d1103c6c274d3a7e7507a','v2','edd-api=zapier-test&key=5b2eaefd58252739d2fd7f1ebe6aea80&token=de3b69c6581d1103c6c274d3a7e7507a','','127.0.0.1','0.0003211498260498','2025-07-29 16:35:39','2025-07-29 16:35:39','urn:uuid:0af041e6-c6d7-44fa-ac03-91814ce47805');
INSERT INTO `wp_edd_logs_api_requests` VALUES (55,1,'5b2eaefd58252739d2fd7f1ebe6aea80','de3b69c6581d1103c6c274d3a7e7507a','v2','edd-api=zapier-test&key=5b2eaefd58252739d2fd7f1ebe6aea80&token=de3b69c6581d1103c6c274d3a7e7507a','','127.0.0.1','0.00046992301940918','2025-07-29 16:52:48','2025-07-29 16:52:48','urn:uuid:be83644f-dc36-42d5-bd45-72891d013ba1');
INSERT INTO `wp_edd_logs_api_requests` VALUES (56,1,'5b2eaefd58252739d2fd7f1ebe6aea80','de3b69c6581d1103c6c274d3a7e7507a','v2','edd-api=zapier-test&key=5b2eaefd58252739d2fd7f1ebe6aea80&token=de3b69c6581d1103c6c274d3a7e7507a','','127.0.0.1','0.00028491020202637','2025-07-29 16:59:40','2025-07-29 16:59:40','urn:uuid:2449269f-2513-457f-afee-9703ad2fbf03');
INSERT INTO `wp_edd_logs_api_requests` VALUES (57,1,'5b2eaefd58252739d2fd7f1ebe6aea80','de3b69c6581d1103c6c274d3a7e7507a','v2','edd-api=zapier-test&key=5b2eaefd58252739d2fd7f1ebe6aea80&token=de3b69c6581d1103c6c274d3a7e7507a','','127.0.0.1','0.00056982040405273','2025-07-29 17:01:26','2025-07-29 17:01:26','urn:uuid:334fc9ae-1d13-468d-b414-15acf0cd1633');
INSERT INTO `wp_edd_logs_api_requests` VALUES (58,1,'5b2eaefd58252739d2fd7f1ebe6aea80','de3b69c6581d1103c6c274d3a7e7507a','v2','edd-api=zapier-test&key=5b2eaefd58252739d2fd7f1ebe6aea80&token=de3b69c6581d1103c6c274d3a7e7507a','','127.0.0.1','0.00032305717468262','2025-07-29 17:01:40','2025-07-29 17:01:40','urn:uuid:cf9685de-fcef-4320-beab-527a9e82477e');
INSERT INTO `wp_edd_logs_api_requests` VALUES (59,1,'5b2eaefd58252739d2fd7f1ebe6aea80','de3b69c6581d1103c6c274d3a7e7507a','v2','edd-api=zapier-test&key=5b2eaefd58252739d2fd7f1ebe6aea80&token=de3b69c6581d1103c6c274d3a7e7507a','','127.0.0.1','0.0002748966217041','2025-07-29 17:02:01','2025-07-29 17:02:01','urn:uuid:c13547f0-3327-4cfe-9363-d0d93bda2b64');
INSERT INTO `wp_edd_logs_api_requests` VALUES (60,1,'5b2eaefd58252739d2fd7f1ebe6aea80','de3b69c6581d1103c6c274d3a7e7507a','v2','edd-api=zapier-test&key=5b2eaefd58252739d2fd7f1ebe6aea80&token=de3b69c6581d1103c6c274d3a7e7507a','','127.0.0.1','0.00087499618530273','2025-07-29 17:02:55','2025-07-29 17:02:55','urn:uuid:a1703e48-9a26-48ca-9b39-28f7565c2ca5');
INSERT INTO `wp_edd_logs_api_requests` VALUES (61,1,'5b2eaefd58252739d2fd7f1ebe6aea80','de3b69c6581d1103c6c274d3a7e7507a','v2','edd-api=zapier-test&key=5b2eaefd58252739d2fd7f1ebe6aea80&token=de3b69c6581d1103c6c274d3a7e7507a','','127.0.0.1','0.00031399726867676','2025-07-29 17:11:28','2025-07-29 17:11:28','urn:uuid:57f0c7e1-e960-46ea-925e-0cc72b7057eb');
INSERT INTO `wp_edd_logs_api_requests` VALUES (62,1,'5b2eaefd58252739d2fd7f1ebe6aea80','de3b69c6581d1103c6c274d3a7e7507a','v2','edd-api=zapier-test&key=5b2eaefd58252739d2fd7f1ebe6aea80&token=de3b69c6581d1103c6c274d3a7e7507a','','127.0.0.1','0.00029182434082031','2025-07-29 17:16:40','2025-07-29 17:16:40','urn:uuid:8f42527a-fc2b-44af-a06e-8b124476c8fa');
INSERT INTO `wp_edd_logs_api_requests` VALUES (63,1,'5b2eaefd58252739d2fd7f1ebe6aea80','de3b69c6581d1103c6c274d3a7e7507a','v2','edd-api=zapier-test&key=5b2eaefd58252739d2fd7f1ebe6aea80&token=de3b69c6581d1103c6c274d3a7e7507a','','127.0.0.1','0.00032520294189453','2025-07-29 17:16:52','2025-07-29 17:16:52','urn:uuid:5cbf539c-5401-482b-bc30-5510efc2dee3');
INSERT INTO `wp_edd_logs_api_requests` VALUES (64,1,'5b2eaefd58252739d2fd7f1ebe6aea80','de3b69c6581d1103c6c274d3a7e7507a','v2','edd-api=zapier-subscribe&key=5b2eaefd58252739d2fd7f1ebe6aea80&token=de3b69c6581d1103c6c274d3a7e7507a','','127.0.0.1','0.0053799152374268','2025-07-29 17:17:00','2025-07-29 17:17:00','urn:uuid:ca4711de-f73a-4341-a223-19d0754841f7');
INSERT INTO `wp_edd_logs_api_requests` VALUES (65,1,'5b2eaefd58252739d2fd7f1ebe6aea80','de3b69c6581d1103c6c274d3a7e7507a','v2','edd-api=zapier-test&key=5b2eaefd58252739d2fd7f1ebe6aea80&token=de3b69c6581d1103c6c274d3a7e7507a','','127.0.0.1','0.0053260326385498','2025-07-29 17:19:05','2025-07-29 17:19:05','urn:uuid:abb4a2a7-7449-46f9-8cf5-31cf14886c48');
INSERT INTO `wp_edd_logs_api_requests` VALUES (66,1,'5b2eaefd58252739d2fd7f1ebe6aea80','de3b69c6581d1103c6c274d3a7e7507a','v2','edd-api=zapier-unsubscribe&key=5b2eaefd58252739d2fd7f1ebe6aea80&token=de3b69c6581d1103c6c274d3a7e7507a','','127.0.0.1','0.0003669261932373','2025-07-29 17:20:24','2025-07-29 17:20:24','urn:uuid:7399a031-122e-4bc7-92ac-9f2e63d85d46');
INSERT INTO `wp_edd_logs_api_requests` VALUES (67,1,'5b2eaefd58252739d2fd7f1ebe6aea80','de3b69c6581d1103c6c274d3a7e7507a','v2','edd-api=zapier-unsubscribe&key=5b2eaefd58252739d2fd7f1ebe6aea80&token=de3b69c6581d1103c6c274d3a7e7507a','','127.0.0.1','0.00036382675170898','2025-07-29 17:20:41','2025-07-29 17:20:41','urn:uuid:190aa247-5ce0-409a-8c62-187f747ccb8d');
INSERT INTO `wp_edd_logs_api_requests` VALUES (68,1,'5b2eaefd58252739d2fd7f1ebe6aea80','de3b69c6581d1103c6c274d3a7e7507a','v2','edd-api=zapier-test&key=5b2eaefd58252739d2fd7f1ebe6aea80&token=de3b69c6581d1103c6c274d3a7e7507a','','127.0.0.1','0.00028896331787109','2025-07-29 17:20:56','2025-07-29 17:20:56','urn:uuid:d97931e3-8dc1-4ad1-bf03-5b6004c40824');
INSERT INTO `wp_edd_logs_api_requests` VALUES (69,1,'5b2eaefd58252739d2fd7f1ebe6aea80','de3b69c6581d1103c6c274d3a7e7507a','v2','edd-api=zapier-test&key=5b2eaefd58252739d2fd7f1ebe6aea80&token=de3b69c6581d1103c6c274d3a7e7507a','','127.0.0.1','0.00036501884460449','2025-07-29 17:20:56','2025-07-29 17:20:56','urn:uuid:258f36f8-52cb-414e-8dcc-4d82f40ec87a');
INSERT INTO `wp_edd_logs_api_requests` VALUES (70,1,'5b2eaefd58252739d2fd7f1ebe6aea80','de3b69c6581d1103c6c274d3a7e7507a','v2','edd-api=zapier-subscribe&key=5b2eaefd58252739d2fd7f1ebe6aea80&token=de3b69c6581d1103c6c274d3a7e7507a','','127.0.0.1','0.0043010711669922','2025-07-29 17:21:05','2025-07-29 17:21:05','urn:uuid:46c03b7f-bad0-462c-a22c-b313bece3acd');
INSERT INTO `wp_edd_logs_api_requests` VALUES (71,1,'5b2eaefd58252739d2fd7f1ebe6aea80','de3b69c6581d1103c6c274d3a7e7507a','v2','edd-api=zapier-test&key=5b2eaefd58252739d2fd7f1ebe6aea80&token=de3b69c6581d1103c6c274d3a7e7507a','','127.0.0.1','0.00028896331787109','2025-07-29 17:21:57','2025-07-29 17:21:57','urn:uuid:1576a9b1-67c9-4555-90b8-261854faa301');
INSERT INTO `wp_edd_logs_api_requests` VALUES (72,1,'5b2eaefd58252739d2fd7f1ebe6aea80','de3b69c6581d1103c6c274d3a7e7507a','v2','edd-api=zapier-test&key=5b2eaefd58252739d2fd7f1ebe6aea80&token=de3b69c6581d1103c6c274d3a7e7507a','','127.0.0.1','0.00027894973754883','2025-07-29 17:29:10','2025-07-29 17:29:10','urn:uuid:d4b6fe60-ae97-4578-bb7f-4451b402df07');
INSERT INTO `wp_edd_logs_api_requests` VALUES (73,1,'5b2eaefd58252739d2fd7f1ebe6aea80','de3b69c6581d1103c6c274d3a7e7507a','v2','edd-api=zapier-test&key=5b2eaefd58252739d2fd7f1ebe6aea80&token=de3b69c6581d1103c6c274d3a7e7507a','','127.0.0.1','0.00027990341186523','2025-07-29 17:32:10','2025-07-29 17:32:10','urn:uuid:01afacf2-580c-4c3d-8906-04c33fb842de');
INSERT INTO `wp_edd_logs_api_requests` VALUES (74,1,'5b2eaefd58252739d2fd7f1ebe6aea80','de3b69c6581d1103c6c274d3a7e7507a','v2','edd-api=zapier-test&key=5b2eaefd58252739d2fd7f1ebe6aea80&token=de3b69c6581d1103c6c274d3a7e7507a','','127.0.0.1','0.00033998489379883','2025-07-29 17:36:39','2025-07-29 17:36:39','urn:uuid:9294369a-1106-48bc-80bf-6379f2c7daf8');
INSERT INTO `wp_edd_logs_api_requests` VALUES (75,1,'5b2eaefd58252739d2fd7f1ebe6aea80','de3b69c6581d1103c6c274d3a7e7507a','v2','edd-api=zapier-test&key=5b2eaefd58252739d2fd7f1ebe6aea80&token=de3b69c6581d1103c6c274d3a7e7507a','','127.0.0.1','0.0041258335113525','2025-07-29 18:42:13','2025-07-29 18:42:13','urn:uuid:ef21e880-6c37-40da-a926-01b3c9c76f3d');
INSERT INTO `wp_edd_logs_api_requests` VALUES (76,1,'5b2eaefd58252739d2fd7f1ebe6aea80','de3b69c6581d1103c6c274d3a7e7507a','v2','edd-api=zapier-test&key=5b2eaefd58252739d2fd7f1ebe6aea80&token=de3b69c6581d1103c6c274d3a7e7507a','','127.0.0.1','0.00033807754516602','2025-07-29 18:42:56','2025-07-29 18:42:56','urn:uuid:4a425b5a-dce7-415d-a2da-79aa289474de');
INSERT INTO `wp_edd_logs_api_requests` VALUES (77,1,'5b2eaefd58252739d2fd7f1ebe6aea80','de3b69c6581d1103c6c274d3a7e7507a','v2','edd-api=zapier-test&key=5b2eaefd58252739d2fd7f1ebe6aea80&token=de3b69c6581d1103c6c274d3a7e7507a','','127.0.0.1','0.00029397010803223','2025-07-29 18:45:04','2025-07-29 18:45:04','urn:uuid:9448b506-a625-4369-a4cc-3c69e2d23e9f');
INSERT INTO `wp_edd_logs_api_requests` VALUES (78,1,'5b2eaefd58252739d2fd7f1ebe6aea80','de3b69c6581d1103c6c274d3a7e7507a','v2','edd-api=zapier-test&key=5b2eaefd58252739d2fd7f1ebe6aea80&token=de3b69c6581d1103c6c274d3a7e7507a','','127.0.0.1','0.00044393539428711','2025-07-29 18:46:00','2025-07-29 18:46:00','urn:uuid:bc404c2a-573e-4c0f-a9ec-9c721324398b');
INSERT INTO `wp_edd_logs_api_requests` VALUES (79,1,'5b2eaefd58252739d2fd7f1ebe6aea80','de3b69c6581d1103c6c274d3a7e7507a','v2','edd-api=zapier-test&key=5b2eaefd58252739d2fd7f1ebe6aea80&token=de3b69c6581d1103c6c274d3a7e7507a','','127.0.0.1','0.00038695335388184','2025-07-29 18:49:21','2025-07-29 18:49:21','urn:uuid:25a10017-1b84-42ae-9c52-c76d4164affa');

--
-- Table structure for table `wp_edd_logs_emailmeta`
--

 SET character_set_client = utf8mb4 ;
CREATE TABLE `wp_edd_logs_emailmeta` (
  `meta_id` bigint(20) unsigned NOT NULL AUTO_INCREMENT,
  `edd_logs_email_id` bigint(20) unsigned NOT NULL DEFAULT '0',
  `meta_key` varchar(255) COLLATE utf8mb4_unicode_520_ci DEFAULT NULL,
  `meta_value` longtext COLLATE utf8mb4_unicode_520_ci,
  PRIMARY KEY (`meta_id`),
  KEY `edd_logs_email_id` (`edd_logs_email_id`),
  KEY `meta_key` (`meta_key`(191))
) ENGINE=InnoDB DEFAULT CHARSET=utf8mb4 COLLATE=utf8mb4_unicode_520_ci;

--
-- Dumping data for table `wp_edd_logs_emailmeta`
--


--
-- Table structure for table `wp_edd_logs_emails`
--

 SET character_set_client = utf8mb4 ;
CREATE TABLE `wp_edd_logs_emails` (
  `id` bigint(20) unsigned NOT NULL AUTO_INCREMENT,
  `object_id` bigint(20) unsigned NOT NULL DEFAULT '0',
  `object_type` varchar(20) COLLATE utf8mb4_unicode_520_ci NOT NULL DEFAULT 'customer',
  `email` varchar(100) COLLATE utf8mb4_unicode_520_ci NOT NULL DEFAULT '',
  `email_id` varchar(32) COLLATE utf8mb4_unicode_520_ci NOT NULL,
  `subject` varchar(200) COLLATE utf8mb4_unicode_520_ci NOT NULL,
  `date_created` datetime NOT NULL DEFAULT CURRENT_TIMESTAMP,
  `date_modified` datetime NOT NULL DEFAULT CURRENT_TIMESTAMP,
  `uuid` varchar(100) COLLATE utf8mb4_unicode_520_ci NOT NULL DEFAULT '',
  PRIMARY KEY (`id`),
  KEY `object_id_type` (`object_id`,`object_type`),
  KEY `email_id` (`email_id`),
  KEY `date_created` (`date_created`)
) ENGINE=InnoDB AUTO_INCREMENT=47 DEFAULT CHARSET=utf8mb4 COLLATE=utf8mb4_unicode_520_ci;

--
-- Dumping data for table `wp_edd_logs_emails`
--

INSERT INTO `wp_edd_logs_emails` VALUES (1,1,'order','achchu.zats@gmail.com','order_receipt','Purchase Receipt','2024-06-25 14:06:39','2024-06-25 14:06:39','urn:uuid:261462b8-6964-41a0-9b61-2ea502cfa7f8');
INSERT INTO `wp_edd_logs_emails` VALUES (2,2,'order','achchu93@gmail.com','order_receipt','Purchase Receipt','2024-07-01 18:49:30','2024-07-01 18:49:30','urn:uuid:275a301c-89cc-400d-828b-22a3ea3d555f');
INSERT INTO `wp_edd_logs_emails` VALUES (3,3,'order','hatheem93@gmail.com','order_receipt','Purchase Receipt','2024-07-01 18:52:47','2024-07-01 18:52:47','urn:uuid:20fdcb35-75b8-494a-99a4-dc31788aa886');
INSERT INTO `wp_edd_logs_emails` VALUES (4,4,'order','achchu93@gmail.com','order_receipt','Purchase Receipt','2024-07-01 18:57:51','2024-07-01 18:57:51','urn:uuid:d3bd5302-d96f-4482-a6c7-bd9ab35be497');
INSERT INTO `wp_edd_logs_emails` VALUES (5,5,'order','achchu93@gmail.com','order_receipt','Purchase Receipt','2024-07-01 18:59:48','2024-07-01 18:59:48','urn:uuid:18e2c27b-51ab-48fe-acef-2378cb7c44cf');
INSERT INTO `wp_edd_logs_emails` VALUES (6,6,'order','achchu93@gmail.com','order_receipt','Purchase Receipt','2024-07-01 19:02:06','2024-07-01 19:02:06','urn:uuid:5602f45e-267a-444d-a0c3-ef36be01e662');
INSERT INTO `wp_edd_logs_emails` VALUES (7,7,'order','achchu93@gmail.com','order_receipt','Purchase Receipt','2024-07-04 09:11:29','2024-07-04 09:11:29','urn:uuid:eccb2f38-1bc3-4efa-9308-f406885db9ad');
INSERT INTO `wp_edd_logs_emails` VALUES (8,8,'order','achchu93@gmail.com','order_receipt','Purchase Receipt','2024-07-10 10:59:49','2024-07-10 10:59:49','urn:uuid:d17f77b2-f4b7-4d01-b184-3567ba5226b3');
INSERT INTO `wp_edd_logs_emails` VALUES (9,10,'order','hatheem93@gmail.com','order_receipt','Purchase Receipt','2024-07-10 11:26:13','2024-07-10 11:26:13','urn:uuid:8d86acbd-e9cd-44ae-9cc8-a09a4a2b9b8d');
INSERT INTO `wp_edd_logs_emails` VALUES (10,11,'order','achchu93@gmail.com','order_receipt','Purchase Receipt','2024-07-10 11:27:47','2024-07-10 11:27:47','urn:uuid:f0c7730e-e748-42a9-b436-4a9a78a504fa');
INSERT INTO `wp_edd_logs_emails` VALUES (11,14,'order','achchu93@gmail.com','order_receipt','Purchase Receipt','2024-07-10 11:48:58','2024-07-10 11:48:58','urn:uuid:ce16d9b8-0bac-4770-9a21-959df0d45008');
INSERT INTO `wp_edd_logs_emails` VALUES (12,15,'order','hello@world.com','order_receipt','Purchase Receipt','2024-07-10 11:51:55','2024-07-10 11:51:55','urn:uuid:ad38923a-95db-4004-a08a-f54a772d6c68');
INSERT INTO `wp_edd_logs_emails` VALUES (13,16,'order','achchu.zats@gmail.com','order_receipt','Purchase Receipt','2024-07-10 11:53:11','2024-07-10 11:53:11','urn:uuid:c808db37-1d06-4e07-b47b-f210c40f788f');
INSERT INTO `wp_edd_logs_emails` VALUES (14,17,'order','hello@world.com','order_receipt','Purchase Receipt','2024-07-10 11:58:47','2024-07-10 11:58:47','urn:uuid:b9d1a7c3-a8de-4092-a3d5-54409e39d48f');
INSERT INTO `wp_edd_logs_emails` VALUES (15,18,'order','hello@world.com','order_receipt','Purchase Receipt','2024-07-10 12:42:45','2024-07-10 12:42:45','urn:uuid:c3bad28a-da9e-4d44-9205-cbfc0ecf7691');
INSERT INTO `wp_edd_logs_emails` VALUES (16,19,'order','achchu93@gmail.com','order_receipt','Purchase Receipt','2024-07-11 08:21:49','2024-07-11 08:21:49','urn:uuid:576019b2-6495-4831-b7df-bc316a5a3c09');
INSERT INTO `wp_edd_logs_emails` VALUES (17,20,'order','achchu93@gmail.com','order_receipt','Purchase Receipt','2024-07-11 08:26:37','2024-07-11 08:26:37','urn:uuid:44f46525-49d8-48d2-8b3c-42282b7ef9b8');
INSERT INTO `wp_edd_logs_emails` VALUES (18,21,'order','hello@world.com','order_receipt','Purchase Receipt','2024-07-11 08:28:40','2024-07-11 08:28:40','urn:uuid:330711d7-6537-443e-a6d5-c5404bf6d35f');
INSERT INTO `wp_edd_logs_emails` VALUES (19,22,'order','achchu93@gmail.com','order_receipt','Purchase Receipt','2024-07-11 08:35:50','2024-07-11 08:35:50','urn:uuid:24604c7f-bc23-49b9-915d-a329d2644f9d');
INSERT INTO `wp_edd_logs_emails` VALUES (20,23,'order','hello@world.com','order_receipt','Purchase Receipt','2024-07-11 08:42:53','2024-07-11 08:42:53','urn:uuid:5f4fc365-30a6-4b72-9bc2-a23fd43f2ae6');
INSERT INTO `wp_edd_logs_emails` VALUES (21,24,'order','achchu.zats@gmail.com','order_receipt','Purchase Receipt','2024-07-18 09:30:44','2024-07-18 09:30:44','urn:uuid:3e2bcf41-afe4-42c9-84c4-cc4a2f97a70c');
INSERT INTO `wp_edd_logs_emails` VALUES (22,25,'order','achchu93@gmail.com','order_receipt','Purchase Receipt','2024-07-18 09:34:19','2024-07-18 09:34:19','urn:uuid:25e07b84-1563-4f13-8fe3-af45c24d99c8');
INSERT INTO `wp_edd_logs_emails` VALUES (23,26,'order','achchu.zats@gmail.com','order_receipt','Purchase Receipt','2024-07-18 09:35:51','2024-07-18 09:35:51','urn:uuid:17b83dd9-bfb6-45b9-a4db-3febc6537502');
INSERT INTO `wp_edd_logs_emails` VALUES (24,27,'order','achchu93@gmail.com','order_receipt','Purchase Receipt','2024-07-18 10:26:22','2024-07-18 10:26:22','urn:uuid:456317ed-cdbf-44c8-8f27-f0d69b2a51c9');
INSERT INTO `wp_edd_logs_emails` VALUES (25,28,'order','achchu93@gmail.com','order_receipt','Purchase Receipt','2024-07-18 10:28:47','2024-07-18 10:28:47','urn:uuid:29c2c46b-4a0c-468e-a4a5-55885b036055');
INSERT INTO `wp_edd_logs_emails` VALUES (26,29,'order','achchu.zats@gmail.com','order_receipt','Purchase Receipt','2024-07-18 10:32:04','2024-07-18 10:32:04','urn:uuid:4a1e970d-e925-4076-8de8-a631a8f9fb40');
INSERT INTO `wp_edd_logs_emails` VALUES (27,30,'order','achchu.zats@gmail.com','order_receipt','Purchase Receipt','2024-07-18 10:41:24','2024-07-18 10:41:24','urn:uuid:cbe9183a-ecb4-4b83-9fe3-bd0c8a431583');
INSERT INTO `wp_edd_logs_emails` VALUES (28,31,'order','achchu.zats@gmail.com','order_receipt','Purchase Receipt','2024-07-18 10:52:41','2024-07-18 10:52:41','urn:uuid:8dd8dc25-8bb7-4815-8a65-a575e847eb55');
INSERT INTO `wp_edd_logs_emails` VALUES (29,32,'order','achchu.zats@gmail.com','order_receipt','Purchase Receipt','2024-07-18 11:11:57','2024-07-18 11:11:57','urn:uuid:da8b3d77-c049-47fc-9f3c-51219471a9a7');
INSERT INTO `wp_edd_logs_emails` VALUES (30,2,'user','abc@example.com','new_user','[Easy Digital Downloads] Your username and password','2024-08-12 09:17:27','2024-08-12 09:17:27','urn:uuid:26307632-b372-46f7-9714-f12455835e5d');
INSERT INTO `wp_edd_logs_emails` VALUES (31,33,'order','abc@example.com','order_receipt','Purchase Receipt','2024-08-12 09:18:06','2024-08-12 09:18:06','urn:uuid:1dfaed9c-83cc-4c53-973f-cbb91f874d24');
INSERT INTO `wp_edd_logs_emails` VALUES (32,3,'user','xyz@example.com','new_user','[Easy Digital Downloads] Your username and password','2024-08-12 09:20:52','2024-08-12 09:20:52','urn:uuid:b05a4474-97a8-4d36-bf39-47498a5d8a2f');
INSERT INTO `wp_edd_logs_emails` VALUES (33,34,'order','xyz@example.com','order_receipt','Purchase Receipt','2024-08-12 09:21:30','2024-08-12 09:21:30','urn:uuid:36be2054-1655-4d95-9ccf-db60cdd2f2cc');
INSERT INTO `wp_edd_logs_emails` VALUES (34,4,'user','user@test.com','new_user','[Easy Digital Downloads] Your username and password','2024-08-12 09:36:34','2024-08-12 09:36:34','urn:uuid:ae028059-c49f-4eed-a8f1-31b235c0c5e5');
INSERT INTO `wp_edd_logs_emails` VALUES (35,35,'order','user@test.com','order_receipt','Purchase Receipt','2024-08-12 09:37:15','2024-08-12 09:37:15','urn:uuid:933d8d81-1e58-4fe5-9b45-f0e1823e2132');
INSERT INTO `wp_edd_logs_emails` VALUES (36,5,'user','hello@world.com','user_verification','Verify your account','2024-08-21 11:12:25','2024-08-21 11:12:25','urn:uuid:dfac4ac8-d1d2-4231-ae3b-1e15065e33fa');
INSERT INTO `wp_edd_logs_emails` VALUES (37,5,'user','hello@world.com','new_user','[Easy Digital Downloads] Your username and password','2024-08-21 11:12:25','2024-08-21 11:12:25','urn:uuid:ae8bf415-9909-46c8-a20b-0d7cf7c91c84');
INSERT INTO `wp_edd_logs_emails` VALUES (38,38,'order','hello@world.com','order_receipt','Purchase Receipt','2024-08-21 11:13:23','2024-08-21 11:13:23','urn:uuid:be748389-73ec-42b6-9b23-e735e3e4ae1b');
INSERT INTO `wp_edd_logs_emails` VALUES (39,41,'order','achchu93@gmail.com','order_receipt','Purchase Receipt','2024-09-12 11:22:59','2024-09-12 11:22:59','urn:uuid:2a3807aa-9ffc-4ca3-bc4b-58053b600ada');
INSERT INTO `wp_edd_logs_emails` VALUES (40,42,'order','achchu93@gmail.com','order_receipt','Purchase Receipt','2024-09-12 11:23:40','2024-09-12 11:23:40','urn:uuid:880f47d7-9337-4561-bb5b-8d991e41e39e');
INSERT INTO `wp_edd_logs_emails` VALUES (41,45,'order','achchu.zats@gmail.com','order_receipt','Purchase Receipt','2024-09-13 11:37:26','2024-09-13 11:37:26','urn:uuid:518f8357-cc0f-45a5-b50a-a54496fe23da');
INSERT INTO `wp_edd_logs_emails` VALUES (42,48,'order','achchu.zats@gmail.com','order_receipt','Purchase Receipt','2024-09-13 20:46:25','2024-09-13 20:46:25','urn:uuid:81b0c556-03ff-4ac0-8dc9-fa8db6f24b69');
INSERT INTO `wp_edd_logs_emails` VALUES (43,49,'order','achchu.zats@gmail.com','order_receipt','Purchase Receipt','2024-09-13 20:50:09','2024-09-13 20:50:09','urn:uuid:f3c4ed5c-7722-4e31-aa9e-9d07aa9d837a');
INSERT INTO `wp_edd_logs_emails` VALUES (44,51,'order','hatheem93@gmail.com','order_receipt','Purchase Receipt','2024-09-20 09:57:41','2024-09-20 09:57:41','urn:uuid:d4840de9-9457-42d6-b74f-4f1db6b4067b');
INSERT INTO `wp_edd_logs_emails` VALUES (45,52,'order','hatheem93@gmail.com','order_receipt','Purchase Receipt','2024-09-20 10:01:00','2024-09-20 10:01:00','urn:uuid:bc35e705-50c9-41ab-874a-84a8a05d9471');
INSERT INTO `wp_edd_logs_emails` VALUES (46,54,'order','achchu93@gmail.com','order_receipt','Purchase Receipt','2024-09-20 10:07:14','2024-09-20 10:07:14','urn:uuid:e221eb1b-0a71-4957-9f32-5fb2d457104f');

--
-- Table structure for table `wp_edd_logs_file_downloadmeta`
--

 SET character_set_client = utf8mb4 ;
CREATE TABLE `wp_edd_logs_file_downloadmeta` (
  `meta_id` bigint(20) unsigned NOT NULL AUTO_INCREMENT,
  `edd_logs_file_download_id` bigint(20) unsigned NOT NULL DEFAULT '0',
  `meta_key` varchar(255) COLLATE utf8mb4_unicode_520_ci DEFAULT NULL,
  `meta_value` longtext COLLATE utf8mb4_unicode_520_ci,
  PRIMARY KEY (`meta_id`),
  KEY `edd_logs_file_download_id` (`edd_logs_file_download_id`),
  KEY `meta_key` (`meta_key`(191))
) ENGINE=InnoDB AUTO_INCREMENT=5 DEFAULT CHARSET=utf8mb4 COLLATE=utf8mb4_unicode_520_ci;

--
-- Dumping data for table `wp_edd_logs_file_downloadmeta`
--

INSERT INTO `wp_edd_logs_file_downloadmeta` VALUES (1,1,'file_name','Song 1');
INSERT INTO `wp_edd_logs_file_downloadmeta` VALUES (2,2,'file_name','Song 1');
INSERT INTO `wp_edd_logs_file_downloadmeta` VALUES (3,3,'file_name','asdsad');
INSERT INTO `wp_edd_logs_file_downloadmeta` VALUES (4,4,'file_name','asdsad');

--
-- Table structure for table `wp_edd_logs_file_downloads`
--

 SET character_set_client = utf8mb4 ;
CREATE TABLE `wp_edd_logs_file_downloads` (
  `id` bigint(20) unsigned NOT NULL AUTO_INCREMENT,
  `product_id` bigint(20) unsigned NOT NULL DEFAULT '0',
  `file_id` bigint(20) unsigned NOT NULL DEFAULT '0',
  `order_id` bigint(20) unsigned NOT NULL DEFAULT '0',
  `price_id` bigint(20) unsigned NOT NULL DEFAULT '0',
  `customer_id` bigint(20) unsigned NOT NULL DEFAULT '0',
  `ip` varchar(60) COLLATE utf8mb4_unicode_520_ci NOT NULL DEFAULT '',
  `user_agent` varchar(200) COLLATE utf8mb4_unicode_520_ci NOT NULL DEFAULT '',
  `date_created` datetime NOT NULL DEFAULT CURRENT_TIMESTAMP,
  `date_modified` datetime NOT NULL DEFAULT CURRENT_TIMESTAMP,
  `uuid` varchar(100) COLLATE utf8mb4_unicode_520_ci NOT NULL DEFAULT '',
  PRIMARY KEY (`id`),
  KEY `customer_id` (`customer_id`),
  KEY `product_id` (`product_id`),
  KEY `date_created` (`date_created`)
) ENGINE=InnoDB AUTO_INCREMENT=5 DEFAULT CHARSET=utf8mb4 COLLATE=utf8mb4_unicode_520_ci;

--
-- Dumping data for table `wp_edd_logs_file_downloads`
--

INSERT INTO `wp_edd_logs_file_downloads` VALUES (1,514,1,8,0,2,'::1','Chrome 126.0.0.0/Apple','2024-07-10 11:23:38','2024-07-10 11:23:38','urn:uuid:01039b36-1109-481c-a569-5fefda2d7a10');
INSERT INTO `wp_edd_logs_file_downloads` VALUES (2,514,1,12,0,2,'::1','Chrome 126.0.0.0/Apple','2024-07-10 11:45:19','2024-07-10 11:45:19','urn:uuid:362819cd-9a4c-4b78-bbb1-003a34d746f9');
INSERT INTO `wp_edd_logs_file_downloads` VALUES (3,36914,1,75,0,11,'::1','Chrome 137.0.0.0/Apple','2025-06-12 12:48:18','2025-06-12 12:48:18','urn:uuid:7ad7960d-05ac-478a-be2f-74ea8aab0f74');
INSERT INTO `wp_edd_logs_file_downloads` VALUES (4,36914,1,75,0,11,'::1','Chrome 137.0.0.0/Apple','2025-06-12 12:48:30','2025-06-12 12:48:30','urn:uuid:5f05ca2c-fb01-4b64-8277-c29bc86d35b6');

--
-- Table structure for table `wp_edd_logs_licensemeta`
--

 SET character_set_client = utf8mb4 ;
CREATE TABLE `wp_edd_logs_licensemeta` (
  `meta_id` bigint(20) unsigned NOT NULL AUTO_INCREMENT,
  `edd_logs_license_id` bigint(20) unsigned NOT NULL DEFAULT '0',
  `meta_key` varchar(255) COLLATE utf8mb4_unicode_520_ci DEFAULT NULL,
  `meta_value` longtext COLLATE utf8mb4_unicode_520_ci,
  PRIMARY KEY (`meta_id`),
  KEY `edd_logs_license_id` (`edd_logs_license_id`),
  KEY `meta_key` (`meta_key`(191))
) ENGINE=InnoDB DEFAULT CHARSET=utf8mb4 COLLATE=utf8mb4_unicode_520_ci;

--
-- Dumping data for table `wp_edd_logs_licensemeta`
--


--
-- Table structure for table `wp_edd_logs_licenses`
--

 SET character_set_client = utf8mb4 ;
CREATE TABLE `wp_edd_logs_licenses` (
  `id` bigint(20) unsigned NOT NULL AUTO_INCREMENT,
  `license_id` bigint(20) unsigned NOT NULL DEFAULT '0',
  `subject` varchar(200) COLLATE utf8mb4_unicode_520_ci NOT NULL,
  `content` longtext COLLATE utf8mb4_unicode_520_ci,
  `date_created` datetime NOT NULL DEFAULT CURRENT_TIMESTAMP,
  `date_modified` datetime NOT NULL DEFAULT CURRENT_TIMESTAMP,
  `uuid` varchar(100) COLLATE utf8mb4_unicode_520_ci NOT NULL DEFAULT '',
  PRIMARY KEY (`id`),
  KEY `license_id` (`license_id`),
  KEY `date_created` (`date_created`)
) ENGINE=InnoDB DEFAULT CHARSET=utf8mb4 COLLATE=utf8mb4_unicode_520_ci;

--
-- Dumping data for table `wp_edd_logs_licenses`
--


--
-- Table structure for table `wp_edd_logs_sl_downloads`
--

 SET character_set_client = utf8mb4 ;
CREATE TABLE `wp_edd_logs_sl_downloads` (
  `id` bigint(20) unsigned NOT NULL AUTO_INCREMENT,
  `license_id` bigint(20) unsigned NOT NULL,
  `ip` varchar(60) COLLATE utf8mb4_unicode_520_ci NOT NULL DEFAULT '',
  `user_agent` varchar(255) COLLATE utf8mb4_unicode_520_ci DEFAULT '',
  `date_created` datetime NOT NULL DEFAULT CURRENT_TIMESTAMP,
  `uuid` varchar(100) COLLATE utf8mb4_unicode_520_ci NOT NULL DEFAULT '',
  PRIMARY KEY (`id`)
) ENGINE=InnoDB DEFAULT CHARSET=utf8mb4 COLLATE=utf8mb4_unicode_520_ci;

--
-- Dumping data for table `wp_edd_logs_sl_downloads`
--


--
-- Table structure for table `wp_edd_mc_currencies`
--

 SET character_set_client = utf8mb4 ;
CREATE TABLE `wp_edd_mc_currencies` (
  `id` bigint(20) unsigned NOT NULL AUTO_INCREMENT,
  `currency` char(3) COLLATE utf8mb4_unicode_520_ci NOT NULL,
  `is_base` tinyint(1) unsigned NOT NULL DEFAULT '0',
  `rate` decimal(10,5) unsigned NOT NULL DEFAULT '1.00000',
  `markup` decimal(10,5) unsigned NOT NULL DEFAULT '0.00000',
  `manual` tinyint(1) unsigned NOT NULL DEFAULT '0',
  `gateways` text COLLATE utf8mb4_unicode_520_ci,
  `date_created` datetime NOT NULL DEFAULT CURRENT_TIMESTAMP,
  `date_modified` datetime NOT NULL DEFAULT CURRENT_TIMESTAMP,
  PRIMARY KEY (`id`),
  UNIQUE KEY `currency` (`currency`)
) ENGINE=InnoDB AUTO_INCREMENT=5 DEFAULT CHARSET=utf8mb4 COLLATE=utf8mb4_unicode_520_ci;

--
-- Dumping data for table `wp_edd_mc_currencies`
--

INSERT INTO `wp_edd_mc_currencies` VALUES (1,'USD',1,1.00000,0.00000,0,'[\"square\",\"manual\",\"stripe\"]','2025-06-11 09:04:45','2025-06-11 11:08:48');
INSERT INTO `wp_edd_mc_currencies` VALUES (2,'INR',0,85.87322,0.00000,1,'[\"manual\"]','2025-06-11 11:05:17','2025-06-11 11:08:50');
INSERT INTO `wp_edd_mc_currencies` VALUES (3,'GBP',0,0.74000,0.00000,1,'[\"square\",\"stripe\",\"manual\"]','2025-07-23 06:24:20','2025-07-23 06:24:20');
INSERT INTO `wp_edd_mc_currencies` VALUES (4,'MXN',0,18.61000,0.00000,1,'[\"stripe\",\"manual\"]','2025-08-06 20:53:08','2025-08-06 20:56:55');

--
-- Table structure for table `wp_edd_notemeta`
--

 SET character_set_client = utf8mb4 ;
CREATE TABLE `wp_edd_notemeta` (
  `meta_id` bigint(20) unsigned NOT NULL AUTO_INCREMENT,
  `edd_note_id` bigint(20) unsigned NOT NULL DEFAULT '0',
  `meta_key` varchar(255) COLLATE utf8mb4_unicode_520_ci DEFAULT NULL,
  `meta_value` longtext COLLATE utf8mb4_unicode_520_ci,
  PRIMARY KEY (`meta_id`),
  KEY `edd_note_id` (`edd_note_id`),
  KEY `meta_key` (`meta_key`(191))
) ENGINE=InnoDB DEFAULT CHARSET=utf8mb4 COLLATE=utf8mb4_unicode_520_ci;

--
-- Dumping data for table `wp_edd_notemeta`
--


--
-- Table structure for table `wp_edd_notes`
--

 SET character_set_client = utf8mb4 ;
CREATE TABLE `wp_edd_notes` (
  `id` bigint(20) unsigned NOT NULL AUTO_INCREMENT,
  `object_id` bigint(20) unsigned NOT NULL DEFAULT '0',
  `object_type` varchar(20) COLLATE utf8mb4_unicode_520_ci NOT NULL DEFAULT '',
  `user_id` bigint(20) unsigned NOT NULL DEFAULT '0',
  `content` longtext COLLATE utf8mb4_unicode_520_ci NOT NULL,
  `date_created` datetime NOT NULL DEFAULT CURRENT_TIMESTAMP,
  `date_modified` datetime NOT NULL DEFAULT CURRENT_TIMESTAMP,
  `uuid` varchar(100) COLLATE utf8mb4_unicode_520_ci NOT NULL DEFAULT '',
  PRIMARY KEY (`id`),
  KEY `object_id_type` (`object_id`,`object_type`),
  KEY `user_id` (`user_id`),
  KEY `date_created` (`date_created`)
) ENGINE=InnoDB AUTO_INCREMENT=417 DEFAULT CHARSET=utf8mb4 COLLATE=utf8mb4_unicode_520_ci;

--
-- Dumping data for table `wp_edd_notes`
--

INSERT INTO `wp_edd_notes` VALUES (1,1,'order',0,'Status changed from new to Pending','2024-06-25 14:05:40','2024-06-25 14:05:40','urn:uuid:39c89505-2406-4513-8494-681df1d7c500');
INSERT INTO `wp_edd_notes` VALUES (2,1,'order',0,'Status changed from Pending to Completed','2024-06-25 14:05:40','2024-06-25 14:05:40','urn:uuid:89655c39-698c-4fd0-995d-ddddc850310d');
INSERT INTO `wp_edd_notes` VALUES (3,2,'order',0,'Status changed from new to Pending','2024-07-01 18:48:58','2024-07-01 18:48:58','urn:uuid:1f9b6a40-e750-4783-a071-dd8bbbbf1863');
INSERT INTO `wp_edd_notes` VALUES (4,2,'order',0,'Status changed from Pending to Completed','2024-07-01 18:48:58','2024-07-01 18:48:58','urn:uuid:ecbb1bbd-96b2-4aa8-a914-e9fbb5f07e7e');
INSERT INTO `wp_edd_notes` VALUES (5,3,'order',0,'Status changed from new to Pending','2024-07-01 18:52:17','2024-07-01 18:52:17','urn:uuid:c3644149-10f6-4508-b007-ad5fab03fcc2');
INSERT INTO `wp_edd_notes` VALUES (6,3,'order',0,'Status changed from Pending to Completed','2024-07-01 18:52:17','2024-07-01 18:52:17','urn:uuid:490dd417-c390-45eb-b687-9b1dc8e3135e');
INSERT INTO `wp_edd_notes` VALUES (7,4,'order',0,'Status changed from new to Pending','2024-07-01 18:57:18','2024-07-01 18:57:18','urn:uuid:9e92103f-e2a8-4bb3-9774-7f90e5bc5bb6');
INSERT INTO `wp_edd_notes` VALUES (8,4,'order',0,'Status changed from Pending to Completed','2024-07-01 18:57:18','2024-07-01 18:57:18','urn:uuid:c63b3e32-59bc-4928-bb94-9b553d2d2ffb');
INSERT INTO `wp_edd_notes` VALUES (9,5,'order',0,'Status changed from new to Pending','2024-07-01 18:59:18','2024-07-01 18:59:18','urn:uuid:2cd746a9-b3e6-4395-91fe-5df280c0eef4');
INSERT INTO `wp_edd_notes` VALUES (10,5,'order',0,'Status changed from Pending to Completed','2024-07-01 18:59:18','2024-07-01 18:59:18','urn:uuid:6e49cf89-47b8-4acf-814b-49fc45f8fc7f');
INSERT INTO `wp_edd_notes` VALUES (11,6,'order',0,'Status changed from new to Pending','2024-07-01 19:01:36','2024-07-01 19:01:36','urn:uuid:2932e63e-ff7c-48d0-8488-5a10030a09db');
INSERT INTO `wp_edd_notes` VALUES (12,6,'order',0,'Status changed from Pending to Completed','2024-07-01 19:01:36','2024-07-01 19:01:36','urn:uuid:7e589c31-295e-4a75-921b-4913afd4d2e1');
INSERT INTO `wp_edd_notes` VALUES (13,7,'order',0,'Status changed from new to Pending','2024-07-04 09:10:59','2024-07-04 09:10:59','urn:uuid:3c4c3530-7de0-4afb-80df-1524770365ec');
INSERT INTO `wp_edd_notes` VALUES (14,7,'order',0,'Status changed from Pending to Completed','2024-07-04 09:10:59','2024-07-04 09:10:59','urn:uuid:5f61f02b-518a-413e-af53-7b91d47c1cab');
INSERT INTO `wp_edd_notes` VALUES (15,8,'order',0,'Status changed from new to Pending','2024-07-10 10:59:19','2024-07-10 10:59:19','urn:uuid:49a61afa-7dfe-418d-b171-d8eea6e031bb');
INSERT INTO `wp_edd_notes` VALUES (16,8,'order',0,'Status changed from Pending to Completed','2024-07-10 10:59:19','2024-07-10 10:59:19','urn:uuid:1ea1075a-cc7c-4b64-b84a-8a0dba0867ba');
INSERT INTO `wp_edd_notes` VALUES (17,9,'order',0,'Status changed from new to Pending','2024-07-10 11:23:59','2024-07-10 11:23:59','urn:uuid:a8aefec5-17df-4f4b-8347-e6c1eaecd49f');
INSERT INTO `wp_edd_notes` VALUES (18,9,'order',0,'Status changed from Pending to Completed','2024-07-10 11:23:59','2024-07-10 11:23:59','urn:uuid:d593be36-a0ac-429f-8b34-754b897f4336');
INSERT INTO `wp_edd_notes` VALUES (19,10,'order',0,'Status changed from new to Pending','2024-07-10 11:25:41','2024-07-10 11:25:41','urn:uuid:3e8f7206-3159-468a-94cd-a9479f1d79d0');
INSERT INTO `wp_edd_notes` VALUES (20,10,'order',0,'Status changed from Pending to Completed','2024-07-10 11:25:41','2024-07-10 11:25:41','urn:uuid:d3cd505d-928e-453d-90d9-4cbbb0f97399');
INSERT INTO `wp_edd_notes` VALUES (21,11,'order',0,'Status changed from new to Pending','2024-07-10 11:27:15','2024-07-10 11:27:15','urn:uuid:6c19c833-e99e-4e19-b886-8458853e78c0');
INSERT INTO `wp_edd_notes` VALUES (22,11,'order',0,'Status changed from Pending to Completed','2024-07-10 11:27:15','2024-07-10 11:27:15','urn:uuid:f01f79d9-57e9-4992-97c0-86c5a910dad9');
INSERT INTO `wp_edd_notes` VALUES (23,12,'order',0,'Status changed from new to Pending','2024-07-10 11:28:47','2024-07-10 11:28:47','urn:uuid:4bdf2727-ed24-457e-a84c-8c2d21c1cb48');
INSERT INTO `wp_edd_notes` VALUES (24,12,'order',0,'Status changed from Pending to Completed','2024-07-10 11:28:47','2024-07-10 11:28:47','urn:uuid:5490ecc7-fb91-4436-86b6-a772cd93ec0f');
INSERT INTO `wp_edd_notes` VALUES (25,13,'order',0,'Status changed from new to Pending','2024-07-10 11:45:40','2024-07-10 11:45:40','urn:uuid:ba65abbe-97ab-43bd-b59d-205b70166671');
INSERT INTO `wp_edd_notes` VALUES (26,13,'order',0,'Status changed from Pending to Completed','2024-07-10 11:45:40','2024-07-10 11:45:40','urn:uuid:4c170906-9685-4ac7-8132-60ddeca03110');
INSERT INTO `wp_edd_notes` VALUES (27,14,'order',0,'Status changed from new to Pending','2024-07-10 11:48:28','2024-07-10 11:48:28','urn:uuid:2c1c1390-b12a-43af-a568-3d71a5ca17a2');
INSERT INTO `wp_edd_notes` VALUES (28,14,'order',0,'Status changed from Pending to Completed','2024-07-10 11:48:28','2024-07-10 11:48:28','urn:uuid:e038b69f-d3b4-4b56-aa46-d84c98356c79');
INSERT INTO `wp_edd_notes` VALUES (29,15,'order',0,'Status changed from new to Pending','2024-07-10 11:51:25','2024-07-10 11:51:25','urn:uuid:790b7eba-df84-4463-9f65-bbbd65cc59b0');
INSERT INTO `wp_edd_notes` VALUES (30,15,'order',0,'Status changed from Pending to Completed','2024-07-10 11:51:25','2024-07-10 11:51:25','urn:uuid:f700866f-2b0d-4929-9675-c9471aa9b894');
INSERT INTO `wp_edd_notes` VALUES (31,16,'order',0,'Status changed from new to Pending','2024-07-10 11:52:31','2024-07-10 11:52:31','urn:uuid:b8c61cff-f79f-41b0-b344-defda5b56d3c');
INSERT INTO `wp_edd_notes` VALUES (32,16,'order',0,'Status changed from Pending to Completed','2024-07-10 11:52:31','2024-07-10 11:52:31','urn:uuid:9f001c8b-2a6d-42f0-b4a7-2e98a858a671');
INSERT INTO `wp_edd_notes` VALUES (33,17,'order',0,'Status changed from new to Pending','2024-07-10 11:58:03','2024-07-10 11:58:03','urn:uuid:5d3abf20-218d-48c2-a768-73a2f12a64ff');
INSERT INTO `wp_edd_notes` VALUES (34,17,'order',0,'Status changed from Pending to Completed','2024-07-10 11:58:03','2024-07-10 11:58:03','urn:uuid:78318163-0b7f-42f7-84d5-c1f01e62a543');
INSERT INTO `wp_edd_notes` VALUES (35,18,'order',0,'Status changed from new to Pending','2024-07-10 12:41:43','2024-07-10 12:41:43','urn:uuid:36793735-6d80-4294-a2f0-85a8a24e2aa4');
INSERT INTO `wp_edd_notes` VALUES (36,18,'order',0,'Status changed from Pending to Completed','2024-07-10 12:41:43','2024-07-10 12:41:43','urn:uuid:3e7401f2-733e-43fc-9116-a2ecf7b19728');
INSERT INTO `wp_edd_notes` VALUES (37,19,'order',0,'Status changed from new to Pending','2024-07-11 08:21:19','2024-07-11 08:21:19','urn:uuid:fe12d2a0-2880-402b-b732-22fb34fe0596');
INSERT INTO `wp_edd_notes` VALUES (38,19,'order',0,'Status changed from Pending to Completed','2024-07-11 08:21:19','2024-07-11 08:21:19','urn:uuid:125ed6fd-afb5-41b4-b4a1-3fc5b95c752b');
INSERT INTO `wp_edd_notes` VALUES (39,20,'order',0,'Status changed from new to Pending','2024-07-11 08:26:07','2024-07-11 08:26:07','urn:uuid:89c4c75d-b40e-4fe5-a660-e004217e84d1');
INSERT INTO `wp_edd_notes` VALUES (40,20,'order',0,'Status changed from Pending to Completed','2024-07-11 08:26:07','2024-07-11 08:26:07','urn:uuid:c7157970-89b6-48f7-b2fe-dbf22b2cd5ad');
INSERT INTO `wp_edd_notes` VALUES (41,21,'order',0,'Status changed from new to Pending','2024-07-11 08:28:10','2024-07-11 08:28:10','urn:uuid:cebd41e4-f631-4054-a7e3-543f9d0b44a0');
INSERT INTO `wp_edd_notes` VALUES (42,21,'order',0,'Status changed from Pending to Completed','2024-07-11 08:28:10','2024-07-11 08:28:10','urn:uuid:5db80e3f-69b6-4b9c-bbf0-45f1e162f000');
INSERT INTO `wp_edd_notes` VALUES (43,22,'order',0,'Status changed from new to Pending','2024-07-11 08:35:00','2024-07-11 08:35:00','urn:uuid:255a1bf6-6d90-4b1c-bc76-c8da3ed275d8');
INSERT INTO `wp_edd_notes` VALUES (44,22,'order',0,'Status changed from Pending to Completed','2024-07-11 08:35:00','2024-07-11 08:35:00','urn:uuid:57072965-bf3a-47f6-820a-ae5ea98bb8c2');
INSERT INTO `wp_edd_notes` VALUES (45,23,'order',0,'Status changed from new to Pending','2024-07-11 08:42:23','2024-07-11 08:42:23','urn:uuid:7888f49d-e2c9-48d4-ada4-a8aa014e7532');
INSERT INTO `wp_edd_notes` VALUES (46,23,'order',0,'Status changed from Pending to Completed','2024-07-11 08:42:23','2024-07-11 08:42:23','urn:uuid:c2dabc25-ddf2-4c79-93b2-7cd69821c7f5');
INSERT INTO `wp_edd_notes` VALUES (47,24,'order',0,'Status changed from new to Pending','2024-07-18 09:30:14','2024-07-18 09:30:14','urn:uuid:e7370da1-01d8-4bb0-9a68-512acda25e3e');
INSERT INTO `wp_edd_notes` VALUES (48,24,'order',0,'Status changed from Pending to Completed','2024-07-18 09:30:14','2024-07-18 09:30:14','urn:uuid:cfcf75f3-edc3-468d-90a8-6e3cfe7cf839');
INSERT INTO `wp_edd_notes` VALUES (49,25,'order',0,'Status changed from new to Pending','2024-07-18 09:33:28','2024-07-18 09:33:28','urn:uuid:37dbb8af-2032-4e8e-84fa-c2e6e7572df4');
INSERT INTO `wp_edd_notes` VALUES (50,25,'order',0,'Status changed from Pending to Completed','2024-07-18 09:33:28','2024-07-18 09:33:28','urn:uuid:4325bb2d-44ed-4f2c-aca7-47584a46648f');
INSERT INTO `wp_edd_notes` VALUES (51,26,'order',0,'Status changed from new to Pending','2024-07-18 09:35:02','2024-07-18 09:35:02','urn:uuid:6a789546-a636-42c4-8782-dca77be8540e');
INSERT INTO `wp_edd_notes` VALUES (52,26,'order',0,'Status changed from Pending to Completed','2024-07-18 09:35:02','2024-07-18 09:35:02','urn:uuid:6a813667-eee1-4103-b3aa-7a96ef793a24');
INSERT INTO `wp_edd_notes` VALUES (53,27,'order',0,'Status changed from new to Pending','2024-07-18 10:25:51','2024-07-18 10:25:51','urn:uuid:569cd9d4-c1f8-40d8-b3c7-9f3936cca38b');
INSERT INTO `wp_edd_notes` VALUES (54,27,'order',0,'Status changed from Pending to Completed','2024-07-18 10:25:51','2024-07-18 10:25:51','urn:uuid:cfc1effc-31f1-4a32-ae39-a40e83268f61');
INSERT INTO `wp_edd_notes` VALUES (55,28,'order',0,'Status changed from new to Pending','2024-07-18 10:27:41','2024-07-18 10:27:41','urn:uuid:4f10f1a9-3d27-48e1-9cc0-e5a15c715cbd');
INSERT INTO `wp_edd_notes` VALUES (56,28,'order',0,'Status changed from Pending to Completed','2024-07-18 10:27:41','2024-07-18 10:27:41','urn:uuid:6a7af7c9-6e22-4a4f-ae73-e7ef5adec603');
INSERT INTO `wp_edd_notes` VALUES (57,29,'order',0,'Status changed from new to Pending','2024-07-18 10:31:27','2024-07-18 10:31:27','urn:uuid:5696b910-8a22-46e9-8445-f963ac67375b');
INSERT INTO `wp_edd_notes` VALUES (58,29,'order',0,'Status changed from Pending to Completed','2024-07-18 10:31:27','2024-07-18 10:31:27','urn:uuid:bf362111-8eed-4af9-b458-d8d83188dee5');
INSERT INTO `wp_edd_notes` VALUES (59,30,'order',0,'Status changed from new to Pending','2024-07-18 10:40:53','2024-07-18 10:40:53','urn:uuid:cb8dd55b-152f-44d7-b928-ac0b8a174bdc');
INSERT INTO `wp_edd_notes` VALUES (60,30,'order',0,'Status changed from Pending to Completed','2024-07-18 10:40:54','2024-07-18 10:40:54','urn:uuid:94ac441d-b231-4155-8ee3-5f6ed3843f31');
INSERT INTO `wp_edd_notes` VALUES (61,31,'order',0,'Status changed from new to Pending','2024-07-18 10:51:42','2024-07-18 10:51:42','urn:uuid:5cf7e761-e386-41dd-8fbf-a10867d0472c');
INSERT INTO `wp_edd_notes` VALUES (62,31,'order',0,'Status changed from Pending to Completed','2024-07-18 10:51:42','2024-07-18 10:51:42','urn:uuid:fd11c0a0-545b-4030-9214-de0ab104825c');
INSERT INTO `wp_edd_notes` VALUES (63,32,'order',0,'Status changed from new to Pending','2024-07-18 11:11:24','2024-07-18 11:11:24','urn:uuid:8cc8a14c-3f62-4d89-ba97-87526e073218');
INSERT INTO `wp_edd_notes` VALUES (64,32,'order',0,'Status changed from Pending to Completed','2024-07-18 11:11:25','2024-07-18 11:11:25','urn:uuid:75efc63e-4fb2-43ef-b029-c04cb8b2181e');
INSERT INTO `wp_edd_notes` VALUES (65,33,'order',0,'Status changed from new to Pending','2024-08-12 09:17:27','2024-08-12 09:17:27','urn:uuid:60d6be8c-1334-46f7-b1d5-79845e14aa6c');
INSERT INTO `wp_edd_notes` VALUES (66,33,'order',0,'Status changed from Pending to Completed','2024-08-12 09:17:27','2024-08-12 09:17:27','urn:uuid:361e7d27-382e-44f8-9ef5-a241ba4fd4c5');
INSERT INTO `wp_edd_notes` VALUES (67,33,'order',1,'Status changed from Completed to Abandoned','2024-08-12 09:17:40','2024-08-12 09:17:40','urn:uuid:67ee4f31-4dbe-4043-bede-9ec1079c75fd');
INSERT INTO `wp_edd_notes` VALUES (68,34,'order',0,'Status changed from new to Pending','2024-08-12 09:20:51','2024-08-12 09:20:51','urn:uuid:e0202b7d-e66a-4e85-a485-5365cdf2959d');
INSERT INTO `wp_edd_notes` VALUES (69,34,'order',0,'Status changed from Pending to Completed','2024-08-12 09:20:52','2024-08-12 09:20:52','urn:uuid:7f3a63a4-b298-4715-a504-4956c29f9e4b');
INSERT INTO `wp_edd_notes` VALUES (70,35,'order',0,'Status changed from new to Pending','2024-08-12 09:36:34','2024-08-12 09:36:34','urn:uuid:f9a98370-25e8-4654-bd6d-14a1312f9554');
INSERT INTO `wp_edd_notes` VALUES (71,35,'order',4,'Payment Elements - Stripe PaymentIntent ID: pi_3Pmug0Bk8FKrRLSv1RSxXsCD','2024-08-12 09:36:35','2024-08-12 09:36:35','urn:uuid:127ddc72-1182-4e58-adce-b47793c6927a');
INSERT INTO `wp_edd_notes` VALUES (72,35,'order',4,'Stripe Customer ID: cus_QeD6g618GeryU5','2024-08-12 09:36:35','2024-08-12 09:36:35','urn:uuid:7eb64564-28ec-4ea8-bc1b-2fe209d5e862');
INSERT INTO `wp_edd_notes` VALUES (73,35,'order',4,'Status changed from Pending to Completed','2024-08-12 09:36:35','2024-08-12 09:36:35','urn:uuid:b8f3b509-048b-4f6a-b7d7-bb26f1e72d25');
INSERT INTO `wp_edd_notes` VALUES (74,35,'order',4,'Stripe Charge ID: ch_3Pmug0Bk8FKrRLSv1nrokri7','2024-08-12 09:36:35','2024-08-12 09:36:35','urn:uuid:2696ba0c-bc53-4198-afee-8ed63ee7359a');
INSERT INTO `wp_edd_notes` VALUES (75,35,'order',1,'Status changed from Completed to Abandoned','2024-08-12 09:37:25','2024-08-12 09:37:25','urn:uuid:b2766416-edb0-4b1d-bc39-a403bd886c1d');
INSERT INTO `wp_edd_notes` VALUES (76,37,'order',1,'Status changed from new to Completed','2024-08-21 11:08:53','2024-08-21 11:08:53','urn:uuid:746034a5-cc6f-4d05-b24e-6d5091a60ebe');
INSERT INTO `wp_edd_notes` VALUES (77,26,'order',1,'Status changed from Completed to Refunded','2024-08-21 11:08:53','2024-08-21 11:08:53','urn:uuid:42d7114d-decc-4104-a209-1e259e13535b');
INSERT INTO `wp_edd_notes` VALUES (78,38,'order',0,'Status changed from new to Pending','2024-08-21 11:12:25','2024-08-21 11:12:25','urn:uuid:2c04b31a-f538-4c0f-88db-d40116245d5e');
INSERT INTO `wp_edd_notes` VALUES (79,38,'order',5,'Stripe PaymentIntent ID: pi_3PqCSgBk8FKrRLSv1ItnK4sx','2024-08-21 11:12:25','2024-08-21 11:12:25','urn:uuid:7334bca8-6c74-4880-a7e0-08287668863f');
INSERT INTO `wp_edd_notes` VALUES (80,38,'order',5,'Stripe Customer ID: cus_QhbgvCd1meYgle','2024-08-21 11:12:25','2024-08-21 11:12:25','urn:uuid:3d4262d1-33c4-46bb-b4bc-b719dfbe01db');
INSERT INTO `wp_edd_notes` VALUES (81,38,'order',5,'Stripe Charge ID: ch_3PqCSgBk8FKrRLSv1FKpdSga','2024-08-21 11:12:26','2024-08-21 11:12:26','urn:uuid:f3c9a923-480a-413c-9cf5-dc1f6e7f04fb');
INSERT INTO `wp_edd_notes` VALUES (82,38,'order',5,'Status changed from Pending to Completed','2024-08-21 11:12:26','2024-08-21 11:12:26','urn:uuid:32182ea9-7aa4-48f9-84f2-bc58292ab88b');
INSERT INTO `wp_edd_notes` VALUES (83,39,'order',1,'Status changed from new to Completed','2024-08-21 11:19:13','2024-08-21 11:19:13','urn:uuid:0e67ad8e-c0f7-4024-8919-37e640b82068');
INSERT INTO `wp_edd_notes` VALUES (84,9,'order',1,'Status changed from Completed to Refunded','2024-08-21 11:19:13','2024-08-21 11:19:13','urn:uuid:7f60562b-abcf-4405-a7c3-82b782629400');
INSERT INTO `wp_edd_notes` VALUES (85,40,'order',1,'Status changed from new to Completed','2024-08-21 17:52:23','2024-08-21 17:52:23','urn:uuid:4d6d15ca-e776-41c0-b2ac-ca59a16ba66b');
INSERT INTO `wp_edd_notes` VALUES (86,12,'order',1,'Status changed from Completed to Partially Refunded','2024-08-21 17:52:24','2024-08-21 17:52:24','urn:uuid:e3dd4546-5930-4ce3-8496-c07181777151');
INSERT INTO `wp_edd_notes` VALUES (87,41,'order',0,'Status changed from new to Pending','2024-09-12 11:21:49','2024-09-12 11:21:49','urn:uuid:eab6cc41-1b3a-42f5-b94e-6f33ec808f27');
INSERT INTO `wp_edd_notes` VALUES (88,41,'order',0,'Payment Elements - Stripe PaymentIntent ID: pi_3PyB5rBk8FKrRLSv0nT1AwfU','2024-09-12 11:21:50','2024-09-12 11:21:50','urn:uuid:419848cf-c789-4078-af8f-f48229a3375d');
INSERT INTO `wp_edd_notes` VALUES (89,41,'order',0,'Stripe Customer ID: cus_QpqnCXKmFBUKp5','2024-09-12 11:21:50','2024-09-12 11:21:50','urn:uuid:b8512212-6e9d-44a1-848a-797476beab11');
INSERT INTO `wp_edd_notes` VALUES (90,41,'order',0,'Status changed from Pending to Completed','2024-09-12 11:21:50','2024-09-12 11:21:50','urn:uuid:4dd35154-f2aa-4bd2-8214-9e4483a16ee6');
INSERT INTO `wp_edd_notes` VALUES (91,41,'order',0,'Stripe Charge ID: ch_3PyB5rBk8FKrRLSv0rVmcTHm','2024-09-12 11:21:50','2024-09-12 11:21:50','urn:uuid:c724a407-3cd7-4953-9ad1-acbb730d782c');
INSERT INTO `wp_edd_notes` VALUES (92,42,'order',0,'Status changed from new to Pending','2024-09-12 11:23:09','2024-09-12 11:23:09','urn:uuid:7d4e65be-25a4-4400-b858-e5d9a6f6dfe6');
INSERT INTO `wp_edd_notes` VALUES (93,42,'order',0,'Payment Elements - Stripe PaymentIntent ID: pi_3PyB79Bk8FKrRLSv0NfY7o8n','2024-09-12 11:23:09','2024-09-12 11:23:09','urn:uuid:4932bfa6-a739-4883-bd24-501608fbfc82');
INSERT INTO `wp_edd_notes` VALUES (94,42,'order',0,'Stripe Customer ID: cus_QpqnCXKmFBUKp5','2024-09-12 11:23:09','2024-09-12 11:23:09','urn:uuid:d2e0cedc-b58e-4bbc-9c7e-43d843329939');
INSERT INTO `wp_edd_notes` VALUES (95,42,'order',0,'Status changed from Pending to Completed','2024-09-12 11:23:09','2024-09-12 11:23:09','urn:uuid:c8b426a7-cc26-4828-93ad-65c71439f477');
INSERT INTO `wp_edd_notes` VALUES (96,42,'order',0,'Stripe Charge ID: ch_3PyB79Bk8FKrRLSv0jxlpUUm','2024-09-12 11:23:09','2024-09-12 11:23:09','urn:uuid:ed9ffc45-6f60-4293-841d-52df78e68f65');
INSERT INTO `wp_edd_notes` VALUES (97,43,'order',1,'Status changed from new to Completed','2024-09-12 11:23:40','2024-09-12 11:23:40','urn:uuid:342f58c5-1e6e-4d60-8c4e-c0585a3bba0d');
INSERT INTO `wp_edd_notes` VALUES (98,41,'order',1,'Status changed from Completed to Partially Refunded','2024-09-12 11:23:40','2024-09-12 11:23:40','urn:uuid:01fa4928-3e92-4ef6-8af7-20192c7c7ba4');
INSERT INTO `wp_edd_notes` VALUES (99,41,'order',1,'Charge not refunded in Stripe, as checkbox was not selected.','2024-09-12 11:23:40','2024-09-12 11:23:40','urn:uuid:53e01cdd-a229-499f-b4e9-ce1a7fcc017f');
INSERT INTO `wp_edd_notes` VALUES (100,44,'order',1,'Status changed from new to Pending','2024-09-13 11:32:57','2024-09-13 11:32:57','urn:uuid:9dda72dd-8527-4aeb-b367-b8cc529e6105');
INSERT INTO `wp_edd_notes` VALUES (101,44,'order',1,'Status changed from Pending to Completed','2024-09-13 11:32:58','2024-09-13 11:32:58','urn:uuid:46629eb9-f62a-4d07-86c2-dd8cf2f0626b');
INSERT INTO `wp_edd_notes` VALUES (102,45,'order',1,'Status changed from new to Pending','2024-09-13 11:36:54','2024-09-13 11:36:54','urn:uuid:ed602224-6616-41c3-9efa-c064d6716312');
INSERT INTO `wp_edd_notes` VALUES (103,45,'order',1,'Status changed from Pending to Completed','2024-09-13 11:36:54','2024-09-13 11:36:54','urn:uuid:f890510b-0fe1-4520-8449-db602796782a');
INSERT INTO `wp_edd_notes` VALUES (104,46,'order',1,'Status changed from new to Renewal','2024-09-13 11:37:33','2024-09-13 11:37:33','urn:uuid:3d5029eb-d9aa-4f87-b59d-a11ad98f5b86');
INSERT INTO `wp_edd_notes` VALUES (105,47,'order',1,'Status changed from new to Renewal','2024-09-13 20:38:30','2024-09-13 20:38:30','urn:uuid:0ba2d1da-7b11-4325-bdbb-85080ffc1d41');
INSERT INTO `wp_edd_notes` VALUES (106,48,'order',1,'Status changed from new to Pending','2024-09-13 20:45:53','2024-09-13 20:45:53','urn:uuid:bd66cf9b-d2bf-49f4-bf11-13e0e1339d0f');
INSERT INTO `wp_edd_notes` VALUES (107,48,'order',1,'Status changed from Pending to Completed','2024-09-13 20:45:54','2024-09-13 20:45:54','urn:uuid:01157579-688a-4a17-b9c3-9c97f9079adb');
INSERT INTO `wp_edd_notes` VALUES (108,49,'order',1,'Status changed from new to Pending','2024-09-13 20:49:22','2024-09-13 20:49:22','urn:uuid:3a620a0c-3481-4cf8-ac60-fae0e39c57aa');
INSERT INTO `wp_edd_notes` VALUES (109,49,'order',1,'Status changed from Pending to Completed','2024-09-13 20:49:23','2024-09-13 20:49:23','urn:uuid:e0580f87-2305-484a-ba47-d357fd888ab7');
INSERT INTO `wp_edd_notes` VALUES (110,50,'order',1,'Status changed from new to Renewal','2024-09-13 20:50:08','2024-09-13 20:50:08','urn:uuid:fbf5b54f-07ec-4868-924c-8ba5e5b1d502');
INSERT INTO `wp_edd_notes` VALUES (111,51,'order',1,'Status changed from new to Pending','2024-09-20 09:57:11','2024-09-20 09:57:11','urn:uuid:8c6bac15-fb38-4249-98e0-f3c2f87fa29b');
INSERT INTO `wp_edd_notes` VALUES (112,51,'order',1,'Status changed from Pending to Completed','2024-09-20 09:57:11','2024-09-20 09:57:11','urn:uuid:13bd988a-db3f-4908-87ee-23d5b42c6bd8');
INSERT INTO `wp_edd_notes` VALUES (113,52,'order',1,'Status changed from new to Pending','2024-09-20 09:59:56','2024-09-20 09:59:56','urn:uuid:5d70373f-9f12-4c8f-801b-b8f5b11406f6');
INSERT INTO `wp_edd_notes` VALUES (114,52,'order',1,'Status changed from Pending to Completed','2024-09-20 09:59:56','2024-09-20 09:59:56','urn:uuid:2fc43628-8c15-4a1f-b703-85621a85ee59');
INSERT INTO `wp_edd_notes` VALUES (115,53,'order',1,'Status changed from new to Renewal','2024-09-20 10:04:20','2024-09-20 10:04:20','urn:uuid:d6cb1815-637a-4ed3-ac84-8062a754c14c');
INSERT INTO `wp_edd_notes` VALUES (116,54,'order',1,'Status changed from new to Pending','2024-09-20 10:06:34','2024-09-20 10:06:34','urn:uuid:5d0a7751-debb-4ab0-80d2-2e7d77423f82');
INSERT INTO `wp_edd_notes` VALUES (117,54,'order',1,'Status changed from Pending to Completed','2024-09-20 10:06:34','2024-09-20 10:06:34','urn:uuid:5481ddf9-36ad-4934-b3f3-da33b413eaaa');
INSERT INTO `wp_edd_notes` VALUES (118,55,'order',1,'Status changed from new to Renewal','2024-09-20 10:07:12','2024-09-20 10:07:12','urn:uuid:8b3b9056-736b-46b6-847e-de8c45e43c13');
INSERT INTO `wp_edd_notes` VALUES (119,56,'order',1,'Status changed from new to Renewal','2024-09-20 10:14:22','2024-09-20 10:14:22','urn:uuid:e291b507-2087-4e07-b5fe-6d1b2bd504aa');
INSERT INTO `wp_edd_notes` VALUES (120,57,'order',1,'Status changed from new to Renewal','2024-09-20 10:23:41','2024-09-20 10:23:41','urn:uuid:b5c7c416-1111-4ced-bbff-3509351c1885');
INSERT INTO `wp_edd_notes` VALUES (121,58,'order',1,'Status changed from new to Renewal','2024-09-21 08:22:37','2024-09-21 08:22:37','urn:uuid:56c64e0b-b0a4-4f6d-801e-afb51149c88e');
INSERT INTO `wp_edd_notes` VALUES (122,59,'order',1,'Status changed from new to Renewal','2024-09-21 08:26:23','2024-09-21 08:26:23','urn:uuid:de748df8-6b09-40e9-91f4-d47178bc054c');
INSERT INTO `wp_edd_notes` VALUES (123,60,'order',1,'Status changed from new to Renewal','2024-09-21 08:30:06','2024-09-21 08:30:06','urn:uuid:df921403-5b0c-4a66-a530-d0ca6eadf06f');
INSERT INTO `wp_edd_notes` VALUES (124,61,'order',1,'Status changed from new to Renewal','2024-09-21 08:32:15','2024-09-21 08:32:15','urn:uuid:9640ffcd-f615-4cd6-8f2a-715131393b08');
INSERT INTO `wp_edd_notes` VALUES (128,63,'order',1,'Status changed from new to Pending','2024-12-12 08:31:36','2024-12-12 08:31:36','urn:uuid:411bad1a-8fea-4895-bbe2-8bde666a001f');
INSERT INTO `wp_edd_notes` VALUES (129,63,'order',1,'Status changed from Pending to Completed','2024-12-12 08:31:37','2024-12-12 08:31:37','urn:uuid:b20d4723-d96c-4c0d-934d-bc86d68e21d5');
INSERT INTO `wp_edd_notes` VALUES (130,64,'order',0,'Status changed from new to Pending','2025-01-17 12:10:25','2025-01-17 12:10:25','urn:uuid:95fe9b81-58b3-4715-8bcf-bdfb56162c19');
INSERT INTO `wp_edd_notes` VALUES (131,64,'order',0,'Status changed from Pending to Completed','2025-01-17 12:10:25','2025-01-17 12:10:25','urn:uuid:11e3d136-9c28-4259-a2ce-56bb9a824157');
INSERT INTO `wp_edd_notes` VALUES (132,65,'order',0,'Status changed from new to Pending','2025-02-26 07:38:33','2025-02-26 07:38:33','urn:uuid:537d7dd8-4ef3-4cbd-a2ee-89a56bb5dd85');
INSERT INTO `wp_edd_notes` VALUES (133,65,'order',0,'Status changed from Pending to Completed','2025-02-26 07:38:33','2025-02-26 07:38:33','urn:uuid:7b6d5a9f-e47f-46f3-8131-a91db5fc0ef9');
INSERT INTO `wp_edd_notes` VALUES (134,8,'customer',0,'Email address jilbull@gmail.com added by admin','2025-04-10 11:53:55','2025-04-10 11:53:55','urn:uuid:96d51c12-b280-481c-8bef-c8e2eecdb3c3');
INSERT INTO `wp_edd_notes` VALUES (135,66,'order',0,'Status changed from new to Pending','2025-04-12 21:43:53','2025-04-12 21:43:53','urn:uuid:216b99ca-93f3-4bef-a2eb-3e83dcd21f93');
INSERT INTO `wp_edd_notes` VALUES (136,66,'order',0,'Status changed from Pending to Completed','2025-04-12 21:43:53','2025-04-12 21:43:53','urn:uuid:678fa6ff-ff64-4987-a9d1-a63401968b2a');
INSERT INTO `wp_edd_notes` VALUES (137,67,'order',1,'Status changed from new to Pending','2025-05-06 10:48:08','2025-05-06 10:48:08','urn:uuid:44d26085-740e-4b51-80b3-24e7f336b9e2');
INSERT INTO `wp_edd_notes` VALUES (138,67,'order',1,'Status changed from Pending to Completed','2025-05-06 10:48:10','2025-05-06 10:48:10','urn:uuid:051d9e00-8341-4ec1-bee2-d4472b3f2ead');
INSERT INTO `wp_edd_notes` VALUES (139,4,'subscription',0,'Status changed from expired to active by admin','2024-09-20 10:07:00','2025-06-05 13:59:53','urn:uuid:b6f2efdd-de74-4dcc-8549-9dbf7832d94c');
INSERT INTO `wp_edd_notes` VALUES (140,3,'subscription',0,'Status changed from active to expired by admin','2024-11-13 07:57:00','2025-06-05 13:59:53','urn:uuid:e38f8cd1-04f4-463a-9a4f-594fc143a6b9');
INSERT INTO `wp_edd_notes` VALUES (141,3,'subscription',0,'Status changed from expired to active by admin','2024-09-20 10:04:00','2025-06-05 13:59:53','urn:uuid:1fc5acbd-68b0-4165-9289-48085db04eae');
INSERT INTO `wp_edd_notes` VALUES (142,2,'subscription',0,'Status changed from active to expired by gateway','2024-10-15 14:17:00','2025-06-05 13:59:53','urn:uuid:17b2bbc4-65dc-4fc6-a67d-c75e0016d279');
INSERT INTO `wp_edd_notes` VALUES (143,2,'subscription',0,'Status changed from expired to active by admin','2024-09-13 20:50:00','2025-06-05 13:59:53','urn:uuid:5e5c4971-61fb-41c7-8a49-855cda8e1c63');
INSERT INTO `wp_edd_notes` VALUES (144,1,'subscription',0,'Status changed from expired to active by admin','2024-09-13 11:37:00','2025-06-05 13:59:53','urn:uuid:6a4ded0e-cfcd-4d06-ac66-55d5fabe4e50');
INSERT INTO `wp_edd_notes` VALUES (145,68,'order',0,'Status changed from new to Pending','2025-06-05 14:38:37','2025-06-05 14:38:37','urn:uuid:2e4cd506-7600-4e74-b5d0-9c1905b7e503');
INSERT INTO `wp_edd_notes` VALUES (146,68,'order',0,'Status changed from Pending to Completed','2025-06-05 14:38:38','2025-06-05 14:38:38','urn:uuid:0901dced-2565-4f07-b3fd-0794d78cf000');
INSERT INTO `wp_edd_notes` VALUES (147,69,'order',0,'Status changed from new to Pending','2025-06-05 17:42:18','2025-06-05 17:42:18','urn:uuid:662f4f0b-f20b-4c86-8e4d-35bc5e6a1891');
INSERT INTO `wp_edd_notes` VALUES (148,69,'order',0,'Status changed from Pending to Completed','2025-06-05 17:42:20','2025-06-05 17:42:20','urn:uuid:ba8b2c04-8707-4d0c-ba7f-e28e05d99ca2');
INSERT INTO `wp_edd_notes` VALUES (149,70,'order',1,'Status changed from new to Pending','2025-06-06 14:13:17','2025-06-06 14:13:17','urn:uuid:ff8b9148-a6b5-4311-805d-ad4d6d7dfd77');
INSERT INTO `wp_edd_notes` VALUES (150,70,'order',1,'Status changed from Pending to Completed','2025-06-06 14:13:18','2025-06-06 14:13:18','urn:uuid:b284cac6-fd0a-49b0-930c-62976e7ed252');
INSERT INTO `wp_edd_notes` VALUES (151,71,'order',1,'Status changed from new to Completed','2025-06-09 14:12:05','2025-06-09 14:12:05','urn:uuid:ce6606ad-0ac8-4ec0-9e7e-348b42ae128c');
INSERT INTO `wp_edd_notes` VALUES (152,69,'order',1,'Status changed from Completed to Refunded','2025-06-09 14:12:05','2025-06-09 14:12:05','urn:uuid:6028a44a-a650-4735-b286-2642a9114983');
INSERT INTO `wp_edd_notes` VALUES (153,72,'order',0,'Status changed from new to Pending','2025-06-09 15:38:58','2025-06-09 15:38:58','urn:uuid:e094c1a9-519a-4551-9af8-a0d3f4df5e7e');
INSERT INTO `wp_edd_notes` VALUES (154,72,'order',0,'Status changed from Pending to Completed','2025-06-09 15:38:59','2025-06-09 15:38:59','urn:uuid:5c59b77a-04f5-4502-a5bc-9e1f7ee67dd6');
INSERT INTO `wp_edd_notes` VALUES (155,73,'order',8,'Status changed from new to Pending','2025-06-10 16:32:50','2025-06-10 16:32:50','urn:uuid:6149958d-18b1-448e-813b-b9921b542def');
INSERT INTO `wp_edd_notes` VALUES (156,73,'order',8,'Stripe PaymentIntent ID: pi_3RYV6SBk8FKrRLSv1tULdbZF','2025-06-10 16:32:51','2025-06-10 16:32:51','urn:uuid:ca869bf9-3d02-4ae9-a6e9-0f1b45246180');
INSERT INTO `wp_edd_notes` VALUES (157,73,'order',8,'Stripe Customer ID: cus_STS0Olc7iwMSJj','2025-06-10 16:32:51','2025-06-10 16:32:51','urn:uuid:1398ce51-9a12-4a9f-9b06-9c7c247fb5b0');
INSERT INTO `wp_edd_notes` VALUES (158,73,'order',8,'Stripe Charge ID: ch_3RYV6SBk8FKrRLSv1dp3Rd0h','2025-06-10 16:32:51','2025-06-10 16:32:51','urn:uuid:008c47a6-288d-4d1e-8d7f-26273473c20c');
INSERT INTO `wp_edd_notes` VALUES (159,73,'order',8,'Status changed from Pending to Completed','2025-06-10 16:32:53','2025-06-10 16:32:53','urn:uuid:f53ab70d-25de-4c0a-880c-06b7286a7503');
INSERT INTO `wp_edd_notes` VALUES (160,74,'order',0,'Status changed from new to Pending','2025-06-11 11:34:53','2025-06-11 11:34:53','urn:uuid:5b9e0eb9-4b53-40fa-8e47-c4bf99fa46bd');
INSERT INTO `wp_edd_notes` VALUES (161,74,'order',0,'Status changed from Pending to Completed','2025-06-11 11:34:55','2025-06-11 11:34:55','urn:uuid:768043bb-98d8-4e10-9b06-7212b989adef');
INSERT INTO `wp_edd_notes` VALUES (162,75,'order',0,'Status changed from new to Pending','2025-06-12 12:47:35','2025-06-12 12:47:35','urn:uuid:35f60838-8a90-44c8-9a08-633e61ec0173');
INSERT INTO `wp_edd_notes` VALUES (163,75,'order',0,'Status changed from Pending to Completed','2025-06-12 12:47:37','2025-06-12 12:47:37','urn:uuid:4f588c7b-f810-4176-a4ad-5925a93d2c05');
INSERT INTO `wp_edd_notes` VALUES (164,76,'order',0,'Status changed from new to Pending','2025-06-12 12:51:46','2025-06-12 12:51:46','urn:uuid:e6e97423-3bd8-4d1d-b5bc-e3d0c22a5034');
INSERT INTO `wp_edd_notes` VALUES (165,76,'order',0,'Status changed from Pending to Completed','2025-06-12 12:51:47','2025-06-12 12:51:47','urn:uuid:ff81988b-c6e1-4500-a650-f98a23ae0e15');
INSERT INTO `wp_edd_notes` VALUES (166,77,'order',0,'Status changed from new to Pending','2025-06-12 13:15:45','2025-06-12 13:15:45','urn:uuid:38a71176-8765-4b76-8007-a1e28d6c633e');
INSERT INTO `wp_edd_notes` VALUES (167,77,'order',0,'Status changed from Pending to Completed','2025-06-12 13:15:47','2025-06-12 13:15:47','urn:uuid:ba7b5a11-0f17-4120-9f3d-6e41ba70e1e1');
INSERT INTO `wp_edd_notes` VALUES (168,78,'order',8,'Status changed from new to Pending','2025-06-12 13:32:43','2025-06-12 13:32:43','urn:uuid:25bea93c-7c16-40fe-8995-b669085d0d4e');
INSERT INTO `wp_edd_notes` VALUES (169,78,'order',8,'Status changed from Pending to Completed','2025-06-12 13:32:44','2025-06-12 13:32:44','urn:uuid:710af410-2e5b-4525-ba70-2d2822f66507');
INSERT INTO `wp_edd_notes` VALUES (170,79,'order',0,'Status changed from new to Pending','2025-06-12 14:14:38','2025-06-12 14:14:38','urn:uuid:528b266e-18a7-4ed1-b1e9-d3be4a3d12a7');
INSERT INTO `wp_edd_notes` VALUES (171,79,'order',9,'Status changed from Pending to Completed','2025-06-12 14:14:40','2025-06-12 14:14:40','urn:uuid:ec532505-3bc0-494a-b2ba-ace0b53fb5b5');
INSERT INTO `wp_edd_notes` VALUES (172,5,'subscription',0,'Status changed from active to expired by gateway','2025-06-13 14:16:53','2025-06-13 14:16:53','urn:uuid:82f00fbb-ddea-4b55-a5ed-1c0ba2e732dd');
INSERT INTO `wp_edd_notes` VALUES (173,80,'order',0,'Status changed from new to Pending','2025-06-13 14:20:36','2025-06-13 14:20:36','urn:uuid:c53630cc-2ee2-4974-98e3-98d2c45a8ccc');
INSERT INTO `wp_edd_notes` VALUES (174,80,'order',0,'Status changed from Pending to Completed','2025-06-13 14:20:38','2025-06-13 14:20:38','urn:uuid:15f6a3ee-ae0d-4250-a758-4ba19f2bdf57');
INSERT INTO `wp_edd_notes` VALUES (175,81,'order',0,'Status changed from new to Pending','2025-06-13 14:47:35','2025-06-13 14:47:35','urn:uuid:1482897c-5ee8-423e-b89d-d909c159505c');
INSERT INTO `wp_edd_notes` VALUES (176,81,'order',0,'Status changed from Pending to Completed','2025-06-13 14:47:35','2025-06-13 14:47:35','urn:uuid:fe042468-1e54-4f10-ac7e-e27e8fc7625f');
INSERT INTO `wp_edd_notes` VALUES (177,82,'order',0,'Status changed from new to Pending','2025-06-13 18:13:16','2025-06-13 18:13:16','urn:uuid:f8e36840-75e1-4485-8210-b679d83b71e2');
INSERT INTO `wp_edd_notes` VALUES (178,82,'order',0,'Status changed from Pending to Completed','2025-06-13 18:13:18','2025-06-13 18:13:18','urn:uuid:6a419c8a-9e37-4843-b200-e2057c3f75cb');
INSERT INTO `wp_edd_notes` VALUES (179,83,'order',11,'Status changed from new to Pending','2025-06-13 19:35:47','2025-06-13 19:35:47','urn:uuid:cdbb1603-f18a-43b0-86f4-7dd74676adeb');
INSERT INTO `wp_edd_notes` VALUES (180,83,'order',11,'Status changed from Pending to Completed','2025-06-13 19:35:49','2025-06-13 19:35:49','urn:uuid:a4cf8744-2dd9-4418-ab58-d169bfd74e6b');
INSERT INTO `wp_edd_notes` VALUES (181,84,'order',11,'Status changed from new to Pending','2025-06-13 19:37:35','2025-06-13 19:37:35','urn:uuid:23ff9978-4566-4680-aad1-3018f28c5d9a');
INSERT INTO `wp_edd_notes` VALUES (182,84,'order',11,'Status changed from Pending to Completed','2025-06-13 19:37:36','2025-06-13 19:37:36','urn:uuid:ddf58702-0c72-43f8-b70b-c318ffa77174');
INSERT INTO `wp_edd_notes` VALUES (183,85,'order',11,'Status changed from new to Pending','2025-06-13 19:38:51','2025-06-13 19:38:51','urn:uuid:47eb183a-054f-4142-bc3d-12fe2c26a01c');
INSERT INTO `wp_edd_notes` VALUES (184,85,'order',11,'Status changed from Pending to Completed','2025-06-13 19:38:52','2025-06-13 19:38:52','urn:uuid:d856e806-192d-427a-aa34-6a1e03d2914d');
INSERT INTO `wp_edd_notes` VALUES (185,86,'order',11,'Status changed from new to Pending','2025-06-13 19:47:09','2025-06-13 19:47:09','urn:uuid:c74d21a1-2e37-410d-8ad8-ee803a2ba6bc');
INSERT INTO `wp_edd_notes` VALUES (186,86,'order',11,'Status changed from Pending to Completed','2025-06-13 19:47:11','2025-06-13 19:47:11','urn:uuid:8baba371-8f7c-45a0-b184-5124c71bc527');
INSERT INTO `wp_edd_notes` VALUES (187,87,'order',0,'Status changed from new to Pending','2025-06-13 19:54:25','2025-06-13 19:54:25','urn:uuid:af66b112-9c3b-4dda-a13d-b97c67368e18');
INSERT INTO `wp_edd_notes` VALUES (188,87,'order',12,'Status changed from Pending to Completed','2025-06-13 19:54:26','2025-06-13 19:54:26','urn:uuid:512d4702-685b-4230-b91b-823aeffa986a');
INSERT INTO `wp_edd_notes` VALUES (189,88,'order',12,'Status changed from new to Pending','2025-06-13 19:56:18','2025-06-13 19:56:18','urn:uuid:b6e8f273-9c22-4d53-a35e-2d282f8b1515');
INSERT INTO `wp_edd_notes` VALUES (190,88,'order',12,'Status changed from Pending to Completed','2025-06-13 19:56:19','2025-06-13 19:56:19','urn:uuid:17ccb285-e7b1-4f4f-aa79-eb5a589a3ecc');
INSERT INTO `wp_edd_notes` VALUES (191,89,'order',0,'Status changed from new to Pending','2025-06-26 04:19:29','2025-06-26 04:19:29','urn:uuid:39e75cb8-0bbe-4610-bc96-83170f567ae7');
INSERT INTO `wp_edd_notes` VALUES (192,89,'order',0,'Status changed from Pending to Completed','2025-06-26 04:19:29','2025-06-26 04:19:29','urn:uuid:c99903c8-7471-4784-a90d-f8f7521e36fb');
INSERT INTO `wp_edd_notes` VALUES (193,90,'order',1,'Status changed from new to Pending','2025-06-30 16:45:53','2025-06-30 16:45:53','urn:uuid:22b270b1-88de-4053-868b-49314de65d32');
INSERT INTO `wp_edd_notes` VALUES (194,90,'order',1,'Stripe PaymentIntent ID: pi_3Rfkq3Bk8FKrRLSv1sNt2Hv0','2025-06-30 16:45:54','2025-06-30 16:45:54','urn:uuid:7c13a727-09c5-4f3b-a7b1-123b8140df60');
INSERT INTO `wp_edd_notes` VALUES (195,90,'order',1,'Stripe Customer ID: cus_SawjzJSJrWDDv4','2025-06-30 16:45:54','2025-06-30 16:45:54','urn:uuid:2f8844a6-da3d-4d82-965d-e41e820d9142');
INSERT INTO `wp_edd_notes` VALUES (196,90,'order',1,'Stripe Charge ID: ch_3Rfkq3Bk8FKrRLSv1oA62BwT','2025-06-30 16:45:55','2025-06-30 16:45:55','urn:uuid:650b8184-0c6b-43c0-a282-52546c0181d4');
INSERT INTO `wp_edd_notes` VALUES (197,90,'order',1,'Status changed from Pending to Completed','2025-06-30 16:45:55','2025-06-30 16:45:55','urn:uuid:12ad8d04-3273-434e-8e85-8e04edf7994f');
INSERT INTO `wp_edd_notes` VALUES (198,4,'subscription',1,'Status changed from active to expired by admin','2025-07-02 10:21:22','2025-07-02 10:21:22','urn:uuid:14f268ed-032a-4e04-8340-721c999b847a');
INSERT INTO `wp_edd_notes` VALUES (199,1,'subscription',1,'Status changed from active to expired by admin','2025-07-02 10:21:22','2025-07-02 10:21:22','urn:uuid:31836fbb-d58e-4a94-b3d0-5a66e558a1da');
INSERT INTO `wp_edd_notes` VALUES (200,91,'order',1,'Status changed from new to Pending','2025-07-02 10:30:13','2025-07-02 10:30:13','urn:uuid:7de9b5c2-3e27-4cac-91c8-be4f6f05335c');
INSERT INTO `wp_edd_notes` VALUES (201,91,'order',1,'Status changed from Pending to Completed','2025-07-02 10:30:13','2025-07-02 10:30:13','urn:uuid:0493fcfe-6770-49e8-a5bf-ebf83ac67f4d');
INSERT INTO `wp_edd_notes` VALUES (202,92,'order',1,'Status changed from new to Pending','2025-07-02 10:31:21','2025-07-02 10:31:21','urn:uuid:fe1b5eb7-6b04-4a69-a999-cf980c2e49f8');
INSERT INTO `wp_edd_notes` VALUES (203,92,'order',1,'Status changed from Pending to Completed','2025-07-02 10:31:21','2025-07-02 10:31:21','urn:uuid:f831971f-428c-4d0c-a05f-a7aeb3235b95');
INSERT INTO `wp_edd_notes` VALUES (204,93,'order',1,'Status changed from new to Pending','2025-07-02 10:44:47','2025-07-02 10:44:47','urn:uuid:7c721c3e-79e5-4591-b448-7ee51b8a2642');
INSERT INTO `wp_edd_notes` VALUES (205,93,'order',1,'Status changed from Pending to Completed','2025-07-02 10:44:47','2025-07-02 10:44:47','urn:uuid:7d2e5d5e-a801-4673-982e-4ded71cbb307');
INSERT INTO `wp_edd_notes` VALUES (206,94,'order',1,'Status changed from new to Pending','2025-07-02 10:45:38','2025-07-02 10:45:38','urn:uuid:35100719-273d-4798-b8b3-926b1f3fa20e');
INSERT INTO `wp_edd_notes` VALUES (207,94,'order',1,'Status changed from Pending to Completed','2025-07-02 10:45:38','2025-07-02 10:45:38','urn:uuid:8b317070-97c0-41ea-a7f1-857cbf5a29d5');
INSERT INTO `wp_edd_notes` VALUES (208,95,'order',1,'Status changed from new to Pending','2025-07-02 10:46:40','2025-07-02 10:46:40','urn:uuid:83ca5558-ff02-4168-8234-27050a3d0c62');
INSERT INTO `wp_edd_notes` VALUES (209,95,'order',1,'Status changed from Pending to Completed','2025-07-02 10:46:40','2025-07-02 10:46:40','urn:uuid:c6549f9f-af0d-4c8f-8fca-d7910ecc0547');
INSERT INTO `wp_edd_notes` VALUES (210,96,'order',1,'Status changed from new to Pending','2025-07-02 10:47:18','2025-07-02 10:47:18','urn:uuid:3580a64b-8fc8-415b-a852-5bf5553039bf');
INSERT INTO `wp_edd_notes` VALUES (211,96,'order',1,'Status changed from Pending to Completed','2025-07-02 10:47:18','2025-07-02 10:47:18','urn:uuid:841bed9c-b9d5-4e10-a628-21514741507c');
INSERT INTO `wp_edd_notes` VALUES (212,97,'order',0,'Status changed from new to Pending','2025-07-03 12:06:36','2025-07-03 12:06:36','urn:uuid:2b30fcae-13da-493c-9752-a40a08f72bcc');
INSERT INTO `wp_edd_notes` VALUES (213,97,'order',0,'Stripe PaymentIntent ID: pi_3RgluQBk8FKrRLSv0eCLyBik','2025-07-03 12:06:37','2025-07-03 12:06:37','urn:uuid:01535025-999d-455c-a124-b4acc0c04b85');
INSERT INTO `wp_edd_notes` VALUES (214,97,'order',0,'Stripe Customer ID: cus_SbzuLbMyjSz2uh','2025-07-03 12:06:37','2025-07-03 12:06:37','urn:uuid:33e0e14f-de52-4b6e-a7dc-fe9b966d547e');
INSERT INTO `wp_edd_notes` VALUES (215,97,'order',0,'Stripe Charge ID: ch_3RgluQBk8FKrRLSv0MQ30U4Q','2025-07-03 12:06:38','2025-07-03 12:06:38','urn:uuid:14314abb-0043-4b02-93c1-d3e7afcf9cc5');
INSERT INTO `wp_edd_notes` VALUES (216,97,'order',0,'Status changed from Pending to Completed','2025-07-03 12:06:38','2025-07-03 12:06:38','urn:uuid:02429e5f-909c-488c-a8a4-9f0846b4d6d8');
INSERT INTO `wp_edd_notes` VALUES (217,98,'order',0,'Status changed from new to Pending','2025-07-03 12:16:43','2025-07-03 12:16:43','urn:uuid:19768456-fce1-4a94-8961-0c92c639ce3b');
INSERT INTO `wp_edd_notes` VALUES (218,98,'order',0,'Stripe PaymentIntent ID: pi_3Rgm4DBk8FKrRLSv0bzeEPG1','2025-07-03 12:16:44','2025-07-03 12:16:44','urn:uuid:512566cf-54a5-4c45-869c-00ad31f0d196');
INSERT INTO `wp_edd_notes` VALUES (219,98,'order',0,'Stripe Customer ID: cus_Sc04GrxJamN50Z','2025-07-03 12:16:44','2025-07-03 12:16:44','urn:uuid:dd1305a5-9dfb-4d82-8410-1a1c9319823f');
INSERT INTO `wp_edd_notes` VALUES (220,98,'order',0,'Stripe Charge ID: ch_3Rgm4DBk8FKrRLSv0NOk0lC9','2025-07-03 12:16:44','2025-07-03 12:16:44','urn:uuid:a9106dc5-5a72-4340-9c6c-386fb05198d3');
INSERT INTO `wp_edd_notes` VALUES (221,98,'order',0,'Status changed from Pending to Completed','2025-07-03 12:16:45','2025-07-03 12:16:45','urn:uuid:5bdcc630-ca4f-42d5-8ea4-2be961f45e73');
INSERT INTO `wp_edd_notes` VALUES (222,99,'order',0,'Status changed from new to Pending','2025-07-03 12:21:51','2025-07-03 12:21:51','urn:uuid:97bcdcd3-c436-49c3-806e-6b0803ea250e');
INSERT INTO `wp_edd_notes` VALUES (223,99,'order',0,'Stripe PaymentIntent ID: pi_3Rgm9BBk8FKrRLSv1VDH0YUV','2025-07-03 12:21:52','2025-07-03 12:21:52','urn:uuid:2e909436-d38d-425d-bade-69caca3b58a6');
INSERT INTO `wp_edd_notes` VALUES (224,99,'order',0,'Stripe Customer ID: cus_Sc09kE51dnMCbc','2025-07-03 12:21:52','2025-07-03 12:21:52','urn:uuid:3f6713e7-cb20-4122-b7e5-2b1b81a29f60');
INSERT INTO `wp_edd_notes` VALUES (225,99,'order',0,'Stripe Charge ID: ch_3Rgm9BBk8FKrRLSv1ExmVs9K','2025-07-03 12:21:53','2025-07-03 12:21:53','urn:uuid:a5828568-97d2-4392-8718-61147803fc02');
INSERT INTO `wp_edd_notes` VALUES (226,99,'order',0,'Status changed from Pending to Completed','2025-07-03 12:21:53','2025-07-03 12:21:53','urn:uuid:61e58f70-3216-4308-892b-90af44bd93c7');
INSERT INTO `wp_edd_notes` VALUES (227,100,'order',0,'Status changed from new to Pending','2025-07-03 12:34:22','2025-07-03 12:34:22','urn:uuid:ebba1afd-9eb3-443c-9716-df6a61a50ea6');
INSERT INTO `wp_edd_notes` VALUES (228,100,'order',0,'Stripe PaymentIntent ID: pi_3RgmLIBk8FKrRLSv0hhTHCZm','2025-07-03 12:34:23','2025-07-03 12:34:23','urn:uuid:2ac4d533-3f04-4c00-ac0f-db303ed92121');
INSERT INTO `wp_edd_notes` VALUES (229,100,'order',0,'Stripe Customer ID: cus_Sc0Lj8dzQ629DI','2025-07-03 12:34:23','2025-07-03 12:34:23','urn:uuid:00f40046-e6e7-4e47-b615-8ca9acc77e44');
INSERT INTO `wp_edd_notes` VALUES (230,100,'order',0,'Stripe Charge ID: ch_3RgmLIBk8FKrRLSv0wxEUpLm','2025-07-03 12:34:24','2025-07-03 12:34:24','urn:uuid:2cc72cad-e1bf-4fd3-b7af-0a6ffc72c589');
INSERT INTO `wp_edd_notes` VALUES (231,100,'order',0,'Status changed from Pending to Completed','2025-07-03 12:34:24','2025-07-03 12:34:24','urn:uuid:d3ae217d-45b0-49cf-8b31-4674cb4d06f5');
INSERT INTO `wp_edd_notes` VALUES (232,101,'order',0,'Status changed from new to Pending','2025-07-03 12:39:46','2025-07-03 12:39:46','urn:uuid:7e784aa4-2bf0-4b54-8167-173c70102ed4');
INSERT INTO `wp_edd_notes` VALUES (233,101,'order',0,'Status changed from Pending to Completed','2025-07-03 12:39:46','2025-07-03 12:39:46','urn:uuid:841852c7-9992-46d2-8ac0-1b3a038692ee');
INSERT INTO `wp_edd_notes` VALUES (234,102,'order',0,'Status changed from new to Pending','2025-07-03 12:43:07','2025-07-03 12:43:07','urn:uuid:6ea216f4-d990-41ec-bd15-6a366e8a016b');
INSERT INTO `wp_edd_notes` VALUES (235,102,'order',0,'Status changed from Pending to Completed','2025-07-03 12:43:07','2025-07-03 12:43:07','urn:uuid:86db67bf-f863-4a4b-8417-0d67ce91106f');
INSERT INTO `wp_edd_notes` VALUES (236,103,'order',0,'Status changed from new to Pending','2025-07-03 12:52:44','2025-07-03 12:52:44','urn:uuid:d4151283-aa4d-4a62-9731-5037fdbe22f7');
INSERT INTO `wp_edd_notes` VALUES (237,103,'order',0,'Status changed from Pending to Completed','2025-07-03 12:52:44','2025-07-03 12:52:44','urn:uuid:a7ab137c-b986-4b95-97f4-fcba532e84be');
INSERT INTO `wp_edd_notes` VALUES (238,104,'order',0,'Status changed from new to Pending','2025-07-03 12:56:30','2025-07-03 12:56:30','urn:uuid:0b65128a-f067-4aae-9511-e999a745d485');
INSERT INTO `wp_edd_notes` VALUES (239,104,'order',0,'Status changed from Pending to Completed','2025-07-03 12:56:31','2025-07-03 12:56:31','urn:uuid:24f7c8be-d370-44de-83d3-b70f60035f8e');
INSERT INTO `wp_edd_notes` VALUES (240,105,'order',0,'Status changed from new to Pending','2025-07-03 13:04:25','2025-07-03 13:04:25','urn:uuid:9890068f-06df-41e5-a3b1-43368dc80a7f');
INSERT INTO `wp_edd_notes` VALUES (241,105,'order',0,'Status changed from Pending to Completed','2025-07-03 13:04:25','2025-07-03 13:04:25','urn:uuid:3b49ece7-8b73-49b7-95dd-8d0b63e38c66');
INSERT INTO `wp_edd_notes` VALUES (242,6,'subscription',0,'Status changed from active to expired by gateway','2025-07-06 09:15:49','2025-07-06 09:15:49','urn:uuid:b438de3e-e1a1-4cb4-9325-8dfce673b346');
INSERT INTO `wp_edd_notes` VALUES (243,11,'subscription',0,'Status changed from active to expired by gateway','2025-07-09 08:12:06','2025-07-09 08:12:06','urn:uuid:8c91b8f2-479b-4ce7-8422-df06063b92a1');
INSERT INTO `wp_edd_notes` VALUES (244,7,'subscription',0,'Status changed from active to expired by gateway','2025-07-09 08:12:06','2025-07-09 08:12:06','urn:uuid:8775deb8-ff62-4ea3-b310-a43cad8b0bd3');
INSERT INTO `wp_edd_notes` VALUES (245,106,'order',1,'Status changed from new to Pending','2025-07-10 05:23:16','2025-07-10 05:23:16','urn:uuid:162f7acc-5d6a-4930-a450-d2cda60a5bde');
INSERT INTO `wp_edd_notes` VALUES (246,106,'order',1,'Stripe PaymentIntent ID: pi_3RjCwxBk8FKrRLSv0QEtUghG','2025-07-10 05:23:17','2025-07-10 05:23:17','urn:uuid:aefe6a7f-b0cc-4ab6-ae91-3c60d8d3ac8e');
INSERT INTO `wp_edd_notes` VALUES (247,106,'order',1,'Stripe Customer ID: cus_SawjzJSJrWDDv4','2025-07-10 05:23:17','2025-07-10 05:23:17','urn:uuid:2caf02a9-dc9d-47f4-9e5c-9dfcd21c6f5f');
INSERT INTO `wp_edd_notes` VALUES (248,106,'order',1,'Stripe Charge ID: ch_3RjCwxBk8FKrRLSv0ud8kjcq','2025-07-10 05:23:23','2025-07-10 05:23:23','urn:uuid:b806aae1-3ec1-4e20-9df4-28b8235a0102');
INSERT INTO `wp_edd_notes` VALUES (249,106,'order',1,'Status changed from Pending to Completed','2025-07-10 05:23:24','2025-07-10 05:23:24','urn:uuid:5d4c2f4b-97ae-488b-a57c-418d58992038');
INSERT INTO `wp_edd_notes` VALUES (250,12,'subscription',1,'Status changed from pending to active by admin','2025-07-10 05:23:24','2025-07-10 05:23:24','urn:uuid:11d98546-db1b-483a-8072-60a1e0de79e2');
INSERT INTO `wp_edd_notes` VALUES (251,12,'subscription',1,'Subscription activated during purchase.','2025-07-10 05:23:24','2025-07-10 05:23:24','urn:uuid:ea47c15d-ba5e-44cc-9eca-7a58c6d0607a');
INSERT INTO `wp_edd_notes` VALUES (252,10,'subscription',1,'Status changed from active to expired by admin','2025-07-14 08:34:18','2025-07-14 08:34:18','urn:uuid:151e89b3-32ca-425f-920e-bfb5a2b73224');
INSERT INTO `wp_edd_notes` VALUES (253,8,'subscription',1,'Status changed from active to expired by admin','2025-07-14 08:34:40','2025-07-14 08:34:40','urn:uuid:033ca4a7-ceef-4d1f-9fc1-152eaec94af4');
INSERT INTO `wp_edd_notes` VALUES (254,107,'order',1,'Status changed from new to Pending','2025-07-14 08:42:47','2025-07-14 08:42:47','urn:uuid:65bf6724-50ef-428f-b4f2-3860d24ebebf');
INSERT INTO `wp_edd_notes` VALUES (255,107,'order',1,'Status changed from Pending to Completed','2025-07-14 08:42:47','2025-07-14 08:42:47','urn:uuid:acaccd4a-ffc1-42f4-a792-4d7ba07e976e');
INSERT INTO `wp_edd_notes` VALUES (256,107,'order',1,'Stripe Charge ID: py_3RkhyBBk8FKrRLSv0SBPqYf3','2025-07-14 08:42:47','2025-07-14 08:42:47','urn:uuid:59894618-5065-4749-bbb8-c9222d1c8ebe');
INSERT INTO `wp_edd_notes` VALUES (257,108,'order',1,'Status changed from new to Pending','2025-07-14 08:44:21','2025-07-14 08:44:21','urn:uuid:354e5d62-8371-40c3-8d4e-6c92cf264fb4');
INSERT INTO `wp_edd_notes` VALUES (258,108,'order',1,'Status changed from Pending to Completed','2025-07-14 08:44:22','2025-07-14 08:44:22','urn:uuid:bb676eca-e715-4866-8a09-0a5c72fc1c66');
INSERT INTO `wp_edd_notes` VALUES (259,108,'order',1,'Stripe Charge ID: py_3RkhzhBk8FKrRLSv0v1FZQir','2025-07-14 08:44:22','2025-07-14 08:44:22','urn:uuid:22efd807-d61f-48bf-bf74-d0ea66dc1a55');
INSERT INTO `wp_edd_notes` VALUES (260,9,'subscription',0,'Status changed from active to expired by gateway','2025-07-16 12:04:57','2025-07-16 12:04:57','urn:uuid:02367b5b-3894-43a9-b62e-28facde6a650');
INSERT INTO `wp_edd_notes` VALUES (261,109,'order',0,'Status changed from new to Pending','2025-07-16 14:34:18','2025-07-16 14:34:18','urn:uuid:15a20ee8-b17c-45c6-b666-c644ac8bd4c9');
INSERT INTO `wp_edd_notes` VALUES (262,109,'order',0,'Status changed from Pending to Completed','2025-07-16 14:34:18','2025-07-16 14:34:18','urn:uuid:60b12f75-c324-48c5-9a96-fb7002c42e25');
INSERT INTO `wp_edd_notes` VALUES (263,110,'order',1,'Status changed from new to Pending','2025-07-22 18:01:21','2025-07-22 18:01:21','urn:uuid:8067874b-1608-46a3-95d8-18e5df92e760');
INSERT INTO `wp_edd_notes` VALUES (264,110,'order',1,'Status changed from Pending to Completed','2025-07-22 18:01:22','2025-07-22 18:01:22','urn:uuid:bd17c7a3-9d10-4a22-baa0-5a912595aca5');
INSERT INTO `wp_edd_notes` VALUES (265,110,'order',1,'Stripe Charge ID: py_3RnkV8Bk8FKrRLSv0eTU3oVd','2025-07-22 18:01:22','2025-07-22 18:01:22','urn:uuid:7361fee4-0baf-4536-a29e-caa63f28da5f');
INSERT INTO `wp_edd_notes` VALUES (266,13,'subscription',1,'Status changed from pending to active by admin','2025-07-22 18:01:25','2025-07-22 18:01:25','urn:uuid:076b377e-2dd7-4311-bb73-26a4f289c6e7');
INSERT INTO `wp_edd_notes` VALUES (267,13,'subscription',1,'Subscription activated via EDD Stripe Checkout.','2025-07-22 18:01:25','2025-07-22 18:01:25','urn:uuid:91cf4be4-1003-462a-bbf5-e4ecdb58f8e0');
INSERT INTO `wp_edd_notes` VALUES (268,111,'order',1,'Status changed from new to Pending','2025-07-22 18:07:00','2025-07-22 18:07:00','urn:uuid:168600fb-c6e1-46d8-8e3f-8881fea7608a');
INSERT INTO `wp_edd_notes` VALUES (269,111,'order',1,'Status changed from Pending to Completed','2025-07-22 18:07:01','2025-07-22 18:07:01','urn:uuid:2083c805-fe90-4dd8-ba7b-3c8a2aaa5aba');
INSERT INTO `wp_edd_notes` VALUES (270,111,'order',1,'Stripe Charge ID: py_3RnkaaBk8FKrRLSv1eTVDMIP','2025-07-22 18:07:01','2025-07-22 18:07:01','urn:uuid:4cadaa60-3329-46ac-811b-5b3bf58b6512');
INSERT INTO `wp_edd_notes` VALUES (271,14,'subscription',1,'Status changed from pending to active by admin','2025-07-22 18:07:04','2025-07-22 18:07:04','urn:uuid:54a598e0-aacc-44b0-ae26-9d830440c831');
INSERT INTO `wp_edd_notes` VALUES (272,14,'subscription',1,'Subscription activated via EDD Stripe Checkout.','2025-07-22 18:07:04','2025-07-22 18:07:04','urn:uuid:1083514d-20ad-45a6-9e24-3ff1171a493e');
INSERT INTO `wp_edd_notes` VALUES (273,112,'order',14,'Status changed from new to Pending','2025-07-22 18:51:19','2025-07-22 18:51:19','urn:uuid:6a0944bf-1688-46e2-a0dd-5691e13f0901');
INSERT INTO `wp_edd_notes` VALUES (274,112,'order',14,'Status changed from Pending to Completed','2025-07-22 18:51:20','2025-07-22 18:51:20','urn:uuid:d5c54b57-219e-40e2-ad84-de0e83a128d3');
INSERT INTO `wp_edd_notes` VALUES (275,112,'order',14,'Stripe Charge ID: ch_3RnlHVBk8FKrRLSv0f0A512H','2025-07-22 18:51:20','2025-07-22 18:51:20','urn:uuid:9ced1db9-76b9-4314-bb17-9f9db8947fbb');
INSERT INTO `wp_edd_notes` VALUES (276,113,'order',14,'Status changed from new to Pending','2025-07-22 18:53:47','2025-07-22 18:53:47','urn:uuid:8b8ef64e-3ac1-49a1-94e3-8e8408da893a');
INSERT INTO `wp_edd_notes` VALUES (277,113,'order',14,'Status changed from Pending to Completed','2025-07-22 18:53:48','2025-07-22 18:53:48','urn:uuid:fcd6f329-0c33-4a8a-b983-2b159b4e732a');
INSERT INTO `wp_edd_notes` VALUES (278,113,'order',14,'Stripe Charge ID: ch_3RnlJtBk8FKrRLSv14GUYNoR','2025-07-22 18:53:48','2025-07-22 18:53:48','urn:uuid:a42eb1c2-2803-494c-9888-7045d587952d');
INSERT INTO `wp_edd_notes` VALUES (279,15,'subscription',14,'Status changed from pending to active by appleorange','2025-07-22 18:53:50','2025-07-22 18:53:50','urn:uuid:95ec8093-be47-4780-b3b8-10d81e4ea355');
INSERT INTO `wp_edd_notes` VALUES (280,15,'subscription',14,'Subscription activated via EDD Stripe Checkout.','2025-07-22 18:53:50','2025-07-22 18:53:50','urn:uuid:6d88d26d-a3f1-4b28-8b27-987922d6df64');
INSERT INTO `wp_edd_notes` VALUES (281,113,'order',1,'Status changed from Completed to Processing','2025-07-23 07:08:27','2025-07-23 07:08:27','urn:uuid:e59b734e-e9ac-4a5e-99d9-ad1bb46c489f');
INSERT INTO `wp_edd_notes` VALUES (282,114,'order',15,'Status changed from new to Pending','2025-07-25 13:56:17','2025-07-25 13:56:17','urn:uuid:51ca65da-76cf-4f06-8f8e-dc84e883ab38');
INSERT INTO `wp_edd_notes` VALUES (283,114,'order',15,'Status changed from Pending to Completed','2025-07-25 13:56:18','2025-07-25 13:56:18','urn:uuid:fde9d747-5bcc-4346-a022-ccaf8514dc57');
INSERT INTO `wp_edd_notes` VALUES (284,114,'order',15,'Stripe Charge ID: ch_3Rom6dBk8FKrRLSv1UAl5lw2','2025-07-25 13:56:18','2025-07-25 13:56:18','urn:uuid:cd3bf182-edf5-417f-b679-1a47f98cda07');
INSERT INTO `wp_edd_notes` VALUES (285,115,'order',1,'Status changed from new to Pending','2025-07-29 15:47:49','2025-07-29 15:47:49','urn:uuid:5b2146a6-3c45-4ba1-9346-48a211f4d4ca');
INSERT INTO `wp_edd_notes` VALUES (286,115,'order',1,'Status changed from Pending to Completed','2025-07-29 15:47:50','2025-07-29 15:47:50','urn:uuid:79855ce2-a052-4870-a6aa-2c5fbfabbf76');
INSERT INTO `wp_edd_notes` VALUES (287,116,'order',1,'Status changed from new to Pending','2025-07-29 16:10:55','2025-07-29 16:10:55','urn:uuid:6f41a7af-b7d3-42ee-b263-2276748617ff');
INSERT INTO `wp_edd_notes` VALUES (288,116,'order',1,'Status changed from Pending to Completed','2025-07-29 16:10:57','2025-07-29 16:10:57','urn:uuid:9d24e4f3-d2e4-4b69-84fd-0d5a6f9563c7');
INSERT INTO `wp_edd_notes` VALUES (289,116,'order',1,'Stripe Charge ID: py_3RqG73Bk8FKrRLSv0F7gE96C','2025-07-29 16:10:57','2025-07-29 16:10:57','urn:uuid:226cfcf9-b13b-4b39-8af2-67e121fc3594');
INSERT INTO `wp_edd_notes` VALUES (290,16,'subscription',1,'Status changed from pending to active by admin','2025-07-29 16:11:02','2025-07-29 16:11:02','urn:uuid:06be41bb-cbff-4703-8397-c772586525d4');
INSERT INTO `wp_edd_notes` VALUES (291,16,'subscription',1,'Subscription activated via EDD Stripe Checkout.','2025-07-29 16:11:02','2025-07-29 16:11:02','urn:uuid:1282a46c-a7b0-41c9-8f25-28570eced646');
INSERT INTO `wp_edd_notes` VALUES (292,117,'order',1,'Status changed from new to Pending','2025-07-29 16:26:07','2025-07-29 16:26:07','urn:uuid:3441c3c2-3270-4d55-aa17-db6f5ebb650e');
INSERT INTO `wp_edd_notes` VALUES (293,117,'order',1,'Status changed from Pending to Completed','2025-07-29 16:26:08','2025-07-29 16:26:08','urn:uuid:665667e6-4e0f-47fd-b51e-4302783c5cd7');
INSERT INTO `wp_edd_notes` VALUES (294,118,'order',1,'Status changed from new to Renewal','2025-07-29 16:27:02','2025-07-29 16:27:02','urn:uuid:b85b1036-1ef3-4133-8392-d5f76b326908');
INSERT INTO `wp_edd_notes` VALUES (295,17,'subscription',1,'Status changed from active to completed by admin','2025-07-29 16:27:03','2025-07-29 16:27:03','urn:uuid:d2df222b-0a31-46e2-9cb8-a3d097008100');
INSERT INTO `wp_edd_notes` VALUES (296,17,'subscription',1,'Attempted cancellation but was unable. Message was \"Unrecognized request URL (GET: /v1/subscriptions/). If you are trying to list objects, remove the trailing slash. If you are trying to retrieve an object, make sure you passed a valid (non-empty) identifier in your code. Please see https://stripe.com/docs or we can help at https://support.stripe.com/.\".','2025-07-29 16:27:04','2025-07-29 16:27:04','urn:uuid:e03ec638-b6d1-4ad7-b41e-0e5488164ebd');
INSERT INTO `wp_edd_notes` VALUES (297,17,'subscription',1,'Status changed from completed to needs_attention by admin','2025-07-29 16:27:04','2025-07-29 16:27:04','urn:uuid:7f175435-4518-4c74-89cb-adcb8aaecdc8');
INSERT INTO `wp_edd_notes` VALUES (298,119,'order',1,'Status changed from new to Pending','2025-07-29 16:46:52','2025-07-29 16:46:52','urn:uuid:692e5418-d36c-4a9c-b7f2-156d5ac181ae');
INSERT INTO `wp_edd_notes` VALUES (299,119,'order',1,'Status changed from Pending to Completed','2025-07-29 16:46:53','2025-07-29 16:46:53','urn:uuid:dcee4425-75f6-4ea2-9d96-8f6bda8635f0');
INSERT INTO `wp_edd_notes` VALUES (300,120,'order',1,'Status changed from new to Pending','2025-07-29 16:51:24','2025-07-29 16:51:24','urn:uuid:8c5fee8f-67a8-493f-9513-09d313f4baba');
INSERT INTO `wp_edd_notes` VALUES (301,120,'order',1,'Status changed from Pending to Completed','2025-07-29 16:51:24','2025-07-29 16:51:24','urn:uuid:1b659c30-72a0-406e-b1c0-f2903e582738');
INSERT INTO `wp_edd_notes` VALUES (302,121,'order',1,'Status changed from new to Pending','2025-07-29 16:57:29','2025-07-29 16:57:29','urn:uuid:ed3d07c0-e8f3-46ab-9c08-7e9f85c5c9b3');
INSERT INTO `wp_edd_notes` VALUES (303,121,'order',1,'Status changed from Pending to Completed','2025-07-29 16:57:29','2025-07-29 16:57:29','urn:uuid:d46cf454-1a7c-4b08-9aaf-a8f1e01803d0');
INSERT INTO `wp_edd_notes` VALUES (304,122,'order',1,'Status changed from new to Pending','2025-07-29 17:04:41','2025-07-29 17:04:41','urn:uuid:3a9b9ccc-d9ca-4b63-9bc4-758117a3a506');
INSERT INTO `wp_edd_notes` VALUES (305,122,'order',1,'Status changed from Pending to Completed','2025-07-29 17:04:41','2025-07-29 17:04:41','urn:uuid:9a2e3089-b3cd-4644-b500-8759fef2f251');
INSERT INTO `wp_edd_notes` VALUES (306,123,'order',1,'Status changed from new to Pending','2025-07-29 17:09:14','2025-07-29 17:09:14','urn:uuid:89946b0e-e68c-4a5b-a2f1-cda53b1a5208');
INSERT INTO `wp_edd_notes` VALUES (307,123,'order',1,'Status changed from Pending to Completed','2025-07-29 17:09:14','2025-07-29 17:09:14','urn:uuid:eb6035c8-1d3a-4b0a-af1e-b0b3a5a8e1ee');
INSERT INTO `wp_edd_notes` VALUES (308,124,'order',1,'Status changed from new to Pending','2025-07-29 17:14:03','2025-07-29 17:14:03','urn:uuid:1fc3adb9-c51f-4b49-9a53-46117a2d79d0');
INSERT INTO `wp_edd_notes` VALUES (309,124,'order',1,'Status changed from Pending to Completed','2025-07-29 17:14:03','2025-07-29 17:14:03','urn:uuid:c7fa1e53-df5c-42f1-b015-3a6d2ce89716');
INSERT INTO `wp_edd_notes` VALUES (310,125,'order',1,'Status changed from new to Pending','2025-07-29 17:18:21','2025-07-29 17:18:21','urn:uuid:43e854ae-62c9-4658-b326-7d7b8e0c1ed9');
INSERT INTO `wp_edd_notes` VALUES (311,125,'order',1,'Status changed from Pending to Completed','2025-07-29 17:18:22','2025-07-29 17:18:22','urn:uuid:558aaefd-18e0-477e-b4a9-efe2010eae34');
INSERT INTO `wp_edd_notes` VALUES (312,126,'order',1,'Status changed from new to Pending','2025-07-29 17:22:50','2025-07-29 17:22:50','urn:uuid:927cd74e-982c-4c62-95b0-2492a87d2992');
INSERT INTO `wp_edd_notes` VALUES (313,126,'order',1,'Status changed from Pending to Completed','2025-07-29 17:22:52','2025-07-29 17:22:52','urn:uuid:ba47656d-7cd8-48f9-823c-ff7cc75c26f1');
INSERT INTO `wp_edd_notes` VALUES (314,126,'order',1,'Stripe Charge ID: py_3RqHEeBk8FKrRLSv0VicBYgO','2025-07-29 17:22:52','2025-07-29 17:22:52','urn:uuid:4008f506-c067-41e0-8c8a-d382044086b4');
INSERT INTO `wp_edd_notes` VALUES (315,24,'subscription',1,'Status changed from pending to active by admin','2025-07-29 17:22:55','2025-07-29 17:22:55','urn:uuid:2952dde1-8b35-449d-ba81-d867785c441a');
INSERT INTO `wp_edd_notes` VALUES (316,24,'subscription',1,'Subscription activated via EDD Stripe Checkout.','2025-07-29 17:22:55','2025-07-29 17:22:55','urn:uuid:76821d1f-d3d7-40c9-bf48-ff7f46020659');
INSERT INTO `wp_edd_notes` VALUES (317,17,'subscription',1,'Status changed from needs_attention to active by admin','2025-07-29 17:26:22','2025-07-29 17:26:22','urn:uuid:666cb52e-e569-43ef-a246-98cea36d52ca');
INSERT INTO `wp_edd_notes` VALUES (318,127,'order',1,'Status changed from new to Pending','2025-07-29 17:30:34','2025-07-29 17:30:34','urn:uuid:098515f6-45a6-4a74-9bf5-590ddbc7a32b');
INSERT INTO `wp_edd_notes` VALUES (319,127,'order',1,'Status changed from Pending to Completed','2025-07-29 17:30:34','2025-07-29 17:30:34','urn:uuid:10b8870b-ad1d-439b-bd14-4fea0dd5ec66');
INSERT INTO `wp_edd_notes` VALUES (320,128,'order',1,'Status changed from new to Pending','2025-07-29 17:34:05','2025-07-29 17:34:05','urn:uuid:850012c3-a25a-4688-b4e2-517a544bf9df');
INSERT INTO `wp_edd_notes` VALUES (321,128,'order',1,'Status changed from Pending to Completed','2025-07-29 17:34:05','2025-07-29 17:34:05','urn:uuid:c56078e0-382c-49ff-bbe5-810c640d526c');
INSERT INTO `wp_edd_notes` VALUES (322,129,'order',1,'Status changed from new to Renewal','2025-07-29 17:35:00','2025-07-29 17:35:00','urn:uuid:59531a8f-7721-4135-aed4-9616b111d1b5');
INSERT INTO `wp_edd_notes` VALUES (323,26,'subscription',1,'Status changed from active to completed by admin','2025-07-29 17:35:02','2025-07-29 17:35:02','urn:uuid:d1719bbf-2eb6-4f30-857e-e8777d5616e7');
INSERT INTO `wp_edd_notes` VALUES (324,26,'subscription',1,'Attempted cancellation but was unable. Message was \"Unrecognized request URL (GET: /v1/subscriptions/). If you are trying to list objects, remove the trailing slash. If you are trying to retrieve an object, make sure you passed a valid (non-empty) identifier in your code. Please see https://stripe.com/docs or we can help at https://support.stripe.com/.\".','2025-07-29 17:35:02','2025-07-29 17:35:02','urn:uuid:49f18410-2a6b-4d85-9dfa-4eed65eab551');
INSERT INTO `wp_edd_notes` VALUES (325,26,'subscription',1,'Status changed from completed to needs_attention by admin','2025-07-29 17:35:02','2025-07-29 17:35:02','urn:uuid:e1152a76-c5d5-422b-a7fa-d36604eef3b3');
INSERT INTO `wp_edd_notes` VALUES (326,130,'order',1,'Status changed from new to Renewal','2025-07-29 17:36:11','2025-07-29 17:36:11','urn:uuid:daa23cd8-906d-4689-aaf6-0b11ffa0bdc5');
INSERT INTO `wp_edd_notes` VALUES (327,26,'subscription',1,'Status changed from needs_attention to active by admin','2025-07-29 17:36:13','2025-07-29 17:36:13','urn:uuid:95e6d4dc-4722-41b7-9ea7-133bcab95eb5');
INSERT INTO `wp_edd_notes` VALUES (328,26,'subscription',1,'Status changed from active to completed by admin','2025-07-29 17:36:13','2025-07-29 17:36:13','urn:uuid:af830c4f-ae4f-4d57-84b3-126651916e84');
INSERT INTO `wp_edd_notes` VALUES (329,26,'subscription',1,'Attempted cancellation but was unable. Message was \"Unrecognized request URL (GET: /v1/subscriptions/). If you are trying to list objects, remove the trailing slash. If you are trying to retrieve an object, make sure you passed a valid (non-empty) identifier in your code. Please see https://stripe.com/docs or we can help at https://support.stripe.com/.\".','2025-07-29 17:36:13','2025-07-29 17:36:13','urn:uuid:ff169912-beaf-42d5-8a5a-0d058dab6a86');
INSERT INTO `wp_edd_notes` VALUES (330,26,'subscription',1,'Status changed from completed to needs_attention by admin','2025-07-29 17:36:13','2025-07-29 17:36:13','urn:uuid:1879a8a5-e45b-4f6a-894d-575ea6d93499');
INSERT INTO `wp_edd_notes` VALUES (331,131,'order',1,'Status changed from new to Renewal','2025-07-29 18:45:22','2025-07-29 18:45:22','urn:uuid:96e1e5af-2054-4c11-b02d-fec9cdc68297');
INSERT INTO `wp_edd_notes` VALUES (332,26,'subscription',1,'Status changed from needs_attention to active by admin','2025-07-29 18:45:23','2025-07-29 18:45:23','urn:uuid:bcaab0a5-86c0-46ba-be3a-bc52eff8f1e1');
INSERT INTO `wp_edd_notes` VALUES (333,26,'subscription',1,'Status changed from active to completed by admin','2025-07-29 18:45:23','2025-07-29 18:45:23','urn:uuid:aba683f4-3fbf-44a8-b1e3-1f735f9d4acc');
INSERT INTO `wp_edd_notes` VALUES (334,26,'subscription',1,'Attempted cancellation but was unable. Message was \"Unrecognized request URL (GET: /v1/subscriptions/). If you are trying to list objects, remove the trailing slash. If you are trying to retrieve an object, make sure you passed a valid (non-empty) identifier in your code. Please see https://stripe.com/docs or we can help at https://support.stripe.com/.\".','2025-07-29 18:45:23','2025-07-29 18:45:23','urn:uuid:6e57a891-67a0-4ccd-b0eb-561e175fd5ce');
INSERT INTO `wp_edd_notes` VALUES (335,26,'subscription',1,'Status changed from completed to needs_attention by admin','2025-07-29 18:45:23','2025-07-29 18:45:23','urn:uuid:e70bfcb8-965f-4696-8107-31c22b020abf');
INSERT INTO `wp_edd_notes` VALUES (336,132,'order',1,'Status changed from new to Renewal','2025-07-29 18:49:35','2025-07-29 18:49:35','urn:uuid:da1842e1-7ae9-4e28-9860-cec1c83b4482');
INSERT INTO `wp_edd_notes` VALUES (337,26,'subscription',1,'Status changed from needs_attention to active by admin','2025-07-29 18:49:37','2025-07-29 18:49:37','urn:uuid:c6f76f44-c2c2-445c-85e0-4bbab02161d6');
INSERT INTO `wp_edd_notes` VALUES (338,26,'subscription',1,'Status changed from active to completed by admin','2025-07-29 18:49:37','2025-07-29 18:49:37','urn:uuid:8cd6cfc5-99cd-4bb4-9133-07afc88a573c');
INSERT INTO `wp_edd_notes` VALUES (339,26,'subscription',1,'Attempted cancellation but was unable. Message was \"Unrecognized request URL (GET: /v1/subscriptions/). If you are trying to list objects, remove the trailing slash. If you are trying to retrieve an object, make sure you passed a valid (non-empty) identifier in your code. Please see https://stripe.com/docs or we can help at https://support.stripe.com/.\".','2025-07-29 18:49:37','2025-07-29 18:49:37','urn:uuid:1b551f25-de2f-47ac-bcf9-ccc4917300aa');
INSERT INTO `wp_edd_notes` VALUES (340,26,'subscription',1,'Status changed from completed to needs_attention by admin','2025-07-29 18:49:37','2025-07-29 18:49:37','urn:uuid:bfe1af73-13a9-492f-af65-1e298b03507d');
INSERT INTO `wp_edd_notes` VALUES (341,21,'subscription',0,'Status changed from active to expired by gateway','2025-07-31 08:10:48','2025-07-31 08:10:48','urn:uuid:7baab772-c288-48b7-bc40-23b3fd6e1542');
INSERT INTO `wp_edd_notes` VALUES (342,20,'subscription',0,'Status changed from active to expired by gateway','2025-07-31 08:10:48','2025-07-31 08:10:48','urn:uuid:46e01cf3-521b-43e2-bcb9-0c9a5674e84b');
INSERT INTO `wp_edd_notes` VALUES (343,19,'subscription',0,'Status changed from active to expired by gateway','2025-07-31 08:10:48','2025-07-31 08:10:48','urn:uuid:7a9839d4-8bba-4629-8a9b-aadda5073fee');
INSERT INTO `wp_edd_notes` VALUES (344,18,'subscription',0,'Status changed from active to expired by gateway','2025-08-01 13:49:14','2025-08-01 13:49:14','urn:uuid:30fc6c69-d0a9-4e08-83aa-9ff545933f47');
INSERT INTO `wp_edd_notes` VALUES (345,17,'subscription',0,'Status changed from active to expired by gateway','2025-08-01 13:49:14','2025-08-01 13:49:14','urn:uuid:d3ba3adb-0d7a-4acf-b69e-9013d230c143');
INSERT INTO `wp_edd_notes` VALUES (346,133,'order',0,'Status changed from new to Pending','2025-08-05 11:36:16','2025-08-05 11:36:16','urn:uuid:b9fcd69c-bc60-4dad-829a-022aefd5f178');
INSERT INTO `wp_edd_notes` VALUES (347,133,'order',0,'Array\n(\n    [details] =&gt; EDDProTaxesVATResult Object\n        (\n            [vat_number] =&gt; RO38233968\n            [country_code] =&gt; RO\n            [valid] =&gt; 1\n            [name] =&gt; EMAG LOGISTICA SRL\n            [address] =&gt; MUNICIPIUL  BUCUREŞTI, SECTOR 2 00000 STR. GARA HERĂSTRĂU Nr. 6 Et. 5\n            [consultation_number] =&gt; \n            [error] =&gt; \n        )\n\n    [reverse_charged] =&gt; 1\n    [payment_id] =&gt; 133\n    [country_code] =&gt; RO\n)','2025-08-05 11:36:16','2025-08-05 11:36:16','urn:uuid:147efe30-7a52-40e7-8900-7dcd94bdde70');
INSERT INTO `wp_edd_notes` VALUES (348,133,'order',0,'Status changed from Pending to Completed','2025-08-05 11:36:16','2025-08-05 11:36:16','urn:uuid:aa3ea831-e513-4fee-831e-990caaaa9ef8');
INSERT INTO `wp_edd_notes` VALUES (349,134,'order',0,'Status changed from new to Pending','2025-08-05 11:39:48','2025-08-05 11:39:48','urn:uuid:e611bdce-2230-4be9-a564-e108531ee141');
INSERT INTO `wp_edd_notes` VALUES (350,134,'order',0,'Array\n(\n    [details] =&gt; EDDProTaxesVATResult Object\n        (\n            [vat_number] =&gt; RO38233968\n            [country_code] =&gt; RO\n            [valid] =&gt; 1\n            [name] =&gt; EMAG LOGISTICA SRL\n            [address] =&gt; MUNICIPIUL  BUCUREŞTI, SECTOR 2 00000 STR. GARA HERĂSTRĂU Nr. 6 Et. 5\n            [consultation_number] =&gt; \n            [error] =&gt; \n        )\n\n    [reverse_charged] =&gt; 1\n    [payment_id] =&gt; 134\n    [country_code] =&gt; RO\n)','2025-08-05 11:39:48','2025-08-05 11:39:48','urn:uuid:2342844f-689f-4758-8cb3-c7d92253dad6');
INSERT INTO `wp_edd_notes` VALUES (351,134,'order',0,'License upgraded from Recurring One to Recurring Two','2025-08-05 11:39:48','2025-08-05 11:39:48','urn:uuid:8e1dd049-9a7c-41d5-a952-ce01164cd87b');
INSERT INTO `wp_edd_notes` VALUES (352,27,'subscription',1,'Scheduled cancellation at 2025-08-05 17:14:48 for license upgrade.','2025-08-05 11:39:48','2025-08-05 11:39:48','urn:uuid:80da957d-6071-4d78-af6b-727c573195ef');
INSERT INTO `wp_edd_notes` VALUES (353,134,'order',0,'Status changed from Pending to Completed','2025-08-05 11:39:48','2025-08-05 11:39:48','urn:uuid:ab5f8c8c-ad0b-4189-b1a9-057208e51091');
INSERT INTO `wp_edd_notes` VALUES (354,135,'order',0,'Status changed from new to Pending','2025-08-05 11:41:42','2025-08-05 11:41:42','urn:uuid:0c2bbeaa-6d2c-41c3-8c37-c4102eaa2b73');
INSERT INTO `wp_edd_notes` VALUES (355,135,'order',0,'Array\n(\n    [details] =&gt; EDDProTaxesVATResult Object\n        (\n            [vat_number] =&gt; RO38233968\n            [country_code] =&gt; RO\n            [valid] =&gt; 1\n            [name] =&gt; EMAG LOGISTICA SRL\n            [address] =&gt; MUNICIPIUL  BUCUREŞTI, SECTOR 2 00000 STR. GARA HERĂSTRĂU Nr. 6 Et. 5\n            [consultation_number] =&gt; \n            [error] =&gt; \n        )\n\n    [reverse_charged] =&gt; 1\n    [payment_id] =&gt; 135\n    [country_code] =&gt; RO\n)','2025-08-05 11:41:42','2025-08-05 11:41:42','urn:uuid:e58f4890-345e-4df9-a36f-de33f2ba6fe2');
INSERT INTO `wp_edd_notes` VALUES (356,135,'order',0,'Status changed from Pending to Completed','2025-08-05 11:41:42','2025-08-05 11:41:42','urn:uuid:8bca9c6f-e256-44c6-9dbe-8eb6cfad5b79');
INSERT INTO `wp_edd_notes` VALUES (357,136,'order',0,'Status changed from new to Pending','2025-08-05 11:42:09','2025-08-05 11:42:09','urn:uuid:5997ee74-dba4-4fa4-a15e-e6dfa4ef1570');
INSERT INTO `wp_edd_notes` VALUES (358,136,'order',0,'Array\n(\n    [details] =&gt; EDDProTaxesVATResult Object\n        (\n            [vat_number] =&gt; RO38233968\n            [country_code] =&gt; RO\n            [valid] =&gt; 1\n            [name] =&gt; EMAG LOGISTICA SRL\n            [address] =&gt; MUNICIPIUL  BUCUREŞTI, SECTOR 2 00000 STR. GARA HERĂSTRĂU Nr. 6 Et. 5\n            [consultation_number] =&gt; \n            [error] =&gt; \n        )\n\n    [reverse_charged] =&gt; 1\n    [payment_id] =&gt; 136\n    [country_code] =&gt; RO\n)','2025-08-05 11:42:09','2025-08-05 11:42:09','urn:uuid:d105a5f1-350e-4539-99f3-638f68c7c82a');
INSERT INTO `wp_edd_notes` VALUES (359,136,'order',0,'Status changed from Pending to Completed','2025-08-05 11:42:09','2025-08-05 11:42:09','urn:uuid:f224fbda-6adf-49e0-9779-4ace9b9c7551');
INSERT INTO `wp_edd_notes` VALUES (360,133,'order',0,'Subscription #27 cancelled: license upgrade','2025-08-05 11:45:32','2025-08-05 11:45:32','urn:uuid:0be4e1ea-b4ed-4f04-9e50-4a6504089f55');
INSERT INTO `wp_edd_notes` VALUES (361,27,'subscription',0,'Subscription cancelled: license upgrade','2025-08-05 11:45:32','2025-08-05 11:45:32','urn:uuid:b27e59c8-d7d1-43ad-b0df-fe5a6b873208');
INSERT INTO `wp_edd_notes` VALUES (362,27,'subscription',0,'Status changed from active to cancelled by gateway','2025-08-05 11:45:32','2025-08-05 11:45:32','urn:uuid:06f14b58-c7c5-4579-a44b-7a3c4e045b5d');
INSERT INTO `wp_edd_notes` VALUES (363,27,'subscription',0,'Subscription #27 cancelled by gateway','2025-08-05 11:45:32','2025-08-05 11:45:32','urn:uuid:06b9aa57-0d2c-4cc7-ba12-d24c1c34b369');
INSERT INTO `wp_edd_notes` VALUES (364,27,'subscription',0,'Status changed from cancelled to completed by gateway','2025-08-05 11:45:32','2025-08-05 11:45:32','urn:uuid:d3599076-9373-4ee0-9f03-aa8c272030d0');
INSERT INTO `wp_edd_notes` VALUES (365,137,'order',0,'Status changed from new to Pending','2025-08-06 20:57:10','2025-08-06 20:57:10','urn:uuid:db1d471a-bfab-4b49-afab-7ac7e4454b10');
INSERT INTO `wp_edd_notes` VALUES (366,137,'order',0,'Status changed from Pending to Completed','2025-08-06 20:57:10','2025-08-06 20:57:10','urn:uuid:9f96d079-ed97-4b44-b5c0-4ace7dd7b7a6');
INSERT INTO `wp_edd_notes` VALUES (367,138,'order',0,'Status changed from new to Pending','2025-08-06 20:58:07','2025-08-06 20:58:07','urn:uuid:a4a0cc72-3648-46d3-91ee-04008c0d67f5');
INSERT INTO `wp_edd_notes` VALUES (368,138,'order',0,'License upgraded from Recurring One to Recurring Two','2025-08-06 20:58:07','2025-08-06 20:58:07','urn:uuid:937f9dcf-a106-4e94-9f1e-9db270495119');
INSERT INTO `wp_edd_notes` VALUES (369,31,'subscription',1,'Scheduled cancellation at 2025-08-07 02:33:07 for license upgrade.','2025-08-06 20:58:07','2025-08-06 20:58:07','urn:uuid:9a3b791b-9de5-4173-9b43-74a802cccdbd');
INSERT INTO `wp_edd_notes` VALUES (370,138,'order',0,'Status changed from Pending to Completed','2025-08-06 20:58:07','2025-08-06 20:58:07','urn:uuid:73d44e64-47aa-4dd3-b4e7-e37be3b7b513');
INSERT INTO `wp_edd_notes` VALUES (371,137,'order',0,'Subscription #31 cancelled: license upgrade','2025-08-06 21:03:10','2025-08-06 21:03:10','urn:uuid:750be84c-58a6-4b38-aa15-b712cae785c0');
INSERT INTO `wp_edd_notes` VALUES (372,31,'subscription',0,'Subscription cancelled: license upgrade','2025-08-06 21:03:10','2025-08-06 21:03:10','urn:uuid:fe9eae25-0d98-449f-a2a7-8db428d12b9f');
INSERT INTO `wp_edd_notes` VALUES (373,31,'subscription',0,'Status changed from active to cancelled by gateway','2025-08-06 21:03:10','2025-08-06 21:03:10','urn:uuid:3c550e71-e723-4e71-9dd8-78abe45ede86');
INSERT INTO `wp_edd_notes` VALUES (374,31,'subscription',0,'Subscription #31 cancelled by gateway','2025-08-06 21:03:10','2025-08-06 21:03:10','urn:uuid:5282f4e8-4877-4f52-89f6-984b25c9a5e2');
INSERT INTO `wp_edd_notes` VALUES (375,31,'subscription',0,'Status changed from cancelled to completed by gateway','2025-08-06 21:03:10','2025-08-06 21:03:10','urn:uuid:1f186f21-ba1e-4414-83cf-3c21dbc638d6');
INSERT INTO `wp_edd_notes` VALUES (376,139,'order',1,'Status changed from new to Pending','2025-08-06 21:06:35','2025-08-06 21:06:35','urn:uuid:3604e74d-0722-43d2-a6c8-12605ee7713f');
INSERT INTO `wp_edd_notes` VALUES (377,139,'order',1,'Status changed from Pending to Completed','2025-08-06 21:06:35','2025-08-06 21:06:35','urn:uuid:92079cb3-e942-43ec-b0f4-14cb904ad4ba');
INSERT INTO `wp_edd_notes` VALUES (378,139,'order',1,'Stripe Charge ID: py_3RtEXbBk8FKrRLSv1aDgx9zS','2025-08-06 21:06:35','2025-08-06 21:06:35','urn:uuid:96ea323b-52c8-4726-859d-9d62e1542565');
INSERT INTO `wp_edd_notes` VALUES (379,33,'subscription',1,'Status changed from pending to active by admin','2025-08-06 21:06:39','2025-08-06 21:06:39','urn:uuid:fb876fc8-bde9-4393-8f4c-6f3e8a61c36b');
INSERT INTO `wp_edd_notes` VALUES (380,33,'subscription',1,'Subscription activated via EDD Stripe Checkout.','2025-08-06 21:06:39','2025-08-06 21:06:39','urn:uuid:18db30e6-013e-472d-b34c-225facd60464');
INSERT INTO `wp_edd_notes` VALUES (381,140,'order',1,'Status changed from new to Pending','2025-08-06 21:08:13','2025-08-06 21:08:13','urn:uuid:bf2bb3a5-fc3b-485e-9183-5fa5dcfedd9f');
INSERT INTO `wp_edd_notes` VALUES (382,140,'order',1,'License upgraded from Recurring One to Recurring Two','2025-08-06 21:08:14','2025-08-06 21:08:14','urn:uuid:e86ccc27-003b-416d-90d5-15cfb17c2a6c');
INSERT INTO `wp_edd_notes` VALUES (383,33,'subscription',1,'Scheduled cancellation at 2025-08-07 02:43:14 for license upgrade.','2025-08-06 21:08:14','2025-08-06 21:08:14','urn:uuid:d05140da-6026-4905-ad38-bb02bca3a58e');
INSERT INTO `wp_edd_notes` VALUES (384,140,'order',1,'Status changed from Pending to Completed','2025-08-06 21:08:14','2025-08-06 21:08:14','urn:uuid:8babca0b-4a00-4423-ad38-027118cd1671');
INSERT INTO `wp_edd_notes` VALUES (385,140,'order',1,'Stripe Charge ID: py_3RtEZCBk8FKrRLSv1yEDdNpC','2025-08-06 21:08:14','2025-08-06 21:08:14','urn:uuid:b2344971-d4de-4643-9081-8de69c7b450c');
INSERT INTO `wp_edd_notes` VALUES (386,34,'subscription',1,'Status changed from pending to needs_attention by admin','2025-08-06 21:08:17','2025-08-06 21:08:17','urn:uuid:932ce125-1cfd-41b1-8b43-934421cc0b65');
INSERT INTO `wp_edd_notes` VALUES (387,140,'order',0,'Failed creating subscription for Recurring Two. Gateway returned: Invalid trial_end: must be one of now','2025-08-06 21:08:17','2025-08-06 21:08:17','urn:uuid:d0ef3ee3-223b-4e5f-a07b-8a7ef4b1824c');
INSERT INTO `wp_edd_notes` VALUES (388,139,'order',0,'Subscription #33 cancelled: license upgrade','2025-08-06 21:14:06','2025-08-06 21:14:06','urn:uuid:4eb0ab29-4ff1-442f-bde9-1ef135e43947');
INSERT INTO `wp_edd_notes` VALUES (389,33,'subscription',0,'Subscription cancelled: license upgrade','2025-08-06 21:14:06','2025-08-06 21:14:06','urn:uuid:9bb0cee7-00dd-497d-8959-40aac302e6d0');
INSERT INTO `wp_edd_notes` VALUES (390,33,'subscription',0,'Status changed from active to cancelled by gateway','2025-08-06 21:14:08','2025-08-06 21:14:08','urn:uuid:e3bc6af6-b6ec-44b7-ac74-820aa630ce40');
INSERT INTO `wp_edd_notes` VALUES (391,33,'subscription',0,'Subscription #33 cancelled by gateway','2025-08-06 21:14:08','2025-08-06 21:14:08','urn:uuid:31e07c09-a322-4032-b698-cdc8f86308c8');
INSERT INTO `wp_edd_notes` VALUES (392,33,'subscription',0,'Status changed from cancelled to completed by gateway','2025-08-06 21:14:08','2025-08-06 21:14:08','urn:uuid:80049353-4fcb-42ff-a89b-01a71817033b');
INSERT INTO `wp_edd_notes` VALUES (393,141,'order',1,'Status changed from new to Completed','2025-08-08 19:19:55','2025-08-08 19:19:55','urn:uuid:37c272d3-6486-4ec9-9bf1-8ca4e48d4782');
INSERT INTO `wp_edd_notes` VALUES (394,34,'order',1,'Status changed from Completed to Refunded','2025-08-08 19:19:55','2025-08-08 19:19:55','urn:uuid:3ff7e96c-75ef-4e12-8451-10f5e8993e07');
INSERT INTO `wp_edd_notes` VALUES (395,12,'subscription',0,'Expiration synced with gateway and updated to 2025-9-10 05:23:04','2025-08-11 08:12:14','2025-08-11 08:12:14','urn:uuid:3c2cf4c4-cdf9-4a9a-bf75-53498bb7154b');
INSERT INTO `wp_edd_notes` VALUES (396,142,'order',1,'Status changed from new to Pending','2025-08-11 15:34:33','2025-08-11 15:34:33','urn:uuid:193ae83e-85cb-4670-b8ae-8af6e5a7a2de');
INSERT INTO `wp_edd_notes` VALUES (397,142,'order',1,'Status changed from Pending to Completed','2025-08-11 15:34:33','2025-08-11 15:34:33','urn:uuid:e9820f2d-5c10-41e2-ad98-82e130faaca4');
INSERT INTO `wp_edd_notes` VALUES (398,143,'order',8,'Status changed from new to Pending','2025-08-11 15:41:50','2025-08-11 15:41:50','urn:uuid:4bb29538-c357-48d3-a115-c10e0572f6e6');
INSERT INTO `wp_edd_notes` VALUES (399,144,'order',0,'Status changed from new to Pending','2025-08-11 15:43:46','2025-08-11 15:43:46','urn:uuid:104f20d8-1e63-4ae2-82f0-787feb800ed9');
INSERT INTO `wp_edd_notes` VALUES (400,144,'order',0,'Status changed from Pending to Completed','2025-08-11 15:43:46','2025-08-11 15:43:46','urn:uuid:7e3281bc-93c7-4e4c-a96e-86b3265e78ae');
INSERT INTO `wp_edd_notes` VALUES (401,1,'order',1,'Status changed from Completed to trash','2025-08-11 15:45:10','2025-08-11 15:45:10','urn:uuid:afb1f6ce-d327-4a1a-a994-208add3692c8');
INSERT INTO `wp_edd_notes` VALUES (402,145,'order',1,'Status changed from new to Renewal','2025-08-11 15:46:01','2025-08-11 15:46:01','urn:uuid:8d305837-c994-4981-a49b-9dc388b41a26');
INSERT INTO `wp_edd_notes` VALUES (403,146,'order',1,'Status changed from new to Pending','2025-08-11 17:04:48','2025-08-11 17:04:48','urn:uuid:fbde6355-0eff-4b04-a838-5bb380ded7cd');
INSERT INTO `wp_edd_notes` VALUES (404,146,'order',1,'Status changed from Pending to Completed','2025-08-11 17:04:49','2025-08-11 17:04:49','urn:uuid:18b1eb96-5c22-425e-ac4f-5c72e1705045');
INSERT INTO `wp_edd_notes` VALUES (405,146,'order',1,'Stripe Charge ID: ch_3Ruz9OBk8FKrRLSv05hs5xKf','2025-08-11 17:04:49','2025-08-11 17:04:49','urn:uuid:cdb323bd-18e1-4f73-af0b-0281ddcf83f4');
INSERT INTO `wp_edd_notes` VALUES (406,38,'subscription',1,'Status changed from pending to active by admin','2025-08-11 17:04:53','2025-08-11 17:04:53','urn:uuid:e8d495af-3e67-4034-a09a-1b008bd6b4bd');
INSERT INTO `wp_edd_notes` VALUES (407,38,'subscription',1,'Subscription activated via EDD Stripe Checkout.','2025-08-11 17:04:53','2025-08-11 17:04:53','urn:uuid:95beedbe-b65f-4565-b653-f4741c96f197');
INSERT INTO `wp_edd_notes` VALUES (408,38,'subscription',0,'Expiration synced with gateway and updated to 2025-8-13 17:04:36','2025-08-13 08:11:31','2025-08-13 08:11:31','urn:uuid:026dde40-4ddc-4f23-95b3-a0763efc680c');
INSERT INTO `wp_edd_notes` VALUES (409,35,'subscription',0,'Status changed from active to expired by gateway','2025-08-13 08:11:31','2025-08-13 08:11:31','urn:uuid:c031f87f-da83-414c-8484-0f28f1e9e3e3');
INSERT INTO `wp_edd_notes` VALUES (410,38,'subscription',0,'Status changed from active to expired by gateway','2025-08-14 08:14:07','2025-08-14 08:14:07','urn:uuid:f5f1a4f6-cd8f-46bd-a037-cf847fe8a011');
INSERT INTO `wp_edd_notes` VALUES (411,143,'order',0,'Status changed from Pending to Abandoned','2025-09-07 07:36:57','2025-09-07 07:36:57','urn:uuid:9b428119-4ca5-4ebd-85cf-a6ab413e1ae8');
INSERT INTO `wp_edd_notes` VALUES (412,147,'order',1,'Status changed from new to Pending','2025-09-07 07:38:38','2025-09-07 07:38:38','urn:uuid:411d68e1-5291-4fd3-83a9-ac989ecb9454');
INSERT INTO `wp_edd_notes` VALUES (413,147,'order',1,'Status changed from Pending to Completed','2025-09-07 07:38:39','2025-09-07 07:38:39','urn:uuid:8bfef3db-1946-4981-a12b-412042b2b95b');
INSERT INTO `wp_edd_notes` VALUES (414,147,'order',1,'Stripe Charge ID: ch_3S4dBIBk8FKrRLSv1fawWK6w','2025-09-07 07:38:39','2025-09-07 07:38:39','urn:uuid:545c3d4f-969a-4c66-9f25-a82490f7af86');
INSERT INTO `wp_edd_notes` VALUES (415,39,'subscription',1,'Status changed from pending to needs_attention by admin','2025-09-07 07:38:40','2025-09-07 07:38:40','urn:uuid:c518a95c-6f15-43ee-939c-cd77a93507b7');
INSERT INTO `wp_edd_notes` VALUES (416,147,'order',0,'Failed creating subscription for Daily Subscription. Gateway returned: billing_cycle_anchor cannot be later than next natural billing date (1755115800) for plan','2025-09-07 07:38:40','2025-09-07 07:38:40','urn:uuid:49faf16f-d90f-4c0a-bb2b-a1493113650a');

--
-- Table structure for table `wp_edd_notifications`
--

 SET character_set_client = utf8mb4 ;
CREATE TABLE `wp_edd_notifications` (
  `id` bigint(20) unsigned NOT NULL AUTO_INCREMENT,
  `remote_id` bigint(20) unsigned DEFAULT NULL,
  `source` varchar(20) COLLATE utf8mb4_unicode_520_ci NOT NULL DEFAULT 'api',
  `title` text COLLATE utf8mb4_unicode_520_ci NOT NULL,
  `content` longtext COLLATE utf8mb4_unicode_520_ci NOT NULL,
  `buttons` longtext COLLATE utf8mb4_unicode_520_ci,
  `type` varchar(64) COLLATE utf8mb4_unicode_520_ci NOT NULL DEFAULT 'success',
  `conditions` longtext COLLATE utf8mb4_unicode_520_ci,
  `start` datetime DEFAULT NULL,
  `end` datetime DEFAULT NULL,
  `dismissed` tinyint(1) unsigned NOT NULL DEFAULT '0',
  `date_created` datetime NOT NULL DEFAULT CURRENT_TIMESTAMP,
  `date_updated` datetime NOT NULL DEFAULT CURRENT_TIMESTAMP,
  PRIMARY KEY (`id`),
  KEY `dismissed_start_end` (`dismissed`,`start`,`end`),
  KEY `remote_id` (`remote_id`)
) ENGINE=InnoDB AUTO_INCREMENT=4 DEFAULT CHARSET=utf8mb4 COLLATE=utf8mb4_unicode_520_ci;

--
-- Dumping data for table `wp_edd_notifications`
--

INSERT INTO `wp_edd_notifications` VALUES (1,0,'local','Subscription Upgrade Complete','Subscription notes have been moved for all subscriptions.','','success','',NULL,NULL,1,'2025-06-05 13:59:53','2025-06-05 14:01:56');
INSERT INTO `wp_edd_notifications` VALUES (2,0,'local','Easy Digital Downloads - Stripe Pro Payment Gateway Is Not Fully Activated!','Activate your license key to receive important security and feature updates and remove application fees.','[{\"type\":\"primary\",\"url\":\"https://achchu93.a.pinggy.link/wp-admin/edit.php?post_type=download&page=edd-settings\",\"text\":\"Complete Activation\"},{\"type\":\"secondary\",\"url\":\"https://easydigitaldownloads.com/downloads/stripe-gateway/\",\"text\":\"Learn More\"}]','warning',NULL,NULL,NULL,1,'2024-08-12 12:33:33','2024-09-25 09:23:49');
INSERT INTO `wp_edd_notifications` VALUES (3,781,'local','Tax Rate Migration Complete!','Easy Digital Downloads has finished updating your tax rates! Thank you for your patience.','','success','',NULL,NULL,1,'2025-06-19 13:07:59','2025-06-19 13:09:46');

--
-- Table structure for table `wp_edd_order_addresses`
--

 SET character_set_client = utf8mb4 ;
CREATE TABLE `wp_edd_order_addresses` (
  `id` bigint(20) unsigned NOT NULL AUTO_INCREMENT,
  `order_id` bigint(20) unsigned NOT NULL DEFAULT '0',
  `type` varchar(20) COLLATE utf8mb4_unicode_520_ci NOT NULL DEFAULT 'billing',
  `name` mediumtext COLLATE utf8mb4_unicode_520_ci NOT NULL,
  `address` mediumtext COLLATE utf8mb4_unicode_520_ci NOT NULL,
  `address2` mediumtext COLLATE utf8mb4_unicode_520_ci NOT NULL,
  `city` mediumtext COLLATE utf8mb4_unicode_520_ci NOT NULL,
  `region` mediumtext COLLATE utf8mb4_unicode_520_ci NOT NULL,
  `postal_code` varchar(32) COLLATE utf8mb4_unicode_520_ci NOT NULL DEFAULT '',
  `country` mediumtext COLLATE utf8mb4_unicode_520_ci NOT NULL,
  `date_created` datetime NOT NULL DEFAULT CURRENT_TIMESTAMP,
  `date_modified` datetime NOT NULL DEFAULT CURRENT_TIMESTAMP,
  `uuid` varchar(100) COLLATE utf8mb4_unicode_520_ci NOT NULL DEFAULT '',
  PRIMARY KEY (`id`),
  KEY `order_id` (`order_id`),
  KEY `city` (`city`(191)),
  KEY `region` (`region`(191)),
  KEY `postal_code` (`postal_code`),
  KEY `country` (`country`(191)),
  KEY `date_created` (`date_created`)
) ENGINE=InnoDB AUTO_INCREMENT=66 DEFAULT CHARSET=utf8mb4 COLLATE=utf8mb4_unicode_520_ci;

--
-- Dumping data for table `wp_edd_order_addresses`
--

INSERT INTO `wp_edd_order_addresses` VALUES (1,33,'billing','Abc Example','','','Colombo','Western Province','00900','LK','2024-08-12 09:17:27','2024-08-12 09:17:27','urn:uuid:a84a5c00-8753-492c-9a32-38379cde0bbd');
INSERT INTO `wp_edd_order_addresses` VALUES (2,34,'billing','Xyz Example','','','Colombo','Western Province','00900','LK','2024-08-12 09:20:51','2024-08-12 09:20:51','urn:uuid:9a00d0ab-146d-4641-9b1c-c321e32f0f92');
INSERT INTO `wp_edd_order_addresses` VALUES (3,35,'billing','User Test','sdas','adasd','Colombo','Western Province','00900','LK','2024-08-12 09:36:34','2024-08-12 09:36:34','urn:uuid:3221729e-1fa7-4dc2-9689-bdb2a0e6615a');
INSERT INTO `wp_edd_order_addresses` VALUES (4,38,'billing','Hello World','','','Colombo','Western Province','00900','LK','2024-08-21 11:12:25','2024-08-21 11:12:25','urn:uuid:e6c5e5eb-4121-448b-bd85-5c142ab6de1a');
INSERT INTO `wp_edd_order_addresses` VALUES (5,41,'billing','Ahamed Arshad','asd','asd','Colombo','Western Province','00900','LK','2024-09-12 11:21:49','2024-09-12 11:21:49','urn:uuid:7d1f9a83-6867-41ec-aece-5905aaff0663');
INSERT INTO `wp_edd_order_addresses` VALUES (6,42,'billing','Ahamed Arshad','asd','asdasd','Colombo','Western Province','00900','LK','2024-09-12 11:23:09','2024-09-12 11:23:09','urn:uuid:2367645a-93fd-481e-a058-e6e008cb7fa2');
INSERT INTO `wp_edd_order_addresses` VALUES (7,66,'billing','AAA BBB','','','Colombo','Western','00900','LK','2025-04-12 21:43:53','2025-04-12 21:43:53','urn:uuid:0796e867-faee-41d8-9847-3a129f8f9b6f');
INSERT INTO `wp_edd_order_addresses` VALUES (8,68,'billing','Ahamed Arshad','423','Sri Vajirangana Road','Colombo','Western','00900','LK','2025-06-05 14:38:37','2025-06-05 14:38:37','urn:uuid:7d6bcd97-5fd1-450c-acba-68c08f7b7969');
INSERT INTO `wp_edd_order_addresses` VALUES (9,69,'billing','ahamed arshad','423','Sri Vajirangana Road','Colombo','Western','00900','LK','2025-06-05 17:42:18','2025-06-05 17:42:18','urn:uuid:106cc3a2-d9d5-4854-9226-dd66b765b7d2');
INSERT INTO `wp_edd_order_addresses` VALUES (10,70,'billing','aaaa aaaaaa','423','Sri Vajirangana Road','Colombo','Western','00900','LK','2025-06-06 14:13:17','2025-06-06 14:13:17','urn:uuid:efbded17-9265-4b62-8d06-cb8a3017c6cb');
INSERT INTO `wp_edd_order_addresses` VALUES (11,72,'billing','John Doe','','','Colombo','Western Province','00900','LK','2025-06-09 15:38:58','2025-06-09 15:38:58','urn:uuid:90d0ddc5-bce3-4900-b02a-59bc58a1123f');
INSERT INTO `wp_edd_order_addresses` VALUES (12,73,'billing','John Doe','','','Colombo','Western Province','00900','LK','2025-06-10 16:32:50','2025-06-10 16:32:50','urn:uuid:7ba09d4f-aecc-4210-8ebe-c28ec0f0a8bb');
INSERT INTO `wp_edd_order_addresses` VALUES (13,74,'billing','John Doe','','','Colombo','Western Province','00900','LK','2025-06-11 11:34:53','2025-06-11 11:34:53','urn:uuid:a736ce82-dc62-4cb3-ab91-e4dac4150c26');
INSERT INTO `wp_edd_order_addresses` VALUES (14,75,'billing','Emma Watson','47 W 13th St','','New York','NY','10011','US','2025-06-12 12:47:35','2025-06-12 12:47:35','urn:uuid:064362b6-495f-4144-9bf6-35d196cc02e3');
INSERT INTO `wp_edd_order_addresses` VALUES (15,76,'billing','Sharukh Khan','47 W 13th St','','New York','NY','10011','US','2025-06-12 12:51:46','2025-06-12 12:51:46','urn:uuid:69fc3a25-6b24-4287-90e3-8b625570e154');
INSERT INTO `wp_edd_order_addresses` VALUES (16,77,'billing','Kane Williamson','423','','Colombo','Western Province','00900','LK','2025-06-12 13:15:45','2025-06-12 13:15:45','urn:uuid:ab27a0af-d411-4c48-ab51-017edf110ceb');
INSERT INTO `wp_edd_order_addresses` VALUES (17,78,'billing','John Doe','','','Colombo','Western Province','00900','LK','2025-06-12 13:32:43','2025-06-12 13:32:43','urn:uuid:f999188a-2578-4f19-b3d2-402434d3104b');
INSERT INTO `wp_edd_order_addresses` VALUES (18,79,'billing','Kamal Hasan','423','','Colombo','Western Province','00900','LK','2025-06-12 14:14:38','2025-06-12 14:14:38','urn:uuid:bc54ad8d-9c52-470f-9f84-1933d3972749');
INSERT INTO `wp_edd_order_addresses` VALUES (19,80,'billing','Johnny Sins','14','','New York','NY','10040','US','2025-06-13 14:20:36','2025-06-13 14:20:36','urn:uuid:831188da-0def-4546-92b0-e02378107924');
INSERT INTO `wp_edd_order_addresses` VALUES (20,81,'billing','Johnny Sins','14','','New York','NY','10040','US','2025-06-13 14:47:35','2025-06-13 14:47:35','urn:uuid:3437df1a-010b-48d4-82d2-c4001c63349d');
INSERT INTO `wp_edd_order_addresses` VALUES (21,82,'billing','Hello World','423','','Colombo','Western Province','00900','LK','2025-06-13 18:13:16','2025-06-13 18:13:16','urn:uuid:de5ce10a-2cca-4174-a27d-0b6e4894a6e5');
INSERT INTO `wp_edd_order_addresses` VALUES (22,83,'billing','Hello World','423','','Colombo','Western Province','00900','LK','2025-06-13 19:35:47','2025-06-13 19:35:47','urn:uuid:1ed9bedc-e3cd-4c15-bec4-bf31f675c242');
INSERT INTO `wp_edd_order_addresses` VALUES (23,84,'billing','Hello World','423','','Colombo','Western Province','00900','LK','2025-06-13 19:37:35','2025-06-13 19:37:35','urn:uuid:32919bef-9c08-4550-9e81-1123ec5585b0');
INSERT INTO `wp_edd_order_addresses` VALUES (24,85,'billing','Hello World','423','','Colombo','Western Province','00900','LK','2025-06-13 19:38:51','2025-06-13 19:38:51','urn:uuid:2a23468c-bc3e-42fd-b2a0-22a5e4b0be94');
INSERT INTO `wp_edd_order_addresses` VALUES (25,86,'billing','Hello World','423','','Colombo','Western Province','00900','LK','2025-06-13 19:47:09','2025-06-13 19:47:09','urn:uuid:ed2f4c40-d33b-4505-992b-8f74f1ddbe19');
INSERT INTO `wp_edd_order_addresses` VALUES (26,87,'billing','David Billa','123','','New York','NY','10002','US','2025-06-13 19:54:25','2025-06-13 19:54:25','urn:uuid:7616f60c-d37e-49ae-a68e-98eaeed89e66');
INSERT INTO `wp_edd_order_addresses` VALUES (27,88,'billing','David Billa','123','','New York','NY','10002','US','2025-06-13 19:56:18','2025-06-13 19:56:18','urn:uuid:ee77ee2d-984c-4f0a-86da-b355d9058abb');
INSERT INTO `wp_edd_order_addresses` VALUES (28,89,'billing','Ahamed Arshad','423','Sri Vajirangana Road','Colombo','Western','00900','LK','2025-06-26 04:19:29','2025-06-26 04:19:29','urn:uuid:fa8395fc-4e5b-4a72-9c82-96ffe6633f1f');
INSERT INTO `wp_edd_order_addresses` VALUES (29,90,'billing','Ahamed Arshad','423','Sri Vajirangana Road','Colombo','Western','00900','LK','2025-06-30 16:45:53','2025-06-30 16:45:53','urn:uuid:2934fdea-5172-454b-9425-69462a03f091');
INSERT INTO `wp_edd_order_addresses` VALUES (30,97,'billing','Ahamed Arshad','423','11','Colombo','Western Province','01000','LK','2025-07-03 12:06:36','2025-07-03 12:06:36','urn:uuid:6260b361-c484-4805-a84b-9ba7d4df1098');
INSERT INTO `wp_edd_order_addresses` VALUES (31,98,'billing','Ahamed Apple','423','','Colombo','Western Province','00900','LK','2025-07-03 12:16:43','2025-07-03 12:16:43','urn:uuid:a73d6d37-f409-4c3f-b665-429aba011378');
INSERT INTO `wp_edd_order_addresses` VALUES (32,99,'billing','Fathima Hafsa','423','','Colombo','Western Province','00900','LK','2025-07-03 12:21:51','2025-07-03 12:21:51','urn:uuid:3996ecc4-d34c-41c1-9706-1c19cf363a1d');
INSERT INTO `wp_edd_order_addresses` VALUES (33,100,'billing','Hafsa Farook','423','','Colombo','Western Province','00900','LK','2025-07-03 12:34:22','2025-07-03 12:34:22','urn:uuid:19832c08-0ffc-4ba8-ae09-5c9c73bbb308');
INSERT INTO `wp_edd_order_addresses` VALUES (34,101,'billing','Haf Haf','423','','Colombo','Western Province','00900','LK','2025-07-03 12:39:46','2025-07-03 12:39:46','urn:uuid:c8f2a0de-5d8f-4b2d-9212-525602b3eff3');
INSERT INTO `wp_edd_order_addresses` VALUES (35,102,'billing','Haf Haf','','','Colombo','Western Province','00900','LK','2025-07-03 12:43:07','2025-07-03 12:43:07','urn:uuid:fa6a4116-259f-48b6-bbbd-8b642b59678e');
INSERT INTO `wp_edd_order_addresses` VALUES (36,103,'billing','Haf Haf','','','Colombo','Western Province','00900','LK','2025-07-03 12:52:44','2025-07-03 12:52:44','urn:uuid:2dc15506-6ea0-4f14-9691-70ec1d8bee32');
INSERT INTO `wp_edd_order_addresses` VALUES (37,104,'billing','Haf Haf','','','Colombo','Western Province','00900','LK','2025-07-03 12:56:31','2025-07-03 12:56:31','urn:uuid:910d43f4-1468-433a-9313-e70a607b2d22');
INSERT INTO `wp_edd_order_addresses` VALUES (38,105,'billing','Haf Haf','','','Colombo','Western Province','00900','LK','2025-07-03 13:04:25','2025-07-03 13:04:25','urn:uuid:b5bb1c35-d6f6-44d5-98ab-c3bc77b80083');
INSERT INTO `wp_edd_order_addresses` VALUES (39,106,'billing','Ahamed Arshad','','','Colombo','Colombo','00900','LK','2025-07-10 05:23:16','2025-07-10 05:23:16','urn:uuid:1fd69e4b-0a7a-4b8f-b95f-5818c3383200');
INSERT INTO `wp_edd_order_addresses` VALUES (40,107,'billing','Ahamed Arshad','423','','Colombo','Western Province','00900','LK','2025-07-14 08:42:47','2025-07-14 08:42:47','urn:uuid:f4062405-7538-45c7-bf65-5d3cd4814ba5');
INSERT INTO `wp_edd_order_addresses` VALUES (41,108,'billing','Ahamed Arshad','423','','Colombo','Western Province','00900','LK','2025-07-14 08:44:21','2025-07-14 08:44:21','urn:uuid:25ecec98-6c28-4a29-a1f6-f7a2a915f7bf');
INSERT INTO `wp_edd_order_addresses` VALUES (42,109,'billing','Ahamed Arshad','423','','Colombo','Western Province','00900','LK','2025-07-16 14:34:18','2025-07-16 14:34:18','urn:uuid:57409336-ede8-4cfa-b6bd-9cef98c0de3c');
INSERT INTO `wp_edd_order_addresses` VALUES (43,110,'billing','Ahamed Arshad','423','','Colombo','Western Province','00900','LK','2025-07-22 18:01:21','2025-07-22 18:01:21','urn:uuid:e44ca650-d50e-4e26-9850-5dd6b0f89742');
INSERT INTO `wp_edd_order_addresses` VALUES (44,111,'billing','Ahamed Arshad','423','','Colombo','Western Province','00900','LK','2025-07-22 18:07:00','2025-07-22 18:07:00','urn:uuid:e40a00e4-1af3-4e94-9634-7731f776e990');
INSERT INTO `wp_edd_order_addresses` VALUES (45,112,'billing','Apple Orange','','','Colombo','Western Province','01000','LK','2025-07-22 18:51:19','2025-07-22 18:51:19','urn:uuid:54319c58-cd98-4542-92ac-78c2c274077e');
INSERT INTO `wp_edd_order_addresses` VALUES (46,113,'billing','Apple Orange','sdfsd','fdsfsdf','Colombo','Western Province','01000','LK','2025-07-22 18:53:47','2025-07-22 18:53:47','urn:uuid:67df1993-17df-4a4b-a18b-466625d4995f');
INSERT INTO `wp_edd_order_addresses` VALUES (47,114,'billing','Hafsa','123','123','Colombo','Western Province','00900','LK','2025-07-25 13:56:17','2025-07-25 13:56:17','urn:uuid:6d8568f0-2f3d-4caa-8053-1042d0dbadec');
INSERT INTO `wp_edd_order_addresses` VALUES (48,118,'billing','Ahamed Arshad','423','','Colombo','Western Province','00900','LK','2025-07-29 16:27:02','2025-07-29 16:27:02','urn:uuid:263bd39c-15cb-4848-a682-4f2c03769509');
INSERT INTO `wp_edd_order_addresses` VALUES (49,129,'billing','Hafsa Farook','423','','Colombo','Western Province','00900','LK','2025-07-29 17:35:00','2025-07-29 17:35:00','urn:uuid:be78021f-c03c-425a-9fbd-27d8afe3ba7b');
INSERT INTO `wp_edd_order_addresses` VALUES (50,130,'billing','Hafsa Farook','423','','Colombo','Western Province','00900','LK','2025-07-29 17:36:11','2025-07-29 17:36:11','urn:uuid:5109e438-53b8-4072-b277-b725f8784e02');
INSERT INTO `wp_edd_order_addresses` VALUES (51,131,'billing','Hafsa Farook','423','','Colombo','Western Province','00900','LK','2025-07-29 18:45:22','2025-07-29 18:45:22','urn:uuid:5202f7ba-c4aa-4065-b7a7-b3c0a981ff1b');
INSERT INTO `wp_edd_order_addresses` VALUES (52,132,'billing','Hafsa Farook','423','','Colombo','Western Province','00900','LK','2025-07-29 18:49:35','2025-07-29 18:49:35','urn:uuid:51fd9e6c-7297-4912-a0cb-559a5d9f1c92');
INSERT INTO `wp_edd_order_addresses` VALUES (53,133,'billing','Ahamed Arshad','423','','','','','RO','2025-08-05 11:36:16','2025-08-05 11:36:16','urn:uuid:847c9be5-231d-4e8f-a66e-428459dfd5bf');
INSERT INTO `wp_edd_order_addresses` VALUES (54,134,'billing','Ahamed Arshad','423','','','','','RO','2025-08-05 11:39:48','2025-08-05 11:39:48','urn:uuid:a86d42bd-f2e9-4aed-ab42-411aa362bbb5');
INSERT INTO `wp_edd_order_addresses` VALUES (55,135,'billing','Ahamed Arshad','423','','','','','RO','2025-08-05 11:41:42','2025-08-05 11:41:42','urn:uuid:9d33044a-c696-4104-b9ab-0619d8d99d26');
INSERT INTO `wp_edd_order_addresses` VALUES (56,136,'billing','Ahamed Arshad','423','','','','','RO','2025-08-05 11:42:09','2025-08-05 11:42:09','urn:uuid:8c083308-c6e3-4959-8acd-bc739ebbadd0');
INSERT INTO `wp_edd_order_addresses` VALUES (57,137,'billing','Ahamed Arshad','423','','','','','RO','2025-08-06 20:57:10','2025-08-06 20:57:10','urn:uuid:f13a2718-95a8-4fe7-a6d8-eb9a4f7adf95');
INSERT INTO `wp_edd_order_addresses` VALUES (58,138,'billing','Ahamed Arshad','423','','','','','RO','2025-08-06 20:58:07','2025-08-06 20:58:07','urn:uuid:9a5fa3e6-7cff-41be-87e0-1300129fe1dd');
INSERT INTO `wp_edd_order_addresses` VALUES (59,139,'billing','Ahamed Arshad','423','','','','','RO','2025-08-06 21:06:35','2025-08-06 21:06:35','urn:uuid:de129367-1848-491c-a3a1-38d3fc710394');
INSERT INTO `wp_edd_order_addresses` VALUES (60,140,'billing','Ahamed Arshad','423','','','','','RO','2025-08-06 21:08:13','2025-08-06 21:08:13','urn:uuid:851054ee-b896-40c6-8bf3-b857bd483ca2');
INSERT INTO `wp_edd_order_addresses` VALUES (61,143,'billing','John Doe','423','','Colombo','Western Province','00900','LK','2025-08-11 15:41:50','2025-08-11 15:41:50','urn:uuid:7cdb2c81-bbc8-4e3e-bcef-e388e7232fc8');
INSERT INTO `wp_edd_order_addresses` VALUES (62,144,'billing','John Doe','423','','Colombo','Western Province','00900','LK','2025-08-11 15:43:46','2025-08-11 15:43:46','urn:uuid:066af130-ac69-46dc-b294-cce07482f1e3');
INSERT INTO `wp_edd_order_addresses` VALUES (63,145,'billing','John Doe','423','','Colombo','Western Province','00900','LK','2025-08-11 15:46:01','2025-08-11 15:46:01','urn:uuid:36f0c23b-5dab-40b9-8d85-19c449b0be30');
INSERT INTO `wp_edd_order_addresses` VALUES (64,146,'billing','Ahamed Arshad','423','','','CA','','RO','2025-08-11 17:04:48','2025-08-11 17:04:48','urn:uuid:632826e3-c057-4fb3-9b7f-41a78ee8a634');
INSERT INTO `wp_edd_order_addresses` VALUES (65,147,'billing','Ahamed Arshad','423','','','CA','','RO','2025-09-07 07:38:38','2025-09-07 07:38:38','urn:uuid:798e29d1-2e5e-4149-b6b1-9634b427083e');

--
